This is the mail archive of the gcc-testresults@gcc.gnu.org mailing list for the GCC project.


Index Nav: [Date Index] [Subject Index] [Author Index] [Thread Index]
Message Nav: [Date Prev] [Date Next] [Thread Prev] [Thread Next]

Results for 3.0 20010305 (prerelease) testsuite on hppa1.1-hp-hpux10.20


Native configuration is hppa1.1-hp-hpux10.20

		=== binutils tests ===


Running target unix

		=== binutils Summary ===

# of expected passes		23
# of expected failures		1
# of untested testcases		4
		=== g++ tests ===


Running target unix
FAIL: g++.abi/ptrflags.C  Execution test
FAIL: g++.abi/vmihint.C  Execution test
FAIL: g++.brendan/crash20.C (test for excess errors)
FAIL: g++.eh/rethrow1.C  Execution test
FAIL: g++.eh/rethrow2.C  Execution test
FAIL: g++.eh/rethrow4.C  Execution test
FAIL: g++.eh/rethrow6.C  Execution test
FAIL: g++.eh/spec3.C  Execution test
FAIL: g++.ext/attrib5.C (test for excess errors)
FAIL: g++.ext/instantiate1.C not instantiated (test for errors, line 18)
FAIL: g++.ext/instantiate1.C not instantiated (test for errors, line 20)
FAIL: g++.ext/instantiate2.C not instantiated (test for errors, line 16)
FAIL: g++.ext/instantiate3.C not instantiated (test for errors, line 13)
FAIL: g++.law/ctors6.C (test for excess errors)
FAIL: g++.law/operators4.C (test for excess errors)
FAIL: g++.mike/dyncast1.C  Execution test
FAIL: g++.mike/dyncast2.C  Execution test
XPASS: g++.mike/eh33.C (test for excess errors)
XPASS: g++.mike/eh33.C  Execution test
XPASS: g++.mike/eh50.C (test for excess errors)
XPASS: g++.mike/eh50.C  Execution test
FAIL: g++.other/comdat1.C  Execution test
FAIL: g++.other/crash18.C (test for excess errors)
FAIL: g++.other/crash31.C parse error (test for errors, line 11)
FAIL: g++.other/crash31.C (test for excess errors)
FAIL: g++.other/headers1.C (test for excess errors)
FAIL: g++.pt/static11.C  Execution test
XPASS: g++.pt/static3.C (test for excess errors)
XPASS: g++.pt/static3.C  Execution test
XPASS: g++.pt/static6.C (test for excess errors)
FAIL: g++.robertl/eb3.C (test for excess errors)

		=== g++ Summary ===

# of expected passes		6380
# of unexpected failures	24
# of unexpected successes	7
# of expected failures		87
# of untested testcases		19
/home/oliva/egcs/gcc/testsuite/../g++ version 3.0 20010305 (prerelease)

		=== g77 tests ===


Running target unix

		=== g77 Summary ===

# of expected passes		919
# of unsupported tests		8
		=== gas tests ===


Running target unix

		=== gas Summary ===

# of expected passes		170
# of expected failures		4
		=== gcc tests ===


Running target unix
FAIL: gcc.c-torture/compile/20000804-1.c,  -O0  
FAIL: gcc.c-torture/compile/20001226-1.c,  -O3 -g  
FAIL: gcc.c-torture/compile/20001226-1.c,  -Os  
FAIL: gcc.c-torture/execute/20010119-1.c compilation,  -O1 
FAIL: gcc.c-torture/execute/20010119-1.c compilation,  -O2 
FAIL: gcc.c-torture/execute/20010119-1.c compilation,  -O3 -fomit-frame-pointer 
FAIL: gcc.c-torture/execute/20010119-1.c compilation,  -O3 -fomit-frame-pointer -funroll-loops 
FAIL: gcc.c-torture/execute/20010119-1.c compilation,  -O3 -fomit-frame-pointer -funroll-all-loops -finline-functions 
FAIL: gcc.c-torture/execute/20010119-1.c compilation,  -O3 -g 
FAIL: gcc.c-torture/execute/20010119-1.c compilation,  -Os 
FAIL: gcc.c-torture/execute/20010122-1.c execution,  -O0 
FAIL: gcc.c-torture/execute/20010122-1.c execution,  -O1 
FAIL: gcc.c-torture/execute/20010122-1.c execution,  -O2 
FAIL: gcc.c-torture/execute/20010122-1.c execution,  -O3 -fomit-frame-pointer 
FAIL: gcc.c-torture/execute/20010122-1.c execution,  -O3 -fomit-frame-pointer -funroll-loops 
FAIL: gcc.c-torture/execute/20010122-1.c execution,  -O3 -fomit-frame-pointer -funroll-all-loops -finline-functions 
FAIL: gcc.c-torture/execute/20010122-1.c execution,  -O3 -g 
FAIL: gcc.c-torture/execute/20010122-1.c execution,  -Os 
FAIL: gcc.c-torture/execute/20010123-1.c execution,  -O0 
FAIL: gcc.c-torture/execute/20010123-1.c execution,  -O1 
FAIL: gcc.c-torture/execute/20010123-1.c execution,  -O2 
FAIL: gcc.c-torture/execute/20010123-1.c execution,  -O3 -fomit-frame-pointer 
FAIL: gcc.c-torture/execute/20010123-1.c execution,  -O3 -fomit-frame-pointer -funroll-loops 
FAIL: gcc.c-torture/execute/20010123-1.c execution,  -O3 -fomit-frame-pointer -funroll-all-loops -finline-functions 
FAIL: gcc.c-torture/execute/20010123-1.c execution,  -O3 -g 
FAIL: gcc.c-torture/execute/20010123-1.c execution,  -Os 
FAIL: gcc.c-torture/execute/20010124-1.c execution,  -O0 
FAIL: gcc.c-torture/execute/20010124-1.c execution,  -O1 
FAIL: gcc.c-torture/execute/20010124-1.c execution,  -O2 
FAIL: gcc.c-torture/execute/20010124-1.c execution,  -O3 -fomit-frame-pointer 
FAIL: gcc.c-torture/execute/20010124-1.c execution,  -O3 -g 
FAIL: gcc.c-torture/execute/20010124-1.c execution,  -Os 
FAIL: gcc.c-torture/execute/991118-1.c execution,  -O3 -fomit-frame-pointer 
FAIL: gcc.c-torture/execute/991118-1.c execution,  -O3 -g 
FAIL: gcc.c-torture/execute/bf64-1.c execution,  -O3 -fomit-frame-pointer 
FAIL: gcc.c-torture/execute/bf64-1.c execution,  -O3 -g 
FAIL: gcc.c-torture/execute/builtin-abs-1.c compilation,  -O1 
FAIL: gcc.c-torture/execute/builtin-abs-2.c compilation,  -O1 
FAIL: gcc.c-torture/execute/strct-stdarg-1.c execution,  -O0 
FAIL: gcc.c-torture/execute/strct-stdarg-1.c execution,  -O1 
FAIL: gcc.c-torture/execute/strct-stdarg-1.c execution,  -O2 
FAIL: gcc.c-torture/execute/strct-stdarg-1.c execution,  -O3 -fomit-frame-pointer 
FAIL: gcc.c-torture/execute/strct-stdarg-1.c execution,  -O3 -fomit-frame-pointer -funroll-loops 
FAIL: gcc.c-torture/execute/strct-stdarg-1.c execution,  -O3 -fomit-frame-pointer -funroll-all-loops -finline-functions 
FAIL: gcc.c-torture/execute/strct-stdarg-1.c execution,  -O3 -g 
FAIL: gcc.c-torture/execute/strct-stdarg-1.c execution,  -Os 
FAIL: gcc.c-torture/execute/ieee/mzero2.c execution,  -O1 
FAIL: gcc.c-torture/execute/ieee/mzero2.c execution,  -O2 
FAIL: gcc.c-torture/execute/ieee/mzero2.c execution,  -O3 -fomit-frame-pointer 
FAIL: gcc.c-torture/execute/ieee/mzero2.c execution,  -O3 -g 
FAIL: gcc.c-torture/execute/ieee/mzero2.c execution,  -Os 
FAIL: gcc.dg/asm-names.c (test for excess errors)
FAIL: gcc.dg/sequence-pt-1.c sequence point warning (test for warnings, line 59)
FAIL: gcc.misc-tests/mg.c

		=== gcc Summary ===

# of expected passes		14912
# of unexpected failures	54
# of expected failures		78
# of unresolved testcases	12
# of unsupported tests		56
/home/oliva/egcs/gcc/xgcc version 3.0 20010305 (prerelease)

		=== objc tests ===


Running target unix
FAIL: objc/execute/protocol.m compilation,  -O 

		=== objc Summary ===

# of expected passes		58
# of unexpected failures	1
# of untested testcases		1
/home/oliva/egcs/gcc/xgcc version 3.0 20010305 (prerelease)


Compiler version: 3.0 20010305 (prerelease) 
Platform: hppa1.1-hp-hpux10.20

BOOT_CFLAGS: -g -O9 -W -Wall


Index Nav: [Date Index] [Subject Index] [Author Index] [Thread Index]
Message Nav: [Date Prev] [Date Next] [Thread Prev] [Thread Next]