This is the mail archive of the gcc-testresults@gcc.gnu.org mailing list for the GCC project.


Index Nav: [Date Index] [Subject Index] [Author Index] [Thread Index]
Message Nav: [Date Prev] [Date Next] [Thread Prev] [Thread Next]

Results for 3.0 20010305 (prerelease) testsuite on alphaev6-unknown-linux-gnu


Native configuration is alphaev6-unknown-linux-gnu

		=== binutils tests ===


Running target unix
FAIL: strip

		=== binutils Summary ===

# of expected passes		24
# of unexpected failures	1
# of expected failures		1
		=== g++ tests ===


Running target unix
FAIL: g++.dg/vtgc1.C (test for excess errors)
FAIL: conpr-1.C
FAIL: g++.eh/badalloc1.C  Execution test
FAIL: g++.ext/instantiate1.C not instantiated (test for errors, line 18)
FAIL: g++.ext/instantiate1.C not instantiated (test for errors, line 20)
FAIL: g++.ext/instantiate2.C not instantiated (test for errors, line 16)
FAIL: g++.ext/instantiate3.C not instantiated (test for errors, line 13)
FAIL: g++.other/call1.C  Execution test
FAIL: g++.other/crash18.C (test for excess errors)
FAIL: g++.other/crash31.C parse error (test for errors, line 11)
FAIL: g++.other/crash31.C (test for excess errors)

		=== g++ Summary ===

# of expected passes		6389
# of unexpected failures	11
# of expected failures		86
# of unresolved testcases	1
# of untested testcases		18
/tmp/egcs/gcc/testsuite/../g++ version 3.0 20010305 (prerelease)

		=== g77 tests ===


Running target unix
FAIL: g77.f-torture/compile/20000629-1.f,  -O3 -g  

		=== g77 Summary ===

# of expected passes		918
# of unexpected failures	1
# of unsupported tests		8
		=== gas tests ===


Running target unix

		=== gas Summary ===

# of expected passes		66
		=== gcc tests ===


Running target unix
FAIL: gcc.c-torture/execute/20010122-1.c compilation,  -O0 
FAIL: gcc.c-torture/execute/20010122-1.c compilation,  -O1 
FAIL: gcc.c-torture/execute/20010122-1.c compilation,  -O2 
FAIL: gcc.c-torture/execute/20010122-1.c compilation,  -O3 -fomit-frame-pointer 
FAIL: gcc.c-torture/execute/20010122-1.c compilation,  -O3 -fomit-frame-pointer -funroll-loops 
FAIL: gcc.c-torture/execute/20010122-1.c compilation,  -O3 -fomit-frame-pointer -funroll-all-loops -finline-functions 
FAIL: gcc.c-torture/execute/20010122-1.c compilation,  -O3 -g 
FAIL: gcc.c-torture/execute/20010122-1.c compilation,  -Os 
FAIL: gcc.c-torture/execute/20010123-1.c execution,  -O0 
FAIL: gcc.c-torture/execute/20010123-1.c execution,  -O1 
FAIL: gcc.c-torture/execute/20010123-1.c execution,  -O2 
FAIL: gcc.c-torture/execute/20010123-1.c execution,  -O3 -fomit-frame-pointer 
FAIL: gcc.c-torture/execute/20010123-1.c execution,  -O3 -fomit-frame-pointer -funroll-loops 
FAIL: gcc.c-torture/execute/20010123-1.c execution,  -O3 -fomit-frame-pointer -funroll-all-loops -finline-functions 
FAIL: gcc.c-torture/execute/20010123-1.c execution,  -O3 -g 
FAIL: gcc.c-torture/execute/20010123-1.c execution,  -Os 
FAIL: gcc.c-torture/execute/20010124-1.c execution,  -O0 
FAIL: gcc.c-torture/execute/20010124-1.c execution,  -O1 
FAIL: gcc.c-torture/execute/20010124-1.c execution,  -O2 
FAIL: gcc.c-torture/execute/20010124-1.c execution,  -O3 -fomit-frame-pointer 
FAIL: gcc.c-torture/execute/20010124-1.c execution,  -O3 -g 
FAIL: gcc.c-torture/execute/20010124-1.c execution,  -Os 
FAIL: gcc.c-torture/execute/980505-2.c compilation,  -Os 
FAIL: gcc.c-torture/execute/ieee/20000320-1.c execution,  -O0 
FAIL: gcc.c-torture/execute/ieee/20000320-1.c execution,  -O1 
FAIL: gcc.c-torture/execute/ieee/20000320-1.c execution,  -O2 
FAIL: gcc.c-torture/execute/ieee/20000320-1.c execution,  -O3 -fomit-frame-pointer 
FAIL: gcc.c-torture/execute/ieee/20000320-1.c execution,  -O3 -g 
FAIL: gcc.c-torture/execute/ieee/20000320-1.c execution,  -Os 
FAIL: gcc.c-torture/execute/ieee/fp-cmp-2.c execution,  -O0 
FAIL: gcc.c-torture/execute/ieee/fp-cmp-2.c execution,  -O1 
FAIL: gcc.c-torture/execute/ieee/fp-cmp-2.c execution,  -O2 
FAIL: gcc.c-torture/execute/ieee/fp-cmp-2.c execution,  -O3 -fomit-frame-pointer 
FAIL: gcc.c-torture/execute/ieee/fp-cmp-2.c execution,  -O3 -fomit-frame-pointer -funroll-loops 
FAIL: gcc.c-torture/execute/ieee/fp-cmp-2.c execution,  -O3 -fomit-frame-pointer -funroll-all-loops -finline-functions 
FAIL: gcc.c-torture/execute/ieee/fp-cmp-2.c execution,  -O3 -g 
FAIL: gcc.c-torture/execute/ieee/fp-cmp-2.c execution,  -Os 
FAIL: gcc.c-torture/execute/ieee/fp-cmp-4.c execution,  -O0 
FAIL: gcc.c-torture/execute/ieee/fp-cmp-4.c execution,  -O1 
FAIL: gcc.c-torture/execute/ieee/fp-cmp-4.c execution,  -O2 
FAIL: gcc.c-torture/execute/ieee/fp-cmp-4.c execution,  -O3 -fomit-frame-pointer 
FAIL: gcc.c-torture/execute/ieee/fp-cmp-4.c execution,  -O3 -fomit-frame-pointer -funroll-loops 
FAIL: gcc.c-torture/execute/ieee/fp-cmp-4.c execution,  -O3 -fomit-frame-pointer -funroll-all-loops -finline-functions 
FAIL: gcc.c-torture/execute/ieee/fp-cmp-4.c execution,  -O3 -g 
FAIL: gcc.c-torture/execute/ieee/fp-cmp-4.c execution,  -Os 
FAIL: gcc.c-torture/execute/ieee/hugeval.c execution,  -O0 
FAIL: gcc.c-torture/execute/ieee/mzero2.c execution,  -O0 
FAIL: gcc.c-torture/execute/ieee/mzero2.c execution,  -O1 
FAIL: gcc.c-torture/execute/ieee/mzero2.c execution,  -O2 
FAIL: gcc.c-torture/execute/ieee/mzero2.c execution,  -O3 -fomit-frame-pointer 
FAIL: gcc.c-torture/execute/ieee/mzero2.c execution,  -O3 -g 
FAIL: gcc.c-torture/execute/ieee/mzero2.c execution,  -Os 
XPASS: gcc.c-torture/execute/memcheck/blkarg.c execution,  -O0 
XPASS: gcc.c-torture/execute/memcheck/blkarg.c execution,  -O1 
XPASS: gcc.c-torture/execute/memcheck/blkarg.c execution,  -O2 
XPASS: gcc.c-torture/execute/memcheck/blkarg.c execution,  -Os 
FAIL: gcc.dg/sequence-pt-1.c sequence point warning (test for warnings, line 59)
FAIL: gcc.misc-tests/mg.c

		=== gcc Summary ===

# of expected passes		14935
# of unexpected failures	54
# of unexpected successes	4
# of expected failures		72
# of unresolved testcases	9
# of unsupported tests		49
/tmp/egcs/gcc/xgcc version 3.0 20010305 (prerelease)

		=== ld tests ===


Running target unix
FAIL: cdtest
FAIL: cdtest with -Ur
FAIL: visibility (hidden) (non PIC)
FAIL: visibility (hidden) (non PIC, load offset)
FAIL: visibility (hidden)
FAIL: visibility (hidden) (PIC main, non PIC so)
FAIL: visibility (hidden) (PIC main)
FAIL: visibility (hidden_undef) (non PIC)
FAIL: visibility (hidden_undef) (non PIC, load offset)
FAIL: visibility (hidden_undef)
FAIL: visibility (hidden_undef) (PIC main, non PIC so)
FAIL: visibility (hidden_undef) (PIC main)
FAIL: visibility (hidden_undef_def) (non PIC)
FAIL: visibility (hidden_undef_def) (non PIC, load offset)
FAIL: visibility (hidden_undef_def)
FAIL: visibility (hidden_undef_def) (PIC main, non PIC so)
FAIL: visibility (hidden_undef_def) (PIC main)
FAIL: visibility (hidden_weak) (non PIC)
FAIL: visibility (hidden_weak)
FAIL: visibility (hidden_weak) (PIC main, non PIC so)
FAIL: visibility (hidden_weak) (PIC main)
FAIL: visibility (protected_undef) (non PIC)
FAIL: visibility (protected_undef) (non PIC, load offset)
FAIL: visibility (protected_undef)
FAIL: visibility (protected_undef) (PIC main, non PIC so)
FAIL: visibility (protected_undef) (PIC main)
FAIL: visibility (protected_weak) (non PIC)
FAIL: visibility (protected_weak)
FAIL: visibility (protected_weak) (PIC main, non PIC so)
FAIL: visibility (protected_weak) (PIC main)
FAIL: selective1
FAIL: selective2
FAIL: undefined line

		=== ld Summary ===

# of expected passes		68
# of unexpected failures	33
# of expected failures		2
# of unresolved testcases	1
		=== objc tests ===


Running target unix
FAIL: objc/execute/bf-1.m compilation,  -O 
FAIL: objc/execute/bf-10.m compilation,  -O 
FAIL: objc/execute/bf-11.m compilation,  -O 
FAIL: objc/execute/bf-12.m compilation,  -O 
FAIL: objc/execute/bf-13.m compilation,  -O 
FAIL: objc/execute/bf-14.m compilation,  -O 
FAIL: objc/execute/bf-15.m compilation,  -O 
FAIL: objc/execute/bf-16.m compilation,  -O 
FAIL: objc/execute/bf-17.m compilation,  -O 
FAIL: objc/execute/bf-18.m compilation,  -O 
FAIL: objc/execute/bf-19.m compilation,  -O 
FAIL: objc/execute/bf-2.m compilation,  -O 
FAIL: objc/execute/bf-20.m compilation,  -O 
FAIL: objc/execute/bf-3.m compilation,  -O 
FAIL: objc/execute/bf-4.m compilation,  -O 
FAIL: objc/execute/bf-5.m compilation,  -O 
FAIL: objc/execute/bf-6.m compilation,  -O 
FAIL: objc/execute/bf-7.m compilation,  -O 
FAIL: objc/execute/bf-8.m compilation,  -O 
FAIL: objc/execute/bf-9.m compilation,  -O 
FAIL: objc/execute/bycopy-1.m compilation,  -O 
FAIL: objc/execute/bycopy-2.m compilation,  -O 
FAIL: objc/execute/bycopy-3.m compilation,  -O 
FAIL: objc/execute/fdecl.m compilation,  -O 
FAIL: objc/execute/np-1.m compilation,  -O 
FAIL: objc/execute/np-2.m compilation,  -O 
FAIL: objc/execute/paste.m compilation,  -O 
FAIL: objc/execute/protocol.m compilation,  -O 
FAIL: objc/execute/string1.m compilation,  -O 
FAIL: objc/execute/string2.m compilation,  -O 

		=== objc Summary ===

# of unexpected failures	30
# of untested testcases		30
/tmp/egcs/gcc/xgcc version 3.0 20010305 (prerelease)


Compiler version: 3.0 20010305 (prerelease) 
Platform: alphaev6-unknown-linux-gnu

BOOT_CFLAGS: -g -O9 -W -Wall


Index Nav: [Date Index] [Subject Index] [Author Index] [Thread Index]
Message Nav: [Date Prev] [Date Next] [Thread Prev] [Thread Next]