This is the mail archive of the gcc-testresults@gcc.gnu.org mailing list for the GCC project.


Index Nav: [Date Index] [Subject Index] [Author Index] [Thread Index]
Message Nav: [Date Prev] [Date Next] [Thread Prev] [Thread Next]

Results for 3.1 20010306 (experimental) testsuite on i586-pc-linux-gnu


Native configuration is i586-pc-linux-gnu

		=== gcc tests ===


Running target unix
FAIL: gcc.c-torture/execute/20010114-2.c execution,  -O1 
FAIL: gcc.c-torture/execute/20010114-2.c execution,  -O2 
FAIL: gcc.c-torture/execute/20010114-2.c execution,  -Os 
FAIL: gcc.c-torture/execute/20010123-1.c execution,  -O0 
FAIL: gcc.c-torture/execute/20010123-1.c execution,  -O1 
FAIL: gcc.c-torture/execute/20010123-1.c execution,  -O2 
FAIL: gcc.c-torture/execute/20010123-1.c execution,  -O3 -fomit-frame-pointer 
FAIL: gcc.c-torture/execute/20010123-1.c execution,  -O3 -fomit-frame-pointer -funroll-loops 
FAIL: gcc.c-torture/execute/20010123-1.c execution,  -O3 -fomit-frame-pointer -funroll-all-loops -finline-functions 
FAIL: gcc.c-torture/execute/20010123-1.c execution,  -O3 -g 
FAIL: gcc.c-torture/execute/20010123-1.c execution,  -Os 
FAIL: gcc.c-torture/execute/20010124-1.c execution,  -O0 
FAIL: gcc.c-torture/execute/20010124-1.c execution,  -O1 
FAIL: gcc.c-torture/execute/20010124-1.c execution,  -O2 
FAIL: gcc.c-torture/execute/20010124-1.c execution,  -O3 -fomit-frame-pointer 
FAIL: gcc.c-torture/execute/20010124-1.c execution,  -O3 -g 
FAIL: gcc.c-torture/execute/20010124-1.c execution,  -Os 
FAIL: gcc.c-torture/execute/991118-1.c execution,  -O3 -fomit-frame-pointer 
FAIL: gcc.c-torture/execute/991118-1.c execution,  -O3 -g 
FAIL: gcc.c-torture/execute/bf64-1.c execution,  -O3 -fomit-frame-pointer 
FAIL: gcc.c-torture/execute/bf64-1.c execution,  -O3 -g 
FAIL: gcc.c-torture/execute/loop-2b.c execution,  -O2 
FAIL: gcc.c-torture/unsorted/BUG25.c,  -O0  
FAIL: gcc.c-torture/unsorted/BUG25.c,  -O1  
FAIL: gcc.c-torture/unsorted/BUG25.c,  -O2  
FAIL: gcc.c-torture/unsorted/BUG25.c,  -O3 -fomit-frame-pointer  
FAIL: gcc.c-torture/unsorted/BUG25.c,  -O3 -g  
FAIL: gcc.dg/20000724-1.c execution test
FAIL: gcc.dg/sequence-pt-1.c sequence point warning (test for warnings, line 59)

		=== gcc Summary ===

# of expected passes		15093
# of unexpected failures	29
# of expected failures		78
# of unsupported tests		20
/home/neil/src/gcc/build/gcc/xgcc version 3.1 20010306 (experimental)

		=== g++ tests ===


Running target unix
FAIL: g++.ext/instantiate1.C not instantiated (test for errors, line 18)
FAIL: g++.ext/instantiate1.C not instantiated (test for errors, line 20)
FAIL: g++.other/crash31.C parse error (test for errors, line 11)
FAIL: g++.other/crash31.C (test for excess errors)

		=== g++ Summary ===

# of expected passes		6430
# of unexpected failures	4
# of expected failures		85
# of untested testcases		9
/home/neil/src/gcc/build/gcc/testsuite/../g++ version 3.1 20010306 (experimental)

		=== g77 tests ===


Running target unix
XPASS: g77.f-torture/execute/20010116.f execution,  -O0 
XPASS: g77.f-torture/execute/20010116.f execution,  -O1 
FAIL: g77.f-torture/execute/short.f execution,  -Os 

		=== g77 Summary ===

# of expected passes		910
# of unexpected failures	1
# of unexpected successes	2
# of expected failures		6
# of unsupported tests		8
		=== objc tests ===


Running target unix
FAIL: objc/execute/bf-1.m execution,  -O 
FAIL: objc/execute/bf-10.m execution,  -O 
FAIL: objc/execute/bf-11.m execution,  -O 
FAIL: objc/execute/bf-12.m execution,  -O 
FAIL: objc/execute/bf-13.m execution,  -O 
FAIL: objc/execute/bf-14.m execution,  -O 
FAIL: objc/execute/bf-15.m execution,  -O 
FAIL: objc/execute/bf-16.m execution,  -O 
FAIL: objc/execute/bf-17.m execution,  -O 
FAIL: objc/execute/bf-18.m execution,  -O 
FAIL: objc/execute/bf-19.m execution,  -O 
FAIL: objc/execute/bf-2.m execution,  -O 
FAIL: objc/execute/bf-20.m execution,  -O 
FAIL: objc/execute/bf-3.m execution,  -O 
FAIL: objc/execute/bf-4.m execution,  -O 
FAIL: objc/execute/bf-5.m execution,  -O 
FAIL: objc/execute/bf-6.m execution,  -O 
FAIL: objc/execute/bf-7.m execution,  -O 
FAIL: objc/execute/bf-8.m execution,  -O 
FAIL: objc/execute/bf-9.m execution,  -O 
FAIL: objc/execute/bycopy-1.m execution,  -O 
FAIL: objc/execute/bycopy-2.m execution,  -O 
FAIL: objc/execute/bycopy-3.m execution,  -O 
FAIL: objc/execute/fdecl.m execution,  -O 
FAIL: objc/execute/nested-1.m execution,  -O 
FAIL: objc/execute/nested-2.m execution,  -O 
FAIL: objc/execute/np-1.m execution,  -O 
FAIL: objc/execute/np-2.m execution,  -O 
FAIL: objc/execute/paste.m execution,  -O 
FAIL: objc/execute/protocol.m compilation,  -O 
FAIL: objc/execute/string1.m execution,  -O 
FAIL: objc/execute/string2.m execution,  -O 
FAIL: objc/execute/string3.m execution,  -O 
FAIL: objc/execute/string4.m execution,  -O 

		=== objc Summary ===

# of expected passes		33
# of unexpected failures	34
# of untested testcases		1
/home/neil/src/gcc/build/gcc/xgcc version 3.1 20010306 (experimental)


Compiler version: 3.1 20010306 (experimental) 
Platform: i586-pc-linux-gnu
configure flags: --host=i586-pc-linux-gnu --enable-shared --enable-threads=posix --disable-checking --enable-languages=c,objc,c++,f77


Index Nav: [Date Index] [Subject Index] [Author Index] [Thread Index]
Message Nav: [Date Prev] [Date Next] [Thread Prev] [Thread Next]