This is the mail archive of the gcc-testresults@gcc.gnu.org mailing list for the GCC project.


Index Nav: [Date Index] [Subject Index] [Author Index] [Thread Index]
Message Nav: [Date Prev] [Date Next] [Thread Prev] [Thread Next]

Results for 3.0 20010301 (prerelease) testsuite on i686-pc-cygwin


w2k sp1
cygwin1-20010225.dll
binutils rebuilt with 32-byte preferred alignment

Native configuration is i686-pc-cygwin

  === g++ tests ===


Running target unix
FAIL: conpr-1.C
FAIL: conpr-2a.o
FAIL: conpr-3a.o
FAIL: g++.abi/cxa_vec.C  Execution test
FAIL: g++.benjamin/15071.C  Execution test
FAIL: g++.brendan/copy9.C  Execution test
FAIL: g++.brendan/crash20.C (test for excess errors)
FAIL: g++.brendan/ctors1.C  Execution test
FAIL: g++.brendan/ctors2.C  Execution test
FAIL: g++.brendan/ptolemy2.C  Execution test
FAIL: g++.eh/rethrow1.C  Execution test
FAIL: g++.eh/rethrow2.C  Execution test
FAIL: g++.eh/rethrow4.C  Execution test
FAIL: g++.eh/rethrow6.C  Execution test
FAIL: g++.eh/spec2.C  Execution test
FAIL: g++.eh/spec3.C  Execution test
FAIL: g++.ext/initp1.C caused compiler crash
FAIL: g++.ext/instantiate1.C not instantiated (test for errors, line 18)
FAIL: g++.ext/instantiate1.C not instantiated (test for errors, line 20)
FAIL: g++.ext/instantiate2.C not instantiated (test for errors, line 16)
FAIL: g++.ext/instantiate3.C not instantiated (test for errors, line 13)
XPASS: g++.ext/instantiate3.C (test for excess errors)
FAIL: g++.jason/2371.C  Execution test
FAIL: g++.jason/const3.C  Execution test
FAIL: g++.jason/init2.C  Execution test
FAIL: g++.jason/init3.C  Execution test
FAIL: g++.jason/new4.C  Execution test
FAIL: g++.jason/return3.C  Execution test
FAIL: g++.jason/template11.C  Execution test
XPASS: g++.jason/template18.C (test for excess errors)
XPASS: g++.jason/template18.C  Execution test
FAIL: g++.jason/template24.C  Execution test
FAIL: g++.jason/thunk2.C (test for excess errors)
FAIL: g++.jason/typeid1.C  Execution test
FAIL: g++.law/arg8.C  Execution test
FAIL: g++.law/array1.C  Execution test
FAIL: g++.law/ctors2.C  Execution test
FAIL: g++.law/ctors6.C (test for excess errors)
FAIL: g++.law/ctors8.C  Execution test
FAIL: g++.law/global-init1.C  Execution test
FAIL: g++.law/init11.C  Execution test
FAIL: g++.law/init14.C  Execution test
FAIL: g++.law/operators4.C (test for excess errors)
FAIL: g++.law/virtual3.C  Execution test
FAIL: g++.mike/dyncast2.C  Execution test
FAIL: g++.mike/dyncast3.C  Execution test
FAIL: g++.mike/dyncast9.C  Execution test
FAIL: g++.mike/eh2.C  Execution test
FAIL: g++.mike/eh30.C (test for excess errors)
FAIL: g++.mike/eh33.C  Execution test
FAIL: g++.mike/eh36.C  Execution test
FAIL: g++.mike/eh37.C  Execution test
FAIL: g++.mike/eh38.C  Execution test
FAIL: g++.mike/eh50.C  Execution test
FAIL: g++.mike/eh51.C  Execution test
FAIL: g++.mike/leak1.C  Execution test
FAIL: g++.mike/misc13.C  Execution test
FAIL: g++.mike/net17.C  Execution test

  === g++ Summary ===

# of expected passes  3100
# of unexpected failures 55
# of unexpected successes 3
# of expected failures  23
# of untested testcases  6
/gcc/w2k/gcc/testsuite/../g++ version 3.0 20010301 (prerelease)

  === g77 tests ===


Running target unix
XPASS: g77.f-torture/compile/20000629-1.f,  -O3 -fomit-frame-pointer -funroll-loops  
XPASS: g77.f-torture/compile/20000629-1.f,  -O3 -fomit-frame-pointer -funroll-all-loops -finline-functions  
XPASS: g77.f-torture/execute/20010116.f execution,  -O0 
XPASS: g77.f-torture/execute/20010116.f execution,  -O1 
XPASS: g77.f-torture/execute/20010116.f execution,  -O2 
XPASS: g77.f-torture/execute/20010116.f execution,  -O3 -fomit-frame-pointer 
XPASS: g77.f-torture/execute/20010116.f execution,  -O3 -fomit-frame-pointer -funroll-loops 
XPASS: g77.f-torture/execute/20010116.f execution,  -O3 -fomit-frame-pointer -funroll-all-loops -finline-functions 
XPASS: g77.f-torture/execute/20010116.f execution,  -O3 -g 
XPASS: g77.f-torture/execute/20010116.f execution,  -Os 
FAIL: g77.f-torture/execute/short.f execution,  -Os 

  === g77 Summary ===

# of expected passes  924
# of unexpected failures 1
# of unexpected successes 10
  === gcc tests ===


Running target unix
FAIL: gcc.c-torture/execute/20010114-2.c execution,  -O1 
FAIL: gcc.c-torture/execute/20010114-2.c execution,  -O2 
FAIL: gcc.c-torture/execute/20010114-2.c execution,  -Os 
FAIL: gcc.c-torture/execute/20010123-1.c execution,  -O0 
FAIL: gcc.c-torture/execute/20010123-1.c execution,  -O1 
FAIL: gcc.c-torture/execute/20010123-1.c execution,  -O2 
FAIL: gcc.c-torture/execute/20010123-1.c execution,  -O3 -fomit-frame-pointer 
FAIL: gcc.c-torture/execute/20010123-1.c execution,  -O3 -fomit-frame-pointer -funroll-loops 
FAIL: gcc.c-torture/execute/20010123-1.c execution,  -O3 -fomit-frame-pointer -funroll-all-loops -finline-functions 
FAIL: gcc.c-torture/execute/20010123-1.c execution,  -O3 -g 
FAIL: gcc.c-torture/execute/20010123-1.c execution,  -Os 
FAIL: gcc.c-torture/execute/20010124-1.c execution,  -O0 
FAIL: gcc.c-torture/execute/20010124-1.c execution,  -O1 
FAIL: gcc.c-torture/execute/20010124-1.c execution,  -O2 
FAIL: gcc.c-torture/execute/20010124-1.c execution,  -O3 -fomit-frame-pointer 
FAIL: gcc.c-torture/execute/20010124-1.c execution,  -O3 -g 
FAIL: gcc.c-torture/execute/20010124-1.c execution,  -Os 
FAIL: gcc.c-torture/execute/991118-1.c execution,  -O3 -fomit-frame-pointer 
FAIL: gcc.c-torture/execute/991118-1.c execution,  -O3 -g 
FAIL: gcc.c-torture/execute/bf64-1.c execution,  -O3 -fomit-frame-pointer 
FAIL: gcc.c-torture/execute/bf64-1.c execution,  -O3 -g 
FAIL: gcc.c-torture/execute/loop-2b.c execution,  -O2 
FAIL: gcc.dg/20000807-1.c (test for excess errors)
FAIL: gcc.dg/20000904-1.c (test for excess errors)
FAIL: gcc.dg/20001009-1.c (test for excess errors)
FAIL: gcc.dg/20001117-1.c (test for excess errors)
FAIL: gcc.dg/990213-2.c (test for excess errors)
FAIL: gcc.dg/990214-1.c (test for excess errors)
FAIL: gcc.dg/asm-fs-1.c scan-assembler-not \\*_bar
FAIL: gcc.dg/asm-fs-1.c scan-assembler-not \\*_baz
FAIL: gcc.dg/sequence-pt-1.c sequence point warning (test for warnings, line 59)
FAIL: gcov failed: spawn failed

  === gcc Summary ===

# of expected passes  15006
# of unexpected failures 32
# of expected failures  78
# of unsupported tests  25
/gcc/w2k/gcc/xgcc version 3.0 20010301 (prerelease)

  === objc tests ===


Running target unix
FAIL: objc/execute/bf-1.m execution,  -O 
FAIL: objc/execute/bf-10.m execution,  -O 
FAIL: objc/execute/bf-11.m execution,  -O 
FAIL: objc/execute/bf-12.m execution,  -O 
FAIL: objc/execute/bf-13.m execution,  -O 
FAIL: objc/execute/bf-14.m execution,  -O 
FAIL: objc/execute/bf-15.m execution,  -O 
FAIL: objc/execute/bf-16.m execution,  -O 
FAIL: objc/execute/bf-17.m execution,  -O 
FAIL: objc/execute/bf-18.m execution,  -O 
FAIL: objc/execute/bf-19.m execution,  -O 
FAIL: objc/execute/bf-2.m execution,  -O 
FAIL: objc/execute/bf-20.m execution,  -O 
FAIL: objc/execute/bf-3.m execution,  -O 
FAIL: objc/execute/bf-4.m execution,  -O 
FAIL: objc/execute/bf-5.m execution,  -O 
FAIL: objc/execute/bf-6.m execution,  -O 
FAIL: objc/execute/bf-7.m execution,  -O 
FAIL: objc/execute/bf-8.m execution,  -O 
FAIL: objc/execute/bf-9.m execution,  -O 
FAIL: objc/execute/bycopy-1.m compilation,  -O 
FAIL: objc/execute/bycopy-2.m compilation,  -O 
FAIL: objc/execute/np-1.m compilation,  -O 
FAIL: objc/execute/np-2.m compilation,  -O 
FAIL: objc/execute/protocol.m compilation,  -O 
FAIL: objc/execute/string1.m execution,  -O 
FAIL: objc/execute/string2.m execution,  -O 

  === objc Summary ===

# of expected passes  26
# of unexpected failures 27
# of untested testcases  5
/gcc/w2k/gcc/xgcc version 3.0 20010301 (prerelease)


Compiler version: 3.0 20010301 (prerelease) 
Platform: i686-pc-cygwin
configure flags: --host=i686-pc-cygwin --with-included-gettext



Index Nav: [Date Index] [Subject Index] [Author Index] [Thread Index]
Message Nav: [Date Prev] [Date Next] [Thread Prev] [Thread Next]