This is the mail archive of the gcc-testresults@gcc.gnu.org mailing list for the GCC project.


Index Nav: [Date Index] [Subject Index] [Author Index] [Thread Index]
Message Nav: [Date Prev] [Date Next] [Thread Prev] [Thread Next]

Results for 3.0 20010228 (prerelease) testsuite on sparc-sun-solaris2.7


Native configuration is sparc-sun-solaris2.7

		=== gcc tests ===


Running target unix/-fPIC
FAIL: gcc.c-torture/compile/20001226-1.c,  -O1  
FAIL: gcc.c-torture/compile/20001226-1.c,  -O2  
FAIL: gcc.c-torture/compile/20001226-1.c,  -O3 -fomit-frame-pointer  
FAIL: gcc.c-torture/compile/20001226-1.c,  -O3 -g  
FAIL: gcc.c-torture/compile/20001226-1.c,  -Os  
FAIL: gcc.c-torture/execute/20010123-1.c execution,  -O0 
FAIL: gcc.c-torture/execute/20010123-1.c execution,  -O1 
FAIL: gcc.c-torture/execute/20010123-1.c execution,  -O2 
FAIL: gcc.c-torture/execute/20010123-1.c execution,  -O3 -fomit-frame-pointer 
FAIL: gcc.c-torture/execute/20010123-1.c execution,  -O3 -fomit-frame-pointer -funroll-loops 
FAIL: gcc.c-torture/execute/20010123-1.c execution,  -O3 -fomit-frame-pointer -funroll-all-loops -finline-functions 
FAIL: gcc.c-torture/execute/20010123-1.c execution,  -O3 -g 
FAIL: gcc.c-torture/execute/20010123-1.c execution,  -Os 
FAIL: gcc.c-torture/execute/20010124-1.c execution,  -O0 
FAIL: gcc.c-torture/execute/20010124-1.c execution,  -O1 
FAIL: gcc.c-torture/execute/20010124-1.c execution,  -O2 
FAIL: gcc.c-torture/execute/20010124-1.c execution,  -O3 -fomit-frame-pointer 
FAIL: gcc.c-torture/execute/20010124-1.c execution,  -O3 -g 
FAIL: gcc.c-torture/execute/20010124-1.c execution,  -Os 
FAIL: gcc.c-torture/execute/950511-1.c execution,  -O1 
FAIL: gcc.c-torture/execute/960215-1.c execution,  -O1 
FAIL: gcc.c-torture/execute/960215-1.c execution,  -O2 
FAIL: gcc.c-torture/execute/960215-1.c execution,  -O3 -fomit-frame-pointer 
FAIL: gcc.c-torture/execute/960215-1.c execution,  -O3 -g 
FAIL: gcc.c-torture/execute/960215-1.c execution,  -Os 
FAIL: gcc.c-torture/execute/builtin-abs-1.c compilation,  -O1 
FAIL: gcc.c-torture/execute/builtin-abs-2.c compilation,  -O1 
FAIL: gcc.c-torture/execute/loop-8.c execution,  -O3 -fomit-frame-pointer 
FAIL: gcc.c-torture/execute/loop-8.c execution,  -O3 -fomit-frame-pointer -funroll-loops 
FAIL: gcc.c-torture/execute/loop-8.c execution,  -O3 -fomit-frame-pointer -funroll-all-loops -finline-functions 
FAIL: gcc.c-torture/execute/loop-8.c execution,  -O3 -g 
FAIL: gcc.c-torture/execute/regstack-1.c execution,  -O1 
FAIL: gcc.c-torture/execute/regstack-1.c execution,  -O2 
FAIL: gcc.c-torture/execute/regstack-1.c execution,  -O3 -fomit-frame-pointer 
FAIL: gcc.c-torture/execute/regstack-1.c execution,  -O3 -g 
FAIL: gcc.c-torture/execute/regstack-1.c execution,  -Os 
FAIL: gcc.dg/20001013-1.c (test for excess errors)
FAIL: gcc.dg/c99-float-1.c (test for excess errors)
FAIL: gcc.dg/sequence-pt-1.c sequence point warning (test for warnings, line 59)
FAIL: gcc.dg/ultrasp2.c (test for excess errors)
FAIL: gcc.misc-tests/gcov-1.c (test for excess errors)
FAIL: gcc.misc-tests/gcov-1.c execution test
FAIL: gcov-1.c:1:is 4:should be 11
FAIL: gcov-1.c:1:is 5:should be 10
FAIL: gcov-1.c:1:is 7:should be 1
FAIL: gcc.misc-tests/gcov-2.c (test for excess errors) (PRMS 8294)
FAIL: gcc.misc-tests/gcov-2.c execution test (PRMS 8294)

		=== gcc Summary for unix/-fPIC ===

# of expected passes		14943
# of unexpected failures	47
# of expected failures		72
# of unresolved testcases	5
# of unsupported tests		48

Running target unix/-fpic
FAIL: gcc.c-torture/compile/20001226-1.c,  -O1  
FAIL: gcc.c-torture/compile/20001226-1.c,  -O2  
FAIL: gcc.c-torture/compile/20001226-1.c,  -O3 -fomit-frame-pointer  
FAIL: gcc.c-torture/compile/20001226-1.c,  -O3 -g  
FAIL: gcc.c-torture/compile/20001226-1.c,  -Os  
FAIL: gcc.c-torture/execute/20010123-1.c execution,  -O0 
FAIL: gcc.c-torture/execute/20010123-1.c execution,  -O1 
FAIL: gcc.c-torture/execute/20010123-1.c execution,  -O2 
FAIL: gcc.c-torture/execute/20010123-1.c execution,  -O3 -fomit-frame-pointer 
FAIL: gcc.c-torture/execute/20010123-1.c execution,  -O3 -fomit-frame-pointer -funroll-loops 
FAIL: gcc.c-torture/execute/20010123-1.c execution,  -O3 -fomit-frame-pointer -funroll-all-loops -finline-functions 
FAIL: gcc.c-torture/execute/20010123-1.c execution,  -O3 -g 
FAIL: gcc.c-torture/execute/20010123-1.c execution,  -Os 
FAIL: gcc.c-torture/execute/20010124-1.c execution,  -O0 
FAIL: gcc.c-torture/execute/20010124-1.c execution,  -O1 
FAIL: gcc.c-torture/execute/20010124-1.c execution,  -O2 
FAIL: gcc.c-torture/execute/20010124-1.c execution,  -O3 -fomit-frame-pointer 
FAIL: gcc.c-torture/execute/20010124-1.c execution,  -O3 -g 
FAIL: gcc.c-torture/execute/20010124-1.c execution,  -Os 
FAIL: gcc.c-torture/execute/950511-1.c execution,  -O1 
FAIL: gcc.c-torture/execute/960215-1.c execution,  -O1 
FAIL: gcc.c-torture/execute/960215-1.c execution,  -O2 
FAIL: gcc.c-torture/execute/960215-1.c execution,  -O3 -fomit-frame-pointer 
FAIL: gcc.c-torture/execute/960215-1.c execution,  -O3 -g 
FAIL: gcc.c-torture/execute/960215-1.c execution,  -Os 
FAIL: gcc.c-torture/execute/builtin-abs-1.c compilation,  -O1 
FAIL: gcc.c-torture/execute/builtin-abs-2.c compilation,  -O1 
FAIL: gcc.c-torture/execute/regstack-1.c execution,  -O1 
FAIL: gcc.c-torture/execute/regstack-1.c execution,  -O2 
FAIL: gcc.c-torture/execute/regstack-1.c execution,  -O3 -fomit-frame-pointer 
FAIL: gcc.c-torture/execute/regstack-1.c execution,  -O3 -g 
FAIL: gcc.c-torture/execute/regstack-1.c execution,  -Os 
FAIL: gcc.dg/20001013-1.c (test for excess errors)
FAIL: gcc.dg/c99-float-1.c (test for excess errors)
FAIL: gcc.dg/sequence-pt-1.c sequence point warning (test for warnings, line 59)
FAIL: gcc.dg/ultrasp2.c (test for excess errors)
FAIL: gcc.misc-tests/gcov-1.c (test for excess errors)
FAIL: gcc.misc-tests/gcov-1.c execution test
FAIL: gcov-1.c:1:is 4:should be 11
FAIL: gcov-1.c:1:is 5:should be 10
FAIL: gcov-1.c:1:is 7:should be 1
FAIL: gcc.misc-tests/gcov-2.c (test for excess errors) (PRMS 8294)
FAIL: gcc.misc-tests/gcov-2.c execution test (PRMS 8294)

		=== gcc Summary for unix/-fpic ===

# of expected passes		14947
# of unexpected failures	43
# of expected failures		72
# of unresolved testcases	5
# of unsupported tests		48

Running target unix
FAIL: gcc.c-torture/compile/20001226-1.c,  -O1  
FAIL: gcc.c-torture/compile/20001226-1.c,  -O2  
FAIL: gcc.c-torture/compile/20001226-1.c,  -O3 -fomit-frame-pointer  
FAIL: gcc.c-torture/compile/20001226-1.c,  -O3 -g  
FAIL: gcc.c-torture/compile/20001226-1.c,  -Os  
FAIL: gcc.c-torture/execute/20010122-1.c execution,  -O3 -fomit-frame-pointer 
FAIL: gcc.c-torture/execute/20010122-1.c execution,  -O3 -fomit-frame-pointer -funroll-loops 
FAIL: gcc.c-torture/execute/20010122-1.c execution,  -O3 -fomit-frame-pointer -funroll-all-loops -finline-functions 
FAIL: gcc.c-torture/execute/20010122-1.c execution,  -O3 -g 
FAIL: gcc.c-torture/execute/20010123-1.c execution,  -O0 
FAIL: gcc.c-torture/execute/20010123-1.c execution,  -O1 
FAIL: gcc.c-torture/execute/20010123-1.c execution,  -O2 
FAIL: gcc.c-torture/execute/20010123-1.c execution,  -O3 -fomit-frame-pointer 
FAIL: gcc.c-torture/execute/20010123-1.c execution,  -O3 -fomit-frame-pointer -funroll-loops 
FAIL: gcc.c-torture/execute/20010123-1.c execution,  -O3 -fomit-frame-pointer -funroll-all-loops -finline-functions 
FAIL: gcc.c-torture/execute/20010123-1.c execution,  -O3 -g 
FAIL: gcc.c-torture/execute/20010123-1.c execution,  -Os 
FAIL: gcc.c-torture/execute/20010124-1.c execution,  -O0 
FAIL: gcc.c-torture/execute/20010124-1.c execution,  -O1 
FAIL: gcc.c-torture/execute/20010124-1.c execution,  -O2 
FAIL: gcc.c-torture/execute/20010124-1.c execution,  -O3 -fomit-frame-pointer 
FAIL: gcc.c-torture/execute/20010124-1.c execution,  -O3 -g 
FAIL: gcc.c-torture/execute/20010124-1.c execution,  -Os 
FAIL: gcc.c-torture/execute/950511-1.c execution,  -O1 
FAIL: gcc.c-torture/execute/960215-1.c execution,  -O1 
FAIL: gcc.c-torture/execute/960215-1.c execution,  -O2 
FAIL: gcc.c-torture/execute/960215-1.c execution,  -O3 -fomit-frame-pointer 
FAIL: gcc.c-torture/execute/960215-1.c execution,  -O3 -g 
FAIL: gcc.c-torture/execute/960215-1.c execution,  -Os 
FAIL: gcc.c-torture/execute/builtin-abs-1.c compilation,  -O1 
FAIL: gcc.c-torture/execute/builtin-abs-2.c compilation,  -O1 
FAIL: gcc.c-torture/execute/regstack-1.c execution,  -O1 
FAIL: gcc.c-torture/execute/regstack-1.c execution,  -O2 
FAIL: gcc.c-torture/execute/regstack-1.c execution,  -O3 -fomit-frame-pointer 
FAIL: gcc.c-torture/execute/regstack-1.c execution,  -O3 -g 
FAIL: gcc.c-torture/execute/regstack-1.c execution,  -Os 
FAIL: gcc.dg/20001013-1.c (test for excess errors)
FAIL: gcc.dg/c99-float-1.c (test for excess errors)
FAIL: gcc.dg/sequence-pt-1.c sequence point warning (test for warnings, line 59)
FAIL: gcc.dg/ultrasp2.c (test for excess errors)

		=== gcc Summary for unix ===

# of expected passes		14948
# of unexpected failures	40
# of expected failures		72
# of unresolved testcases	5
# of unsupported tests		48

		=== gcc Summary ===

# of expected passes		44838
# of unexpected failures	130
# of expected failures		216
# of unresolved testcases	15
# of unsupported tests		144
/teal/caip5/ghazi/gcc-testing/branch/build/gcc/xgcc version 3.0 20010228 (prerelease)

		=== g++ tests ===


Running target unix/-fPIC
FAIL: g++.dg/special/conpr-1.C execution test
FAIL: g++.dg/special/conpr-2.C execution test
FAIL: g++.dg/special/conpr-3.C execution test
FAIL: g++.dg/special/conpr-3.C execution test
FAIL: g++.ext/initp1.C  Execution test
FAIL: g++.ext/instantiate1.C not instantiated (test for errors, line 18)
FAIL: g++.ext/instantiate1.C not instantiated (test for errors, line 20)
FAIL: g++.ext/instantiate2.C not instantiated (test for errors, line 16)
FAIL: g++.ext/instantiate3.C not instantiated (test for errors, line 13)
FAIL: g++.law/profile1.C (test for excess errors)
FAIL: g++.law/profile1.C  Execution test
FAIL: g++.other/crash18.C (test for excess errors)
FAIL: g++.other/crash31.C parse error (test for errors, line 11)
FAIL: g++.other/crash31.C (test for excess errors)
FAIL: g++.other/op2.C (test for excess errors)
FAIL: g++.other/op3.C (test for excess errors)
FAIL: g++.pt/static11.C  Execution test
FAIL: g++.robertl/eb39.C (test for excess errors)
FAIL: g++.robertl/eb83.C (test for excess errors)
FAIL: g++.robertl/eb83.C  Execution test
FAIL: g++.robertl/eb91.C (test for excess errors)

		=== g++ Summary for unix/-fPIC ===

# of expected passes		6385
# of unexpected failures	21
# of expected failures		87
# of untested testcases		17

Running target unix/-fpic
FAIL: g++.dg/special/conpr-1.C execution test
FAIL: g++.dg/special/conpr-2.C execution test
FAIL: g++.dg/special/conpr-3.C execution test
FAIL: g++.dg/special/conpr-3.C execution test
FAIL: g++.ext/initp1.C  Execution test
FAIL: g++.ext/instantiate1.C not instantiated (test for errors, line 18)
FAIL: g++.ext/instantiate1.C not instantiated (test for errors, line 20)
FAIL: g++.ext/instantiate2.C not instantiated (test for errors, line 16)
FAIL: g++.ext/instantiate3.C not instantiated (test for errors, line 13)
FAIL: g++.law/profile1.C (test for excess errors)
FAIL: g++.law/profile1.C  Execution test
FAIL: g++.other/crash18.C (test for excess errors)
FAIL: g++.other/crash31.C parse error (test for errors, line 11)
FAIL: g++.other/crash31.C (test for excess errors)
FAIL: g++.other/op2.C (test for excess errors)
FAIL: g++.other/op3.C (test for excess errors)
FAIL: g++.pt/static11.C  Execution test
FAIL: g++.robertl/eb39.C (test for excess errors)
FAIL: g++.robertl/eb83.C (test for excess errors)
FAIL: g++.robertl/eb83.C  Execution test
FAIL: g++.robertl/eb91.C (test for excess errors)

		=== g++ Summary for unix/-fpic ===

# of expected passes		6385
# of unexpected failures	21
# of expected failures		87
# of untested testcases		17

Running target unix
FAIL: g++.dg/special/conpr-1.C execution test
FAIL: g++.dg/special/conpr-2.C execution test
FAIL: g++.dg/special/conpr-3.C execution test
FAIL: g++.dg/special/conpr-3.C execution test
FAIL: g++.ext/initp1.C  Execution test
FAIL: g++.ext/instantiate1.C not instantiated (test for errors, line 18)
FAIL: g++.ext/instantiate1.C not instantiated (test for errors, line 20)
FAIL: g++.ext/instantiate2.C not instantiated (test for errors, line 16)
FAIL: g++.ext/instantiate3.C not instantiated (test for errors, line 13)
FAIL: g++.other/crash18.C (test for excess errors)
FAIL: g++.other/crash31.C parse error (test for errors, line 11)
FAIL: g++.other/crash31.C (test for excess errors)
FAIL: g++.other/op2.C (test for excess errors)
FAIL: g++.other/op3.C (test for excess errors)
FAIL: g++.pt/static11.C  Execution test
FAIL: g++.robertl/eb39.C (test for excess errors)
FAIL: g++.robertl/eb91.C (test for excess errors)

		=== g++ Summary for unix ===

# of expected passes		6389
# of unexpected failures	17
# of expected failures		87
# of untested testcases		17

		=== g++ Summary ===

# of expected passes		19159
# of unexpected failures	59
# of expected failures		261
# of untested testcases		51
/teal/caip5/ghazi/gcc-testing/branch/build/gcc/testsuite/../g++ version 3.0 20010228 (prerelease)

		=== g77 tests ===


Running target unix/-fPIC

		=== g77 Summary for unix/-fPIC ===

# of expected passes		919
# of unsupported tests		8

Running target unix/-fpic

		=== g77 Summary for unix/-fpic ===

# of expected passes		919
# of unsupported tests		8

Running target unix

		=== g77 Summary for unix ===

# of expected passes		919
# of unsupported tests		8

		=== g77 Summary ===

# of expected passes		2757
# of unsupported tests		24
		=== objc tests ===


Running target unix/-fPIC
FAIL: objc/execute/bf-1.m compilation,  -O 
FAIL: objc/execute/bf-10.m compilation,  -O 
FAIL: objc/execute/bf-11.m compilation,  -O 
FAIL: objc/execute/bf-12.m compilation,  -O 
FAIL: objc/execute/bf-13.m compilation,  -O 
FAIL: objc/execute/bf-14.m compilation,  -O 
FAIL: objc/execute/bf-15.m compilation,  -O 
FAIL: objc/execute/bf-16.m compilation,  -O 
FAIL: objc/execute/bf-17.m compilation,  -O 
FAIL: objc/execute/bf-18.m compilation,  -O 
FAIL: objc/execute/bf-19.m compilation,  -O 
FAIL: objc/execute/bf-2.m compilation,  -O 
FAIL: objc/execute/bf-20.m compilation,  -O 
FAIL: objc/execute/bf-3.m compilation,  -O 
FAIL: objc/execute/bf-4.m compilation,  -O 
FAIL: objc/execute/bf-5.m compilation,  -O 
FAIL: objc/execute/bf-6.m compilation,  -O 
FAIL: objc/execute/bf-7.m compilation,  -O 
FAIL: objc/execute/bf-8.m compilation,  -O 
FAIL: objc/execute/bf-9.m compilation,  -O 
FAIL: objc/execute/bycopy-1.m compilation,  -O 
FAIL: objc/execute/bycopy-2.m compilation,  -O 
FAIL: objc/execute/fdecl.m compilation,  -O 
FAIL: objc/execute/np-1.m compilation,  -O 
FAIL: objc/execute/np-2.m compilation,  -O 
FAIL: objc/execute/protocol.m compilation,  -O 
FAIL: objc/execute/string1.m compilation,  -O 
FAIL: objc/execute/string2.m compilation,  -O 

		=== objc Summary for unix/-fPIC ===

# of expected passes		2
# of unexpected failures	28
# of untested testcases		28

Running target unix/-fpic
FAIL: objc/execute/bf-1.m compilation,  -O 
FAIL: objc/execute/bf-10.m compilation,  -O 
FAIL: objc/execute/bf-11.m compilation,  -O 
FAIL: objc/execute/bf-12.m compilation,  -O 
FAIL: objc/execute/bf-13.m compilation,  -O 
FAIL: objc/execute/bf-14.m compilation,  -O 
FAIL: objc/execute/bf-15.m compilation,  -O 
FAIL: objc/execute/bf-16.m compilation,  -O 
FAIL: objc/execute/bf-17.m compilation,  -O 
FAIL: objc/execute/bf-18.m compilation,  -O 
FAIL: objc/execute/bf-19.m compilation,  -O 
FAIL: objc/execute/bf-2.m compilation,  -O 
FAIL: objc/execute/bf-20.m compilation,  -O 
FAIL: objc/execute/bf-3.m compilation,  -O 
FAIL: objc/execute/bf-4.m compilation,  -O 
FAIL: objc/execute/bf-5.m compilation,  -O 
FAIL: objc/execute/bf-6.m compilation,  -O 
FAIL: objc/execute/bf-7.m compilation,  -O 
FAIL: objc/execute/bf-8.m compilation,  -O 
FAIL: objc/execute/bf-9.m compilation,  -O 
FAIL: objc/execute/bycopy-1.m compilation,  -O 
FAIL: objc/execute/bycopy-2.m compilation,  -O 
FAIL: objc/execute/fdecl.m compilation,  -O 
FAIL: objc/execute/np-1.m compilation,  -O 
FAIL: objc/execute/np-2.m compilation,  -O 
FAIL: objc/execute/protocol.m compilation,  -O 
FAIL: objc/execute/string1.m compilation,  -O 
FAIL: objc/execute/string2.m compilation,  -O 

		=== objc Summary for unix/-fpic ===

# of expected passes		2
# of unexpected failures	28
# of untested testcases		28

Running target unix
FAIL: objc/execute/bf-1.m compilation,  -O 
FAIL: objc/execute/bf-10.m compilation,  -O 
FAIL: objc/execute/bf-11.m compilation,  -O 
FAIL: objc/execute/bf-12.m compilation,  -O 
FAIL: objc/execute/bf-13.m compilation,  -O 
FAIL: objc/execute/bf-14.m compilation,  -O 
FAIL: objc/execute/bf-15.m compilation,  -O 
FAIL: objc/execute/bf-16.m compilation,  -O 
FAIL: objc/execute/bf-17.m compilation,  -O 
FAIL: objc/execute/bf-18.m compilation,  -O 
FAIL: objc/execute/bf-19.m compilation,  -O 
FAIL: objc/execute/bf-2.m compilation,  -O 
FAIL: objc/execute/bf-20.m compilation,  -O 
FAIL: objc/execute/bf-3.m compilation,  -O 
FAIL: objc/execute/bf-4.m compilation,  -O 
FAIL: objc/execute/bf-5.m compilation,  -O 
FAIL: objc/execute/bf-6.m compilation,  -O 
FAIL: objc/execute/bf-7.m compilation,  -O 
FAIL: objc/execute/bf-8.m compilation,  -O 
FAIL: objc/execute/bf-9.m compilation,  -O 
FAIL: objc/execute/bycopy-1.m compilation,  -O 
FAIL: objc/execute/bycopy-2.m compilation,  -O 
FAIL: objc/execute/fdecl.m compilation,  -O 
FAIL: objc/execute/np-1.m compilation,  -O 
FAIL: objc/execute/np-2.m compilation,  -O 
FAIL: objc/execute/protocol.m compilation,  -O 
FAIL: objc/execute/string1.m compilation,  -O 
FAIL: objc/execute/string2.m compilation,  -O 

		=== objc Summary for unix ===

# of expected passes		2
# of unexpected failures	28
# of untested testcases		28

		=== objc Summary ===

# of expected passes		6
# of unexpected failures	84
# of untested testcases		84
/teal/caip5/ghazi/gcc-testing/branch/build/gcc/xgcc version 3.0 20010228 (prerelease)


Compiler version: 3.0 20010228 (prerelease) 
Platform: sparc-sun-solaris2.7
configure flags: --host=sparc-sun-solaris2.7 --verbose --enable-checking=misc,tree,rtl,gc


Index Nav: [Date Index] [Subject Index] [Author Index] [Thread Index]
Message Nav: [Date Prev] [Date Next] [Thread Prev] [Thread Next]