This is the mail archive of the
gcc-testresults@gcc.gnu.org
mailing list for the GCC project.
Results for 2.97 20010122 (experimental) testsuite on i486-suse-linux-gnu
- To: aj at suse dot de, gcc-testresults at gcc dot gnu dot org
- Subject: Results for 2.97 20010122 (experimental) testsuite on i486-suse-linux-gnu
- From: Andreas Jaeger <aj at suse dot de>
- Date: Tue, 23 Jan 2001 14:56:41 +0100
Native configuration is i486-suse-linux-gnu
=== libjava tests ===
Running target unix
FAIL: BlankFinal compilation from bytecode
XPASS: BlankFinal -O compilation from source
FAIL: BlankFinal -O compilation from bytecode
XPASS: Case compilation from source
FAIL: Case compilation from bytecode
XPASS: Case -O compilation from source
FAIL: Case -O compilation from bytecode
XPASS: G19990210_1 compilation from source
FAIL: G19990210_1 compilation from bytecode
XPASS: G19990210_1 -O compilation from source
FAIL: G19990210_1 -O compilation from bytecode
XPASS: G19990210_2 compilation from source
FAIL: G19990210_2 compilation from bytecode
XPASS: G19990210_2 -O compilation from source
FAIL: G19990210_2 -O compilation from bytecode
XPASS: G19990210_3 compilation from source
FAIL: G19990210_3 compilation from bytecode
XPASS: G19990210_3 -O compilation from source
FAIL: G19990210_3 -O compilation from bytecode
XPASS: G19990217_01 compilation from source
FAIL: G19990217_01 compilation from bytecode
XPASS: G19990217_01 -O compilation from source
FAIL: G19990217_01 -O compilation from bytecode
FAIL: G19990217_02 compilation from bytecode
FAIL: G19990217_02 -O compilation from bytecode
XPASS: G19990225_01 compilation from source
FAIL: G19990225_01 compilation from bytecode
XPASS: G19990225_01 -O compilation from source
FAIL: G19990225_01 -O compilation from bytecode
XPASS: MethodFailure4 compilation from source
FAIL: N19990310_01 compilation from bytecode
XPASS: N19990310_01 -O compilation from source
FAIL: N19990310_01 -O compilation from bytecode
XPASS: N19990317 compilation from source
FAIL: N19990317 compilation from bytecode
XPASS: N19990317 -O compilation from source
FAIL: N19990317 -O compilation from bytecode
XPASS: OperatorBenchmark compilation from source
FAIL: OperatorBenchmark compilation from bytecode
XPASS: OperatorBenchmark -O compilation from source
FAIL: OperatorBenchmark -O compilation from bytecode
XPASS: PR124 compilation from source
FAIL: PR129_B compilation from source
FAIL: PR129_B compilation from bytecode
FAIL: PR129_B -O compilation from bytecode
XPASS: PR140 compilation from source
FAIL: PR206 compilation from bytecode
XPASS: PR206 -O compilation from source
FAIL: PR206 -O compilation from bytecode
XPASS: PR209 compilation from source
FAIL: PR209 compilation from bytecode
XPASS: PR209 -O compilation from source
FAIL: PR209 -O compilation from bytecode
XPASS: PR224 compilation from source
FAIL: PR232 compilation from bytecode
XPASS: PR232 -O compilation from source
FAIL: PR232 -O compilation from bytecode
XPASS: PR232B compilation from source
FAIL: PR232B compilation from bytecode
XPASS: PR232B -O compilation from source
FAIL: PR232B -O compilation from bytecode
XPASS: PR234 compilation from source
FAIL: PR234 compilation from bytecode
XPASS: PR234 -O compilation from source
FAIL: PR234 -O compilation from bytecode
XPASS: PR235 compilation from source
FAIL: PR235 compilation from bytecode
XPASS: PR235 -O compilation from source
FAIL: PR235 -O compilation from bytecode
FAIL: PR238 compilation from bytecode
FAIL: PR238 -O compilation from bytecode
XPASS: PR295 compilation from source
FAIL: PR375 compilation from bytecode
FAIL: PR375 -O compilation from bytecode
XPASS: Semi compilation from source
FAIL: Semi compilation from bytecode
XPASS: Semi -O compilation from source
FAIL: Semi -O compilation from bytecode
XPASS: Statics compilation from source
FAIL: Statics compilation from bytecode
XPASS: Statics -O compilation from source
FAIL: Statics -O compilation from bytecode
XPASS: Twice compilation from source
FAIL: Twice compilation from bytecode
XPASS: Twice -O compilation from source
FAIL: Twice -O compilation from bytecode
FAIL: Where compilation from bytecode
FAIL: Where -O compilation from bytecode
FAIL: comment compilation from bytecode
XPASS: comment -O compilation from source
FAIL: comment -O compilation from bytecode
XPASS: iface compilation from source
FAIL: iface compilation from bytecode
XPASS: iface -O compilation from source
FAIL: iface -O compilation from bytecode
FAIL: inner_1 byte compilation
FAIL: inner_1 byte compilation
FAIL: inner_data compilation from bytecode
XPASS: inner_data -O compilation from source
FAIL: inner_data -O compilation from bytecode
XPASS: inner_inherit compilation from source
FAIL: inner_inherit compilation from bytecode
XPASS: inner_inherit -O compilation from source
FAIL: inner_inherit -O compilation from bytecode
XPASS: inner_priv compilation from source
FAIL: inner_priv compilation from bytecode
XPASS: inner_priv -O compilation from source
FAIL: inner_priv -O compilation from bytecode
XPASS: inner_pub compilation from source
FAIL: inner_pub compilation from bytecode
XPASS: inner_pub -O compilation from source
FAIL: inner_pub -O compilation from bytecode
FAIL: not_a_redef compilation from bytecode
FAIL: not_a_redef -O compilation from bytecode
XPASS: perc compilation from source
FAIL: perc compilation from bytecode
XPASS: perc -O compilation from source
FAIL: perc -O compilation from bytecode
XPASS: plusplus compilation from source
FAIL: plusplus compilation from bytecode
XPASS: plusplus -O compilation from source
FAIL: plusplus -O compilation from bytecode
XPASS: pr172 compilation from source
FAIL: pr172 compilation from bytecode
XPASS: pr172 -O compilation from source
FAIL: pr172 -O compilation from bytecode
XPASS: pr174 compilation from source
FAIL: pr174 compilation from bytecode
XPASS: pr174 -O compilation from source
FAIL: pr174 -O compilation from bytecode
XPASS: pr176 compilation from source
FAIL: pr176 compilation from bytecode
XPASS: pr176 -O compilation from source
FAIL: pr176 -O compilation from bytecode
XPASS: redef1 compilation from source
FAIL: static_2 compilation from source
FAIL: static_2 compilation from bytecode
FAIL: static_2 -O compilation from bytecode
FAIL: static_3 compilation from bytecode
FAIL: static_3 -O compilation from bytecode
XPASS: static_init compilation from source
FAIL: static_init2 compilation from bytecode
XPASS: static_init2 -O compilation from source
FAIL: static_init2 -O compilation from bytecode
XPASS: static_inner compilation from source
FAIL: static_inner compilation from bytecode
XPASS: static_inner -O compilation from source
FAIL: static_inner -O compilation from bytecode
FAIL: SuperConstr compilation from bytecode
XPASS: SuperConstr -O compilation from source
FAIL: SuperConstr -O compilation from bytecode
XPASS: Array_1 compilation from source
FAIL: Divide_1 execution from source compiled test
FAIL: Divide_1 execution from bytecode->native test
FAIL: Divide_1 -O execution from source compiled test
FAIL: Divide_1 -O execution from bytecode->native test
XPASS: N19990310_4 output from source compiled test
XPASS: N19990310_4 -O output from source compiled test
XPASS: PR162 output from source compiled test
XPASS: PR162 -O output from source compiled test
XPASS: stringconst output from bytecode->native test
XPASS: stringconst -O output from bytecode->native test
XPASS: stub compilation from source
XPASS: stub byte compilation
XPASS: stub compilation from bytecode
XPASS: stub -O compilation from source
XPASS: stub byte compilation
XPASS: stub -O compilation from bytecode
=== libjava Summary ===
# of expected passes 1432
# of unexpected failures 90
# of unexpected successes 78
# of expected failures 132
=== gcc tests ===
Running target unix
FAIL: gcc.c-torture/compile/20001212-1.c, -O1
FAIL: gcc.c-torture/compile/20001212-1.c, -O2
FAIL: gcc.c-torture/compile/20001212-1.c, -O3 -fomit-frame-pointer
FAIL: gcc.c-torture/compile/20001212-1.c, -O3 -g
FAIL: gcc.c-torture/compile/20001212-1.c, -Os
FAIL: gcc.c-torture/compile/20010113-1.c, -O0
FAIL: gcc.c-torture/compile/20010113-1.c, -O1
FAIL: gcc.c-torture/compile/20010113-1.c, -O2
FAIL: gcc.c-torture/compile/20010113-1.c, -O3 -fomit-frame-pointer
FAIL: gcc.c-torture/compile/20010113-1.c, -O3 -g
FAIL: gcc.c-torture/compile/20010113-1.c, -Os
FAIL: gcc.c-torture/execute/20001009-1.c execution, -O1
FAIL: gcc.c-torture/execute/20001009-1.c execution, -O2
FAIL: gcc.c-torture/execute/20001009-1.c execution, -O3 -fomit-frame-pointer
FAIL: gcc.c-torture/execute/20001009-1.c execution, -O3 -g
FAIL: gcc.c-torture/execute/20001009-1.c execution, -Os
FAIL: gcc.c-torture/execute/20010114-2.c execution, -O1
FAIL: gcc.c-torture/execute/20010114-2.c execution, -O2
FAIL: gcc.c-torture/execute/20010114-2.c execution, -Os
FAIL: gcc.c-torture/execute/20010119-1.c compilation, -O1
FAIL: gcc.c-torture/execute/20010119-1.c compilation, -O2
FAIL: gcc.c-torture/execute/20010119-1.c compilation, -O3 -fomit-frame-pointer
FAIL: gcc.c-torture/execute/20010119-1.c compilation, -O3 -fomit-frame-pointer -funroll-loops
FAIL: gcc.c-torture/execute/20010119-1.c compilation, -O3 -fomit-frame-pointer -funroll-all-loops -finline-functions
FAIL: gcc.c-torture/execute/20010119-1.c compilation, -O3 -g
FAIL: gcc.c-torture/execute/20010119-1.c compilation, -Os
FAIL: gcc.c-torture/execute/20010122-1.c execution, -O3 -fomit-frame-pointer
FAIL: gcc.c-torture/execute/20010122-1.c execution, -O3 -fomit-frame-pointer -funroll-loops
FAIL: gcc.c-torture/execute/20010122-1.c execution, -O3 -fomit-frame-pointer -funroll-all-loops -finline-functions
FAIL: gcc.c-torture/execute/960608-1.c execution, -O3 -fomit-frame-pointer
FAIL: gcc.c-torture/execute/960608-1.c execution, -O3 -g
FAIL: gcc.c-torture/execute/991118-1.c execution, -O3 -fomit-frame-pointer
FAIL: gcc.c-torture/execute/991118-1.c execution, -O3 -g
FAIL: gcc.c-torture/execute/bf64-1.c execution, -O3 -fomit-frame-pointer
FAIL: gcc.c-torture/execute/bf64-1.c execution, -O3 -g
FAIL: gcc.c-torture/execute/loop-2b.c execution, -O2
FAIL: gcc.dg/20000724-1.c execution test
FAIL: gcc.dg/20001117-1.c (test for excess errors)
FAIL: gcc.dg/sequence-pt-1.c sequence point warning (test for warnings, line 59)
=== gcc Summary ===
# of expected passes 14844
# of unexpected failures 39
# of expected failures 78
# of unresolved testcases 7
# of unsupported tests 21
/usr/src/packages/BUILD/gcc/obj/gcc/xgcc version 2.97 20010122 (experimental)
=== g++ tests ===
Running target unix
FAIL: g++.ext/instantiate1.C not instantiated (test for errors, line 18)
FAIL: g++.ext/instantiate1.C not instantiated (test for errors, line 20)
FAIL: g++.jason/2371.C (test for excess errors)
FAIL: g++.other/loop2.C caused compiler crash
=== g++ Summary ===
# of expected passes 6292
# of unexpected failures 4
# of expected failures 90
# of untested testcases 9
/usr/src/packages/BUILD/gcc/obj/gcc/testsuite/../g++ version 2.97 20010122 (experimental)
=== g77 tests ===
Running target unix
XPASS: g77.f-torture/execute/20010116.f execution, -O0
XPASS: g77.f-torture/execute/20010116.f execution, -O1
FAIL: g77.f-torture/execute/short.f execution, -Os
=== g77 Summary ===
# of expected passes 910
# of unexpected failures 1
# of unexpected successes 2
# of expected failures 6
=== objc tests ===
Running target unix
FAIL: objc/execute/fdecl.m compilation, -O
FAIL: objc/execute/np-1.m compilation, -O
FAIL: objc/execute/np-2.m compilation, -O
FAIL: objc/execute/protocol.m compilation, -O
=== objc Summary ===
# of expected passes 46
# of unexpected failures 4
# of untested testcases 4
/usr/src/packages/BUILD/gcc/obj/gcc/xgcc version 2.97 20010122 (experimental)
Compiler version: 2.97 20010122 (experimental)
Platform: i486-suse-linux-gnu
configure flags: --host=i486-suse-linux --enable-threads=posix --enable-shared --disable-checking --prefix=/usr --with-local-prefix=/usr/local --infodir=/usr/share/info --mandir=/usr/share/man --enable-nls