This is the mail archive of the
gcc-testresults@gcc.gnu.org
mailing list for the GCC project.
Results for 2.97 20001219 (experimental) testsuite on i686-pc-sco3.2v5.0.6
- To: gcc-testresults at gcc dot gnu dot org
- Subject: Results for 2.97 20001219 (experimental) testsuite on i686-pc-sco3.2v5.0.6
- From: robertl at sco dot com (Robert Lipe)
- Date: Wed, 20 Dec 2000 17:55:00 -0600 (CST)
Once I get circumvent the bootstrap crash, rid of COFF, and deconfigure
all those other languages, the test results look pretty good...
Native configuration is i686-pc-sco3.2v5.0.6
=== gcc tests ===
Running target unix
FAIL: gcc.c-torture/compile/20001116-1.c, -O0
FAIL: gcc.c-torture/compile/20001116-1.c, -O1
FAIL: gcc.c-torture/compile/20001116-1.c, -O2
FAIL: gcc.c-torture/compile/20001116-1.c, -O3 -fomit-frame-pointer
FAIL: gcc.c-torture/compile/20001116-1.c, -O3 -g
FAIL: gcc.c-torture/compile/20001116-1.c, -Os
FAIL: gcc.c-torture/execute/20001009-1.c execution, -O1
FAIL: gcc.c-torture/execute/20001009-1.c execution, -O2
FAIL: gcc.c-torture/execute/20001009-1.c execution, -O3 -fomit-frame-pointer
FAIL: gcc.c-torture/execute/20001009-1.c execution, -O3 -g
FAIL: gcc.c-torture/execute/20001009-1.c execution, -Os
FAIL: gcc.c-torture/execute/960608-1.c execution, -O3 -fomit-frame-pointer
FAIL: gcc.c-torture/execute/960608-1.c execution, -O3 -g
FAIL: gcc.c-torture/execute/eeprof-1.c compilation, -O0
FAIL: gcc.c-torture/execute/eeprof-1.c compilation, -O1
FAIL: gcc.c-torture/execute/eeprof-1.c compilation, -O2
FAIL: gcc.c-torture/execute/eeprof-1.c compilation, -O3 -fomit-frame-pointer
FAIL: gcc.c-torture/execute/eeprof-1.c compilation, -O3 -g
FAIL: gcc.c-torture/execute/eeprof-1.c compilation, -Os
FAIL: gcc.c-torture/execute/loop-2b.c execution, -O2
FAIL: gcc.c-torture/execute/loop-7.c execution, -O2
FAIL: gcc.c-torture/execute/loop-7.c execution, -O3 -fomit-frame-pointer
FAIL: gcc.c-torture/execute/loop-7.c execution, -O3 -fomit-frame-pointer -funroll-loops
FAIL: gcc.c-torture/execute/loop-7.c execution, -O3 -fomit-frame-pointer -funroll-all-loops -finline-functions
FAIL: gcc.c-torture/execute/loop-7.c execution, -O3 -g
FAIL: gcc.c-torture/execute/loop-7.c execution, -Os
FAIL: gcc.dg/cpp/cmdlne-dM.c (test for excess errors)
FAIL: gcc.dg/20000503-1.c (test for excess errors)
FAIL: gcc.dg/20000609-1.c (test for excess errors)
FAIL: gcc.dg/20001117-1.c (test for excess errors)
FAIL: gcc.dg/sequence-pt-1.c sequence point warning (test for warnings, line 59)
FAIL: gcc.dg/special/weak-1.c (test for excess errors)
FAIL: gcc.dg/special/weak-2.c (test for excess errors)
FAIL: gcc.dg/special/wkali-2.c (test for excess errors)
=== gcc Summary ===
# of expected passes 13335
# of unexpected failures 34
# of expected failures 77
# of unresolved testcases 6
# of unsupported tests 25
/play/tmp/n/gcc/xgcc version 2.97 20001219 (experimental)
Compiler version: 2.97 20001219 (experimental)
Platform: i686-pc-sco3.2v5.0.6
configure flags: --host=i686-pc-sco3.2v5.0.6 --enable-languages=c