This is the mail archive of the
gcc-testresults@gcc.gnu.org
mailing list for the GCC project.
Results for 2.97 20001125 (experimental) testsuite on powerpc-redhat-linux-gnu
- To: gcc-testresults at gcc dot gnu dot org
- Subject: Results for 2.97 20001125 (experimental) testsuite on powerpc-redhat-linux-gnu
- From: Franz Sirl <fsirl at entropy dot crashing dot org>
- Date: Sat, 25 Nov 2000 11:03:39 -0700
Environment:
binutils-2.10.1.0.2 + PPC debug_line support
glibc-2.1.3
linux-2.2.18pre21
Local modifications:
- patch to fix builtin_return_addr for PPC
- don't schedule hard regs across calls in haifa-sched.c
- enable debug_line for PPC in gcc/configure
Native configuration is powerpc-redhat-linux-gnu
=== gcc tests ===
Running target unix/-O2
FAIL: gcc.c-torture/compile/20001116-1.c, -O0
FAIL: gcc.c-torture/compile/20001116-1.c, -O1
FAIL: gcc.c-torture/compile/20001116-1.c, -O2
FAIL: gcc.c-torture/compile/20001116-1.c, -O3 -fomit-frame-pointer
FAIL: gcc.c-torture/compile/20001116-1.c, -O3 -g
FAIL: gcc.c-torture/compile/20001116-1.c, -Os
FAIL: gcc.c-torture/execute/20001009-2.c execution, -O0
FAIL: gcc.c-torture/execute/20001009-2.c execution, -O1
FAIL: gcc.c-torture/execute/20001009-2.c execution, -O2
FAIL: gcc.c-torture/execute/20001009-2.c execution, -O3 -fomit-frame-pointer
FAIL: gcc.c-torture/execute/20001009-2.c execution, -O3 -fomit-frame-pointer -funroll-loops
FAIL: gcc.c-torture/execute/20001009-2.c execution, -O3 -fomit-frame-pointer -funroll-all-loops -finline-functions
FAIL: gcc.c-torture/execute/20001009-2.c execution, -O3 -g
FAIL: gcc.c-torture/execute/20001009-2.c execution, -Os
FAIL: gcc.dg/20000926-1.c (test for warnings, line 25)
FAIL: gcc.dg/20001117-1.c (test for excess errors)
FAIL: gcc.dg/asm-fs-1.c scan-assembler-not \\*_bar
FAIL: gcc.dg/asm-fs-1.c scan-assembler-not \\*_baz
FAIL: gcc.dg/c99-array-nonobj-1.c (test for excess errors)
FAIL: gcc.dg/sequence-pt-1.c sequence point warning (test for warnings, line 59)
FAIL: gcc.dg/noncompile/940510-1.c (test for errors, line 1)
FAIL: gcc.dg/noncompile/940510-1.c (test for errors, line 1)
FAIL: gcc.dg/noncompile/940510-1.c (test for errors, line 1)
FAIL: gcc.dg/noncompile/940510-1.c (test for errors, line 1)
FAIL: gcc.dg/noncompile/940510-1.c (test for errors, line 1)
FAIL: gcc.dg/noncompile/940510-1.c (test for errors, line 1)
=== gcc Summary for unix/-O2 ===
# of expected passes 12999
# of unexpected failures 26
# of expected failures 75
# of unsupported tests 44
Running target unix/-fpic
FAIL: gcc.c-torture/compile/20001116-1.c, -O0
FAIL: gcc.c-torture/compile/20001116-1.c, -O1
FAIL: gcc.c-torture/compile/20001116-1.c, -O2
FAIL: gcc.c-torture/compile/20001116-1.c, -O3 -fomit-frame-pointer
FAIL: gcc.c-torture/compile/20001116-1.c, -O3 -g
FAIL: gcc.c-torture/compile/20001116-1.c, -Os
FAIL: gcc.c-torture/execute/20001009-2.c execution, -O0
FAIL: gcc.c-torture/execute/20001009-2.c execution, -O1
FAIL: gcc.c-torture/execute/20001009-2.c execution, -O2
FAIL: gcc.c-torture/execute/20001009-2.c execution, -O3 -fomit-frame-pointer
FAIL: gcc.c-torture/execute/20001009-2.c execution, -O3 -fomit-frame-pointer -funroll-loops
FAIL: gcc.c-torture/execute/20001009-2.c execution, -O3 -fomit-frame-pointer -funroll-all-loops -finline-functions
FAIL: gcc.c-torture/execute/20001009-2.c execution, -O3 -g
FAIL: gcc.c-torture/execute/20001009-2.c execution, -Os
FAIL: gcc.dg/20000926-1.c (test for warnings, line 25)
FAIL: gcc.dg/20001117-1.c (test for excess errors)
FAIL: gcc.dg/asm-fs-1.c scan-assembler-not \\*_bar
FAIL: gcc.dg/asm-fs-1.c scan-assembler-not \\*_baz
FAIL: gcc.dg/c99-array-nonobj-1.c (test for excess errors)
FAIL: gcc.dg/sequence-pt-1.c sequence point warning (test for warnings, line 59)
FAIL: gcc.dg/noncompile/940510-1.c (test for errors, line 1)
FAIL: gcc.dg/noncompile/940510-1.c (test for errors, line 1)
FAIL: gcc.dg/noncompile/940510-1.c (test for errors, line 1)
FAIL: gcc.dg/noncompile/940510-1.c (test for errors, line 1)
FAIL: gcc.dg/noncompile/940510-1.c (test for errors, line 1)
FAIL: gcc.dg/noncompile/940510-1.c (test for errors, line 1)
=== gcc Summary for unix/-fpic ===
# of expected passes 12999
# of unexpected failures 26
# of expected failures 75
# of unsupported tests 44
Running target unix/-fPIC
FAIL: gcc.c-torture/compile/20001116-1.c, -O0
FAIL: gcc.c-torture/compile/20001116-1.c, -O1
FAIL: gcc.c-torture/compile/20001116-1.c, -O2
FAIL: gcc.c-torture/compile/20001116-1.c, -O3 -fomit-frame-pointer
FAIL: gcc.c-torture/compile/20001116-1.c, -O3 -g
FAIL: gcc.c-torture/compile/20001116-1.c, -Os
FAIL: gcc.c-torture/execute/20001009-2.c execution, -O0
FAIL: gcc.c-torture/execute/20001009-2.c execution, -O1
FAIL: gcc.c-torture/execute/20001009-2.c execution, -O2
FAIL: gcc.c-torture/execute/20001009-2.c execution, -O3 -fomit-frame-pointer
FAIL: gcc.c-torture/execute/20001009-2.c execution, -O3 -fomit-frame-pointer -funroll-loops
FAIL: gcc.c-torture/execute/20001009-2.c execution, -O3 -fomit-frame-pointer -funroll-all-loops -finline-functions
FAIL: gcc.c-torture/execute/20001009-2.c execution, -O3 -g
FAIL: gcc.c-torture/execute/20001009-2.c execution, -Os
FAIL: gcc.dg/20000926-1.c (test for warnings, line 25)
FAIL: gcc.dg/20001117-1.c (test for excess errors)
FAIL: gcc.dg/asm-fs-1.c scan-assembler-not \\*_bar
FAIL: gcc.dg/asm-fs-1.c scan-assembler-not \\*_baz
FAIL: gcc.dg/c99-array-nonobj-1.c (test for excess errors)
FAIL: gcc.dg/sequence-pt-1.c sequence point warning (test for warnings, line 59)
FAIL: gcc.dg/noncompile/940510-1.c (test for errors, line 1)
FAIL: gcc.dg/noncompile/940510-1.c (test for errors, line 1)
FAIL: gcc.dg/noncompile/940510-1.c (test for errors, line 1)
FAIL: gcc.dg/noncompile/940510-1.c (test for errors, line 1)
FAIL: gcc.dg/noncompile/940510-1.c (test for errors, line 1)
FAIL: gcc.dg/noncompile/940510-1.c (test for errors, line 1)
=== gcc Summary for unix/-fPIC ===
# of expected passes 12999
# of unexpected failures 26
# of expected failures 75
# of unsupported tests 44
Running target unix
FAIL: gcc.c-torture/compile/20001116-1.c, -O0
FAIL: gcc.c-torture/compile/20001116-1.c, -O1
FAIL: gcc.c-torture/compile/20001116-1.c, -O2
FAIL: gcc.c-torture/compile/20001116-1.c, -O3 -fomit-frame-pointer
FAIL: gcc.c-torture/compile/20001116-1.c, -O3 -g
FAIL: gcc.c-torture/compile/20001116-1.c, -Os
FAIL: gcc.c-torture/execute/20001009-2.c execution, -O0
FAIL: gcc.c-torture/execute/20001009-2.c execution, -O1
FAIL: gcc.c-torture/execute/20001009-2.c execution, -O2
FAIL: gcc.c-torture/execute/20001009-2.c execution, -O3 -fomit-frame-pointer
FAIL: gcc.c-torture/execute/20001009-2.c execution, -O3 -fomit-frame-pointer -funroll-loops
FAIL: gcc.c-torture/execute/20001009-2.c execution, -O3 -fomit-frame-pointer -funroll-all-loops -finline-functions
FAIL: gcc.c-torture/execute/20001009-2.c execution, -O3 -g
FAIL: gcc.c-torture/execute/20001009-2.c execution, -Os
FAIL: gcc.dg/20000926-1.c (test for warnings, line 25)
FAIL: gcc.dg/20001117-1.c (test for excess errors)
FAIL: gcc.dg/asm-fs-1.c scan-assembler-not \\*_bar
FAIL: gcc.dg/asm-fs-1.c scan-assembler-not \\*_baz
FAIL: gcc.dg/c99-array-nonobj-1.c (test for excess errors)
FAIL: gcc.dg/sequence-pt-1.c sequence point warning (test for warnings, line 59)
FAIL: gcc.dg/noncompile/940510-1.c (test for errors, line 1)
FAIL: gcc.dg/noncompile/940510-1.c (test for errors, line 1)
FAIL: gcc.dg/noncompile/940510-1.c (test for errors, line 1)
FAIL: gcc.dg/noncompile/940510-1.c (test for errors, line 1)
FAIL: gcc.dg/noncompile/940510-1.c (test for errors, line 1)
FAIL: gcc.dg/noncompile/940510-1.c (test for errors, line 1)
=== gcc Summary for unix ===
# of expected passes 12999
# of unexpected failures 26
# of expected failures 75
# of unsupported tests 44
=== gcc Summary ===
# of expected passes 51996
# of unexpected failures 104
# of expected failures 300
# of unsupported tests 176
/home/fsirl/obj/gccm/gcc/xgcc version 2.97 20001125 (experimental)
=== g++ tests ===
Running target unix/-O2
FAIL: g++.benjamin/15071.C (test for excess errors)
FAIL: g++.brendan/copy9.C (test for excess errors)
FAIL: g++.brendan/crash15.C (test for excess errors)
FAIL: g++.brendan/crash30.C (test for excess errors)
FAIL: g++.brendan/crash38.C (test for excess errors)
FAIL: g++.brendan/crash49.C (test for excess errors)
FAIL: g++.brendan/crash62.C (test for excess errors)
FAIL: g++.brendan/cvt1.C (test for excess errors)
FAIL: g++.brendan/err-msg3.C (test for excess errors)
FAIL: g++.brendan/nest21.C (test for excess errors)
FAIL: g++.brendan/ptolemy2.C (test for excess errors)
FAIL: g++.ext/instantiate1.C not instantiated (test for errors, line 18)
FAIL: g++.ext/instantiate1.C not instantiated (test for errors, line 20)
FAIL: g++.jason/template24.C (test for excess errors)
FAIL: g++.jason/template31.C (test for excess errors)
FAIL: g++.jason/typeid1.C (test for excess errors)
FAIL: g++.law/arg1.C (test for excess errors)
FAIL: g++.law/arg8.C (test for excess errors)
FAIL: g++.law/arm12.C (test for excess errors)
FAIL: g++.law/arm9.C (test for excess errors)
FAIL: g++.law/bad-error7.C (test for excess errors)
FAIL: g++.law/code-gen5.C (test for excess errors)
FAIL: g++.law/ctors10.C (test for excess errors)
FAIL: g++.law/ctors12.C (test for excess errors)
FAIL: g++.law/ctors13.C (test for excess errors)
FAIL: g++.law/ctors17.C (test for excess errors)
FAIL: g++.law/cvt16.C (test for excess errors)
FAIL: g++.law/cvt2.C (test for excess errors)
FAIL: g++.law/cvt7.C (test for excess errors)
FAIL: g++.law/missed-error2.C (test for excess errors)
FAIL: g++.law/nest3.C (test for excess errors)
FAIL: g++.law/operators32.C (test for excess errors)
FAIL: g++.law/vbase1.C (test for excess errors)
FAIL: g++.law/virtual3.C (test for excess errors)
FAIL: g++.law/visibility1.C (test for excess errors)
FAIL: g++.law/visibility10.C (test for excess errors)
FAIL: g++.law/visibility13.C (test for excess errors)
FAIL: g++.law/visibility17.C (test for excess errors)
FAIL: g++.law/visibility2.C (test for excess errors)
FAIL: g++.law/visibility22.C (test for excess errors)
FAIL: g++.law/visibility25.C (test for excess errors)
FAIL: g++.law/visibility7.C (test for excess errors)
FAIL: g++.martin/bitset1.C (test for excess errors)
FAIL: g++.mike/net46.C (test for excess errors)
FAIL: g++.mike/p658.C (test for excess errors)
FAIL: g++.mike/rtti1.C (test for excess errors)
FAIL: g++.other/headers1.C (test for excess errors)
FAIL: g++.other/inline14.C (test for excess errors)
FAIL: g++.pt/crash58.C caused compiler crash
FAIL: g++.pt/static11.C Execution test
FAIL: g++.robertl/eb109.C (test for excess errors)
FAIL: g++.robertl/eb113.C (test for excess errors)
FAIL: g++.robertl/eb127.C (test for excess errors)
FAIL: g++.robertl/eb15.C (test for excess errors)
FAIL: g++.robertl/eb21.C (test for excess errors)
FAIL: g++.robertl/eb24.C (test for excess errors)
FAIL: g++.robertl/eb30.C (test for excess errors)
FAIL: g++.robertl/eb31.C (test for excess errors)
FAIL: g++.robertl/eb33.C (test for excess errors)
FAIL: g++.robertl/eb39.C (test for excess errors)
FAIL: g++.robertl/eb4.C (test for excess errors)
FAIL: g++.robertl/eb41.C (test for excess errors)
FAIL: g++.robertl/eb42.C (test for excess errors)
FAIL: g++.robertl/eb44.C (test for excess errors)
FAIL: g++.robertl/eb46.C (test for excess errors)
FAIL: g++.robertl/eb54.C (test for excess errors)
FAIL: g++.robertl/eb55.C (test for excess errors)
FAIL: g++.robertl/eb60.C (test for excess errors)
FAIL: g++.robertl/eb66.C (test for excess errors)
FAIL: g++.robertl/eb77.C (test for excess errors)
FAIL: g++.robertl/eb79.C (test for excess errors)
=== g++ Summary for unix/-O2 ===
# of expected passes 5993
# of unexpected failures 71
# of expected failures 126
# of untested testcases 19
Running target unix/-fpic
FAIL: g++.benjamin/15071.C (test for excess errors)
FAIL: g++.brendan/copy9.C (test for excess errors)
FAIL: g++.brendan/crash15.C (test for excess errors)
FAIL: g++.brendan/crash30.C (test for excess errors)
FAIL: g++.brendan/crash38.C (test for excess errors)
FAIL: g++.brendan/crash49.C (test for excess errors)
FAIL: g++.brendan/crash62.C (test for excess errors)
FAIL: g++.brendan/cvt1.C (test for excess errors)
FAIL: g++.brendan/err-msg3.C (test for excess errors)
FAIL: g++.brendan/nest21.C (test for excess errors)
FAIL: g++.brendan/ptolemy2.C (test for excess errors)
FAIL: g++.ext/instantiate1.C not instantiated (test for errors, line 18)
FAIL: g++.ext/instantiate1.C not instantiated (test for errors, line 20)
FAIL: g++.jason/template24.C (test for excess errors)
FAIL: g++.jason/template31.C (test for excess errors)
FAIL: g++.jason/typeid1.C (test for excess errors)
FAIL: g++.law/arg1.C (test for excess errors)
FAIL: g++.law/arg8.C (test for excess errors)
FAIL: g++.law/arm12.C (test for excess errors)
FAIL: g++.law/arm9.C (test for excess errors)
FAIL: g++.law/bad-error7.C (test for excess errors)
FAIL: g++.law/code-gen5.C (test for excess errors)
FAIL: g++.law/ctors10.C (test for excess errors)
FAIL: g++.law/ctors12.C (test for excess errors)
FAIL: g++.law/ctors13.C (test for excess errors)
FAIL: g++.law/ctors17.C (test for excess errors)
FAIL: g++.law/cvt16.C (test for excess errors)
FAIL: g++.law/cvt2.C (test for excess errors)
FAIL: g++.law/cvt7.C (test for excess errors)
FAIL: g++.law/missed-error2.C (test for excess errors)
FAIL: g++.law/nest3.C (test for excess errors)
FAIL: g++.law/operators32.C (test for excess errors)
FAIL: g++.law/vbase1.C (test for excess errors)
FAIL: g++.law/virtual3.C (test for excess errors)
FAIL: g++.law/visibility1.C (test for excess errors)
FAIL: g++.law/visibility10.C (test for excess errors)
FAIL: g++.law/visibility13.C (test for excess errors)
FAIL: g++.law/visibility17.C (test for excess errors)
FAIL: g++.law/visibility2.C (test for excess errors)
FAIL: g++.law/visibility22.C (test for excess errors)
FAIL: g++.law/visibility25.C (test for excess errors)
FAIL: g++.law/visibility7.C (test for excess errors)
FAIL: g++.martin/bitset1.C (test for excess errors)
FAIL: g++.mike/net46.C (test for excess errors)
FAIL: g++.mike/p658.C (test for excess errors)
FAIL: g++.mike/rtti1.C (test for excess errors)
FAIL: g++.other/headers1.C (test for excess errors)
FAIL: g++.other/inline14.C (test for excess errors)
FAIL: g++.other/loop2.C caused compiler crash
FAIL: g++.pt/static11.C Execution test
FAIL: g++.robertl/eb109.C (test for excess errors)
FAIL: g++.robertl/eb113.C (test for excess errors)
FAIL: g++.robertl/eb127.C (test for excess errors)
FAIL: g++.robertl/eb15.C (test for excess errors)
FAIL: g++.robertl/eb21.C (test for excess errors)
FAIL: g++.robertl/eb24.C (test for excess errors)
FAIL: g++.robertl/eb30.C (test for excess errors)
FAIL: g++.robertl/eb31.C (test for excess errors)
FAIL: g++.robertl/eb33.C (test for excess errors)
FAIL: g++.robertl/eb39.C (test for excess errors)
FAIL: g++.robertl/eb4.C (test for excess errors)
FAIL: g++.robertl/eb41.C (test for excess errors)
FAIL: g++.robertl/eb42.C (test for excess errors)
FAIL: g++.robertl/eb44.C (test for excess errors)
FAIL: g++.robertl/eb46.C (test for excess errors)
FAIL: g++.robertl/eb54.C (test for excess errors)
FAIL: g++.robertl/eb55.C (test for excess errors)
FAIL: g++.robertl/eb60.C (test for excess errors)
FAIL: g++.robertl/eb66.C (test for excess errors)
FAIL: g++.robertl/eb77.C (test for excess errors)
FAIL: g++.robertl/eb79.C (test for excess errors)
=== g++ Summary for unix/-fpic ===
# of expected passes 6000
# of unexpected failures 71
# of expected failures 126
# of untested testcases 19
Running target unix/-fPIC
FAIL: g++.benjamin/15071.C (test for excess errors)
FAIL: g++.brendan/copy9.C (test for excess errors)
FAIL: g++.brendan/crash15.C (test for excess errors)
FAIL: g++.brendan/crash30.C (test for excess errors)
FAIL: g++.brendan/crash38.C (test for excess errors)
FAIL: g++.brendan/crash49.C (test for excess errors)
FAIL: g++.brendan/crash62.C (test for excess errors)
FAIL: g++.brendan/cvt1.C (test for excess errors)
FAIL: g++.brendan/err-msg3.C (test for excess errors)
FAIL: g++.brendan/nest21.C (test for excess errors)
FAIL: g++.brendan/ptolemy2.C (test for excess errors)
FAIL: g++.ext/instantiate2.C not instantiated (test for errors, line 16)
FAIL: g++.ext/instantiate3.C not instantiated (test for errors, line 13)
FAIL: g++.jason/template24.C (test for excess errors)
FAIL: g++.jason/template31.C (test for excess errors)
FAIL: g++.jason/typeid1.C (test for excess errors)
FAIL: g++.law/arg1.C (test for excess errors)
FAIL: g++.law/arg8.C (test for excess errors)
FAIL: g++.law/arm12.C (test for excess errors)
FAIL: g++.law/arm9.C (test for excess errors)
FAIL: g++.law/bad-error7.C (test for excess errors)
FAIL: g++.law/code-gen5.C (test for excess errors)
FAIL: g++.law/ctors10.C (test for excess errors)
FAIL: g++.law/ctors12.C (test for excess errors)
FAIL: g++.law/ctors13.C (test for excess errors)
FAIL: g++.law/ctors17.C (test for excess errors)
FAIL: g++.law/cvt16.C (test for excess errors)
FAIL: g++.law/cvt2.C (test for excess errors)
FAIL: g++.law/cvt7.C (test for excess errors)
FAIL: g++.law/missed-error2.C (test for excess errors)
FAIL: g++.law/nest3.C (test for excess errors)
FAIL: g++.law/operators32.C (test for excess errors)
FAIL: g++.law/vbase1.C (test for excess errors)
FAIL: g++.law/virtual3.C (test for excess errors)
FAIL: g++.law/visibility1.C (test for excess errors)
FAIL: g++.law/visibility10.C (test for excess errors)
FAIL: g++.law/visibility13.C (test for excess errors)
FAIL: g++.law/visibility17.C (test for excess errors)
FAIL: g++.law/visibility2.C (test for excess errors)
FAIL: g++.law/visibility22.C (test for excess errors)
FAIL: g++.law/visibility25.C (test for excess errors)
FAIL: g++.law/visibility7.C (test for excess errors)
FAIL: g++.martin/bitset1.C (test for excess errors)
FAIL: g++.mike/net46.C (test for excess errors)
FAIL: g++.mike/p658.C (test for excess errors)
FAIL: g++.mike/rtti1.C (test for excess errors)
FAIL: g++.other/headers1.C (test for excess errors)
FAIL: g++.other/inline14.C (test for excess errors)
FAIL: g++.other/loop2.C caused compiler crash
FAIL: g++.pt/static11.C Execution test
FAIL: g++.robertl/eb109.C (test for excess errors)
FAIL: g++.robertl/eb113.C (test for excess errors)
FAIL: g++.robertl/eb127.C (test for excess errors)
FAIL: g++.robertl/eb15.C (test for excess errors)
FAIL: g++.robertl/eb21.C (test for excess errors)
FAIL: g++.robertl/eb24.C (test for excess errors)
FAIL: g++.robertl/eb30.C (test for excess errors)
FAIL: g++.robertl/eb31.C (test for excess errors)
FAIL: g++.robertl/eb33.C (test for excess errors)
FAIL: g++.robertl/eb39.C (test for excess errors)
FAIL: g++.robertl/eb4.C (test for excess errors)
FAIL: g++.robertl/eb41.C (test for excess errors)
FAIL: g++.robertl/eb42.C (test for excess errors)
FAIL: g++.robertl/eb44.C (test for excess errors)
FAIL: g++.robertl/eb46.C (test for excess errors)
FAIL: g++.robertl/eb54.C (test for excess errors)
FAIL: g++.robertl/eb55.C (test for excess errors)
FAIL: g++.robertl/eb60.C (test for excess errors)
FAIL: g++.robertl/eb66.C (test for excess errors)
FAIL: g++.robertl/eb77.C (test for excess errors)
FAIL: g++.robertl/eb79.C (test for excess errors)
=== g++ Summary for unix/-fPIC ===
# of expected passes 6000
# of unexpected failures 71
# of expected failures 126
# of untested testcases 19
Running target unix
FAIL: g++.benjamin/15071.C (test for excess errors)
FAIL: g++.brendan/copy9.C (test for excess errors)
FAIL: g++.brendan/crash15.C (test for excess errors)
FAIL: g++.brendan/crash30.C (test for excess errors)
FAIL: g++.brendan/crash38.C (test for excess errors)
FAIL: g++.brendan/crash49.C (test for excess errors)
FAIL: g++.brendan/crash62.C (test for excess errors)
FAIL: g++.brendan/cvt1.C (test for excess errors)
FAIL: g++.brendan/err-msg3.C (test for excess errors)
FAIL: g++.brendan/nest21.C (test for excess errors)
FAIL: g++.brendan/ptolemy2.C (test for excess errors)
FAIL: g++.ext/instantiate1.C not instantiated (test for errors, line 18)
FAIL: g++.ext/instantiate1.C not instantiated (test for errors, line 20)
FAIL: g++.jason/template24.C (test for excess errors)
FAIL: g++.jason/template31.C (test for excess errors)
FAIL: g++.jason/typeid1.C (test for excess errors)
FAIL: g++.law/arg1.C (test for excess errors)
FAIL: g++.law/arg8.C (test for excess errors)
FAIL: g++.law/arm12.C (test for excess errors)
FAIL: g++.law/arm9.C (test for excess errors)
FAIL: g++.law/bad-error7.C (test for excess errors)
FAIL: g++.law/code-gen5.C (test for excess errors)
FAIL: g++.law/ctors10.C (test for excess errors)
FAIL: g++.law/ctors12.C (test for excess errors)
FAIL: g++.law/ctors13.C (test for excess errors)
FAIL: g++.law/ctors17.C (test for excess errors)
FAIL: g++.law/cvt16.C (test for excess errors)
FAIL: g++.law/cvt2.C (test for excess errors)
FAIL: g++.law/cvt7.C (test for excess errors)
FAIL: g++.law/missed-error2.C (test for excess errors)
FAIL: g++.law/nest3.C (test for excess errors)
FAIL: g++.law/operators32.C (test for excess errors)
FAIL: g++.law/vbase1.C (test for excess errors)
FAIL: g++.law/virtual3.C (test for excess errors)
FAIL: g++.law/visibility1.C (test for excess errors)
FAIL: g++.law/visibility10.C (test for excess errors)
FAIL: g++.law/visibility13.C (test for excess errors)
FAIL: g++.law/visibility17.C (test for excess errors)
FAIL: g++.law/visibility2.C (test for excess errors)
FAIL: g++.law/visibility22.C (test for excess errors)
FAIL: g++.law/visibility25.C (test for excess errors)
FAIL: g++.law/visibility7.C (test for excess errors)
FAIL: g++.martin/bitset1.C (test for excess errors)
FAIL: g++.mike/net46.C (test for excess errors)
FAIL: g++.mike/p658.C (test for excess errors)
FAIL: g++.mike/rtti1.C (test for excess errors)
FAIL: g++.other/headers1.C (test for excess errors)
FAIL: g++.other/inline14.C (test for excess errors)
FAIL: g++.other/loop2.C caused compiler crash
FAIL: g++.pt/static11.C Execution test
FAIL: g++.robertl/eb109.C (test for excess errors)
FAIL: g++.robertl/eb113.C (test for excess errors)
FAIL: g++.robertl/eb127.C (test for excess errors)
FAIL: g++.robertl/eb15.C (test for excess errors)
FAIL: g++.robertl/eb21.C (test for excess errors)
FAIL: g++.robertl/eb24.C (test for excess errors)
FAIL: g++.robertl/eb30.C (test for excess errors)
FAIL: g++.robertl/eb31.C (test for excess errors)
FAIL: g++.robertl/eb33.C (test for excess errors)
FAIL: g++.robertl/eb39.C (test for excess errors)
FAIL: g++.robertl/eb4.C (test for excess errors)
FAIL: g++.robertl/eb41.C (test for excess errors)
FAIL: g++.robertl/eb42.C (test for excess errors)
FAIL: g++.robertl/eb44.C (test for excess errors)
FAIL: g++.robertl/eb46.C (test for excess errors)
FAIL: g++.robertl/eb54.C (test for excess errors)
FAIL: g++.robertl/eb55.C (test for excess errors)
FAIL: g++.robertl/eb60.C (test for excess errors)
FAIL: g++.robertl/eb66.C (test for excess errors)
FAIL: g++.robertl/eb77.C (test for excess errors)
FAIL: g++.robertl/eb79.C (test for excess errors)
=== g++ Summary for unix ===
# of expected passes 6000
# of unexpected failures 71
# of expected failures 126
# of untested testcases 19
=== g++ Summary ===
# of expected passes 23993
# of unexpected failures 284
# of expected failures 504
# of untested testcases 76
/home/fsirl/obj/gccm/gcc/testsuite/../g++ version 2.97 20001125 (experimental)
=== g77 tests ===
Running target unix/-O2
=== g77 Summary for unix/-O2 ===
# of expected passes 877
Running target unix/-fpic
=== g77 Summary for unix/-fpic ===
# of expected passes 877
Running target unix/-fPIC
FAIL: g77.f-torture/execute/19990325-0.f execution, -O0
FAIL: g77.f-torture/execute/19990325-0.f execution, -O1
FAIL: g77.f-torture/execute/19990325-0.f execution, -O2
FAIL: g77.f-torture/execute/19990325-0.f execution, -O2 -fomit-frame-pointer -finline-functions
FAIL: g77.f-torture/execute/19990325-0.f execution, -O3 -g
FAIL: g77.f-torture/execute/19990325-0.f execution, -Os
FAIL: g77.f-torture/execute/19990325-1.f execution, -O0
FAIL: g77.f-torture/execute/19990325-1.f execution, -O1
FAIL: g77.f-torture/execute/19990325-1.f execution, -O2
FAIL: g77.f-torture/execute/19990325-1.f execution, -O2 -fomit-frame-pointer -finline-functions
FAIL: g77.f-torture/execute/19990325-1.f execution, -O3 -g
FAIL: g77.f-torture/execute/19990325-1.f execution, -Os
FAIL: g77.f-torture/execute/alpha2.f execution, -O0
FAIL: g77.f-torture/execute/alpha2.f execution, -O1
FAIL: g77.f-torture/execute/alpha2.f execution, -O2
FAIL: g77.f-torture/execute/alpha2.f execution, -O2 -fomit-frame-pointer -finline-functions
FAIL: g77.f-torture/execute/alpha2.f execution, -O3 -g
FAIL: g77.f-torture/execute/alpha2.f execution, -Os
FAIL: g77.f-torture/execute/io0.f execution, -O0
FAIL: g77.f-torture/execute/io0.f execution, -O1
FAIL: g77.f-torture/execute/io0.f execution, -O2
FAIL: g77.f-torture/execute/io0.f execution, -O2 -fomit-frame-pointer -finline-functions
FAIL: g77.f-torture/execute/io0.f execution, -O3 -g
FAIL: g77.f-torture/execute/io0.f execution, -Os
FAIL: g77.f-torture/execute/u77-test.f execution, -O0
FAIL: g77.f-torture/execute/u77-test.f execution, -O1
FAIL: g77.f-torture/execute/u77-test.f execution, -O2
FAIL: g77.f-torture/execute/u77-test.f execution, -O2 -fomit-frame-pointer -finline-functions
FAIL: g77.f-torture/execute/u77-test.f execution, -O2 -fomit-frame-pointer -finline-functions -funroll-loops
FAIL: g77.f-torture/execute/u77-test.f execution, -O2 -fomit-frame-pointer -finline-functions -funroll-all-loops
FAIL: g77.f-torture/execute/u77-test.f execution, -O3 -g
FAIL: g77.f-torture/execute/u77-test.f execution, -Os
=== g77 Summary for unix/-fPIC ===
# of expected passes 845
# of unexpected failures 32
Running target unix
=== g77 Summary for unix ===
# of expected passes 877
=== g77 Summary ===
# of expected passes 3476
# of unexpected failures 32
=== objc tests ===
Running target unix/-O2
FAIL: objc/execute/fdecl.m compilation, -O
FAIL: objc/execute/np-1.m compilation, -O
FAIL: objc/execute/np-2.m compilation, -O
=== objc Summary for unix/-O2 ===
# of expected passes 46
# of unexpected failures 3
# of untested testcases 3
Running target unix/-fpic
FAIL: objc/execute/fdecl.m compilation, -O
FAIL: objc/execute/np-1.m compilation, -O
FAIL: objc/execute/np-2.m compilation, -O
=== objc Summary for unix/-fpic ===
# of expected passes 46
# of unexpected failures 3
# of untested testcases 3
Running target unix/-fPIC
FAIL: objc/execute/fdecl.m compilation, -O
FAIL: objc/execute/np-1.m compilation, -O
FAIL: objc/execute/np-2.m compilation, -O
=== objc Summary for unix/-fPIC ===
# of expected passes 46
# of unexpected failures 3
# of untested testcases 3
Running target unix
FAIL: objc/execute/fdecl.m compilation, -O
FAIL: objc/execute/np-1.m compilation, -O
FAIL: objc/execute/np-2.m compilation, -O
=== objc Summary for unix ===
# of expected passes 46
# of unexpected failures 3
# of untested testcases 3
=== objc Summary ===
# of expected passes 184
# of unexpected failures 12
# of untested testcases 12
/home/fsirl/obj/gccm/gcc/xgcc version 2.97 20001125 (experimental)
Compiler version: 2.97 20001125 (experimental)
Platform: powerpc-redhat-linux-gnu
configure flags: --host=ppc-redhat-linux --prefix=/home/fsirl/gnubin --enable-shared --enable-threads=posix --enable-checking=gc,misc,tree