This is the mail archive of the
gcc-testresults@gcc.gnu.org
mailing list for the GCC project.
Results for 2.97 20001114 (experimental) testsuite on alphaev6-unknown-linux-gnu
- To: gcc-testresults at gcc dot gnu dot org
- Subject: Results for 2.97 20001114 (experimental) testsuite on alphaev6-unknown-linux-gnu
- From: Brad Lucier <lucier at popov dot math dot purdue dot edu>
- Date: Tue, 14 Nov 2000 16:50:29 -0500
Native configuration is alphaev6-unknown-linux-gnu
=== gcc tests ===
Running target unix
FAIL: gcc.c-torture/execute/20001009-2.c execution, -O0
FAIL: gcc.c-torture/execute/20001009-2.c execution, -O1
FAIL: gcc.c-torture/execute/20001009-2.c execution, -O2
FAIL: gcc.c-torture/execute/20001009-2.c execution, -O3 -fomit-frame-pointer
FAIL: gcc.c-torture/execute/20001009-2.c execution, -O3 -fomit-frame-pointer -funroll-loops
FAIL: gcc.c-torture/execute/20001009-2.c execution, -O3 -fomit-frame-pointer -funroll-all-loops -finline-functions
FAIL: gcc.c-torture/execute/20001009-2.c execution, -O3 -g
FAIL: gcc.c-torture/execute/20001009-2.c execution, -O3 -fssa
FAIL: gcc.c-torture/execute/20001009-2.c execution, -Os
XPASS: gcc.c-torture/execute/memcheck/blkarg.c execution, -O0
XPASS: gcc.c-torture/execute/memcheck/blkarg.c execution, -O1
XPASS: gcc.c-torture/execute/memcheck/blkarg.c execution, -O2
XPASS: gcc.c-torture/execute/memcheck/blkarg.c execution, -Os
FAIL: gcc.dg/sequence-pt-1.c bogus sequence point warning (test for bogus messages, line 55)
FAIL: gcc.dg/sequence-pt-1.c bogus sequence point warning (test for bogus messages, line 65)
=== gcc Summary ===
# of expected passes 14513
# of unexpected failures 11
# of unexpected successes 4
# of expected failures 79
# of unsupported tests 47
/export/u11/lucier/programs/gcc/objdir/gcc/xgcc version 2.97 20001114 (experimental)
=== g++ tests ===
Running target unix
FAIL: g++.brendan/sizeof1.C caused compiler crash
FAIL: g++.eh/badalloc1.C Execution test
FAIL: g++.law/code-gen5.C (test for excess errors)
FAIL: g++.law/cvt2.C (test for excess errors)
FAIL: g++.other/crash18.C (test for excess errors)
FAIL: g++.other/crash24.C (test for excess errors)
FAIL: g++.other/loop2.C caused compiler crash
FAIL: g++.other/sizeof1.C caused compiler crash
FAIL: g++.other/sizeof4.C caused compiler crash
XPASS: g++.robertl/eb55.C (test for excess errors)
=== g++ Summary ===
# of expected passes 6051
# of unexpected failures 9
# of unexpected successes 1
# of expected failures 104
# of untested testcases 18
/export/u11/lucier/programs/gcc/objdir/gcc/testsuite/../g++ version 2.97 20001114 (experimental)
=== g77 tests ===
Running target unix
=== g77 Summary ===
# of expected passes 1010
=== objc tests ===
Running target unix
FAIL: objc/execute/np-1.m compilation, -O
FAIL: objc/execute/np-2.m compilation, -O
=== objc Summary ===
# of expected passes 44
# of unexpected failures 2
# of untested testcases 2
/export/u11/lucier/programs/gcc/objdir/gcc/xgcc version 2.97 20001114 (experimental)
Compiler version: 2.97 20001114 (experimental)
Platform: alphaev6-unknown-linux-gnu
configure flags: --host=alphaev6-unknown-linux-gnu --prefix=/export/u10/egcs-test --enable-checking=no
Counting all warnings,
there are 281 warnings in stage3 of this bootstrap.
Number of warnings per file:
41 genrtl.c
15 ../../gcc/reload1.c
13 ../../gcc/objc/objc-act.c
10 ../../gcc/loop.c
10 ../../gcc/genrecog.c
10 ../../gcc/combine.c
8 ../../gcc/gcse.c
7 ../../gcc/tree.c
7 ../../gcc/reload.c
7 ../../gcc/haifa-sched.c
7 ../../gcc/c-common.c
6 ../../gcc/gcc.c
6 ../../gcc/cse.c
5 ../../gcc/tradcpp.c
5 ../../gcc/regclass.c
5 ../../gcc/fold-const.c
5 ../../gcc/flow.c
5 ../../gcc/cp/error.c
5 ../../gcc/config/alpha/alpha.c
5 ../../gcc/calls.c
4 ../../gcc/unroll.c
4 ../../gcc/local-alloc.c
4 ../../gcc/libgcc2.c
4 ../../gcc/genoutput.c
4 ../../gcc/genopinit.c
4 ../../gcc/emit-rtl.c
4 ../../gcc/dependence.c
3 cxxmain.c
3 ../../gcc/global.c
3 ../../gcc/ggc-page.c
3 ../../gcc/genattrtab.c
3 ../../gcc/gcov.c
3 ../../gcc/alias.c
2 insn-extract.c
2 ../../gcc/varasm.c
2 ../../gcc/ssa.c
2 ../../gcc/rtl.c
2 ../../gcc/java/jvspec.c
2 ../../gcc/integrate.c
2 ../../gcc/genextract.c
2 ../../gcc/genattr.c
2 ../../gcc/expr.c
2 ../../gcc/dwarf2out.c
2 ../../gcc/diagnostic.c
2 ../../gcc/c-lex.c
1 ../../gcc/varray.c
1 ../../gcc/timevar.c
1 ../../gcc/stmt.c
1 ../../gcc/simplify-rtx.c
1 ../../gcc/sdbout.c
1 ../../gcc/sbitmap.c
1 ../../gcc/recog.c
1 ../../gcc/print-tree.c
1 ../../gcc/optabs.c
1 ../../gcc/objc/lang-specs.h
1 ../../gcc/mkdeps.c
1 ../../gcc/jump.c
1 ../../gcc/java/jcf-write.c
1 ../../gcc/hash.c
1 ../../gcc/ggc-common.c
1 ../../gcc/genpeep.c
1 ../../gcc/genflags.c
1 ../../gcc/genemit.c
1 ../../gcc/function.c
1 ../../gcc/final.c
1 ../../gcc/f/lang-specs.h
1 ../../gcc/dbxout.c
1 ../../gcc/cpplib.c
1 ../../gcc/cppinit.c
1 ../../gcc/cppexp.c
1 ../../gcc/cp/lang-specs.h
1 ../../gcc/cp/errfn.c
1 ../../gcc/conflict.c
1 ../../gcc/collect2.c
Number of warning types:
218 value computed is not used
15 comparison between signed and unsigned
13 \`???' might be used uninitialized in this function
13 ISO C forbids braced-groups within expressions
6 string length \`???' is greater than the minimum length \`???' ISO C89 is required to support
5 initialization from incompatible pointer type
3 function declaration isn't a prototype
2 no previous prototype for \`???'
1 traditional C rejects string concatenation
1 pointer targets in passing arg ??? of \`???' differ in signedness
1 function-like macro \`strcmp' must be used with arguments in traditional C
1 field precision is not type int (arg ???)
1 assignment discards qualifiers from pointer target type
1 \`long' switch expression not converted to \`int' in ISO C