This is the mail archive of the
gcc-testresults@gcc.gnu.org
mailing list for the GCC project.
Results for 2.97 20001106 (experimental) testsuite on rs6000-ibm-aix4.2.0.0
- To: gcc-testresults at gcc dot gnu dot org
- Subject: Results for 2.97 20001106 (experimental) testsuite on rs6000-ibm-aix4.2.0.0
- From: RDBrown at mira dot net
- Date: Tue, 14 Nov 2000 08:48:51 +1100
Native configuration is rs6000-ibm-aix4.2.0.0
=== libstdc++ tests ===
Running target unix
=== libstdc++ Summary ===
# of expected passes 30
=== gcc tests ===
Running target unix
FAIL: gcc.c-torture/compile/960829-1.c, -O0
FAIL: gcc.c-torture/compile/960829-1.c, -O1
FAIL: gcc.c-torture/compile/960829-1.c, -O2
FAIL: gcc.c-torture/compile/960829-1.c, -O3 -fomit-frame-pointer
FAIL: gcc.c-torture/compile/960829-1.c, -O3 -g
FAIL: gcc.c-torture/compile/960829-1.c, -O3 -fssa
FAIL: gcc.c-torture/compile/960829-1.c, -Os
FAIL: gcc.c-torture/compile/981001-2.c, -O3 -fomit-frame-pointer
FAIL: gcc.c-torture/compile/981001-2.c, -O3 -g
FAIL: gcc.c-torture/compile/981001-2.c, -O3 -fssa
FAIL: gcc.c-torture/execute/20000412-3.c execution, -O0
FAIL: gcc.c-torture/execute/20000412-3.c execution, -O1
FAIL: gcc.c-torture/execute/20000412-3.c execution, -O2
FAIL: gcc.c-torture/execute/20000412-3.c execution, -O3 -fomit-frame-pointer
FAIL: gcc.c-torture/execute/20000412-3.c execution, -O3 -g
FAIL: gcc.c-torture/execute/20000412-3.c execution, -O3 -fssa
FAIL: gcc.c-torture/execute/20000412-3.c execution, -Os
FAIL: gcc.c-torture/execute/20001009-2.c execution, -O0
FAIL: gcc.c-torture/execute/20001009-2.c execution, -O1
FAIL: gcc.c-torture/execute/20001009-2.c execution, -O2
FAIL: gcc.c-torture/execute/20001009-2.c execution, -O3 -fomit-frame-pointer
FAIL: gcc.c-torture/execute/20001009-2.c execution, -O3 -fomit-frame-pointer -funroll-loops
FAIL: gcc.c-torture/execute/20001009-2.c execution, -O3 -fomit-frame-pointer -funroll-all-loops -finline-functions
FAIL: gcc.c-torture/execute/20001009-2.c execution, -O3 -g
FAIL: gcc.c-torture/execute/20001009-2.c execution, -O3 -fssa
FAIL: gcc.c-torture/execute/20001009-2.c execution, -Os
FAIL: gcc.c-torture/execute/eeprof-1.c execution, -O0
FAIL: gcc.c-torture/execute/eeprof-1.c execution, -O1
FAIL: gcc.c-torture/execute/eeprof-1.c execution, -O2
FAIL: gcc.c-torture/execute/eeprof-1.c execution, -O3 -fomit-frame-pointer
FAIL: gcc.c-torture/execute/eeprof-1.c execution, -O3 -g
FAIL: gcc.c-torture/execute/eeprof-1.c execution, -O3 -fssa
FAIL: gcc.c-torture/execute/eeprof-1.c execution, -Os
FAIL: gcc.c-torture/execute/va-arg-17.c compilation, -O0
FAIL: gcc.c-torture/execute/va-arg-17.c compilation, -O1
FAIL: gcc.c-torture/execute/va-arg-17.c compilation, -O2
FAIL: gcc.c-torture/execute/va-arg-17.c compilation, -O3 -fomit-frame-pointer
FAIL: gcc.c-torture/execute/va-arg-17.c compilation, -O3 -g
FAIL: gcc.c-torture/execute/va-arg-17.c compilation, -O3 -fssa
FAIL: gcc.c-torture/execute/va-arg-17.c compilation, -Os
FAIL: gcc.c-torture/execute/va-arg-5.c compilation, -O0
FAIL: gcc.c-torture/execute/va-arg-5.c compilation, -O1
FAIL: gcc.c-torture/execute/va-arg-5.c compilation, -O2
FAIL: gcc.c-torture/execute/va-arg-5.c compilation, -O3 -fomit-frame-pointer
FAIL: gcc.c-torture/execute/va-arg-5.c compilation, -O3 -g
FAIL: gcc.c-torture/execute/va-arg-5.c compilation, -O3 -fssa
FAIL: gcc.c-torture/execute/va-arg-5.c compilation, -Os
FAIL: gcc.c-torture/execute/va-arg-7.c compilation, -O0
FAIL: gcc.c-torture/execute/va-arg-7.c compilation, -O1
FAIL: gcc.c-torture/execute/va-arg-7.c compilation, -O2
FAIL: gcc.c-torture/execute/va-arg-7.c compilation, -O3 -fomit-frame-pointer
FAIL: gcc.c-torture/execute/va-arg-7.c compilation, -O3 -g
FAIL: gcc.c-torture/execute/va-arg-7.c compilation, -O3 -fssa
FAIL: gcc.c-torture/execute/va-arg-7.c compilation, -Os
XPASS: gcc.c-torture/execute/memcheck/blkarg.c execution, -O0
XPASS: gcc.c-torture/execute/memcheck/blkarg.c execution, -O1
XPASS: gcc.c-torture/execute/memcheck/blkarg.c execution, -O2
XPASS: gcc.c-torture/execute/memcheck/blkarg.c execution, -O3 -fomit-frame-pointer
XPASS: gcc.c-torture/execute/memcheck/blkarg.c execution, -O3 -g
XPASS: gcc.c-torture/execute/memcheck/blkarg.c execution, -O3 -fssa
XPASS: gcc.c-torture/execute/memcheck/blkarg.c execution, -Os
FAIL: gcc.dg/cpp/assert1.c (test for excess errors)
FAIL: gcc.dg/cpp/include2.c (test for errors, line 10)
FAIL: gcc.dg/cpp/include2.c (test for errors, line 11)
FAIL: gcc.dg/cpp/include2.c (test for excess errors)
FAIL: gcc.dg/cpp/poison.c #if defined foo6 (test for errors, line 20)
FAIL: gcc.dg/cpp/poison.c use of foo6 (test for errors, line 23)
FAIL: gcc.dg/cpp/poison.c (test for excess errors)
FAIL: gcc.dg/cpp/redef2.c redef va (test for warnings, line 15)
FAIL: gcc.dg/cpp/redef2.c prev def va (test for warnings, line 14)
FAIL: gcc.dg/cpp/tr-warn1.c extension warning (test for warnings, line 24)
FAIL: gcc.dg/cpp/tr-warn1.c extension warning (test for warnings, line 25)
FAIL: gcc.dg/cpp/tr-warn1.c (test for excess errors)
FAIL: gcc.dg/cpp/tr-warn3.c ^#ext (test for warnings, line 51)
FAIL: gcc.dg/cpp/tr-warn3.c ^# ext (test for warnings, line 52)
FAIL: gcc.dg/cpp/tr-warn6.c traditional stringification (test for warnings, line 13)
FAIL: gcc.dg/cpp/tr-warn6.c (test for excess errors)
FAIL: gcc.dg/20001009-1.c (test for excess errors)
FAIL: gcc.dg/asm-fs-1.c (test for excess errors)
FAIL: gcc.dg/asm-fs-1.c scan-assembler-not
FAIL: gcc.dg/asm-names.c (test for excess errors)
FAIL: gcc.dg/c99-array-nonobj-1.c (test for excess errors)
FAIL: gcc.dg/format-ext-2.c bad use of I flag (test for warnings, line 78)
FAIL: gcc.dg/format-ext-2.c (test for excess errors)
FAIL: gcc.dg/sequence-pt-1.c bogus sequence point warning (test for bogus messages, line 53)
FAIL: gcc.dg/sequence-pt-1.c bogus sequence point warning (test for bogus messages, line 63)
FAIL: alias-1.c
FAIL: wkali-1.c
=== gcc Summary ===
# of expected passes 14245
# of unexpected failures 81
# of unexpected successes 7
# of expected failures 72
# of unresolved testcases 24
# of unsupported tests 52
/devel/tmp/gcc-20001106.obj/gcc/xgcc version 2.97 20001106 (experimental)
=== g++ tests ===
Running target unix
FAIL: g++.benjamin/tem04.C .* (test for errors, line 173)
FAIL: g++.benjamin/tem04.C (test for excess errors)
FAIL: g++.bugs/900212_01.C (test for errors, line 33)
FAIL: g++.bugs/900212_01.C (test for errors, line 34)
FAIL: g++.bugs/900212_01.C (test for errors, line 35)
FAIL: g++.bugs/900212_01.C (test for excess errors)
FAIL: g++.ext/attrib5.C (test for excess errors)
FAIL: g++.ext/instantiate1.C not instantiated (test for errors, line 18)
FAIL: g++.ext/instantiate1.C not instantiated (test for errors, line 20)
FAIL: g++.ext/instantiate2.C not instantiated (test for errors, line 16)
FAIL: g++.ext/instantiate3.C not instantiated (test for errors, line 13)
FAIL: g++.jason/thunk2.C (test for excess errors)
FAIL: g++.mike/eh30.C (test for excess errors)
FAIL: g++.mike/p4750.C (test for excess errors)
FAIL: g++.other/crash18.C (test for excess errors)
FAIL: g++.other/loop2.C caused compiler crash
FAIL: g++.other/overload11.C not suitable for overload (test for errors, line 89)
FAIL: g++.other/overload11.C not suitable for overload (test for errors, line 90)
FAIL: g++.other/ptrmem6.C (test for excess errors)
FAIL: g++.other/sizeof4.C cannot take size of function (test for errors, line 33)
FAIL: g++.other/sizeof4.C cannot take size of function (test for errors, line 34)
FAIL: g++.other/vaarg3.C promote (test for errors, line 26)
FAIL: g++.pt/crash36.C instantiated here (test for errors, line 32)
FAIL: g++.pt/crash36.C (test for excess errors)
XPASS: g++.pt/decl2.C ICE - (test for errors, line 8)
FAIL: g++.pt/static3.C (test for excess errors)
FAIL: g++.pt/static6.C (test for excess errors)
FAIL: g++.pt/static8.C (test for excess errors)
FAIL: g++.robertl/eb106.C (test for excess errors)
=== g++ Summary ===
# of expected passes 6025
# of unexpected failures 28
# of unexpected successes 1
# of expected failures 106
# of untested testcases 19
/devel/tmp/gcc-20001106.obj/gcc/testsuite/../g++ version 2.97 20001106 (experimental)
=== g77 tests ===
Running target unix
FAIL: g77.f-torture/execute/19990325-0.f execution, -O0
FAIL: g77.f-torture/execute/19990325-0.f execution, -O1
FAIL: g77.f-torture/execute/19990325-0.f execution, -O2
FAIL: g77.f-torture/execute/19990325-0.f execution, -O2 -fomit-frame-pointer -finline-functions
FAIL: g77.f-torture/execute/19990325-0.f execution, -O3 -g
FAIL: g77.f-torture/execute/19990325-0.f execution, -O3 -fssa
FAIL: g77.f-torture/execute/19990325-0.f execution, -Os
FAIL: g77.f-torture/execute/19990325-1.f execution, -O0
FAIL: g77.f-torture/execute/19990325-1.f execution, -O1
FAIL: g77.f-torture/execute/19990325-1.f execution, -O2
FAIL: g77.f-torture/execute/19990325-1.f execution, -O2 -fomit-frame-pointer -finline-functions
FAIL: g77.f-torture/execute/19990325-1.f execution, -O3 -g
FAIL: g77.f-torture/execute/19990325-1.f execution, -O3 -fssa
FAIL: g77.f-torture/execute/19990325-1.f execution, -Os
FAIL: g77.f-torture/execute/alpha2.f execution, -O0
FAIL: g77.f-torture/execute/alpha2.f execution, -O1
FAIL: g77.f-torture/execute/alpha2.f execution, -O2
FAIL: g77.f-torture/execute/alpha2.f execution, -O2 -fomit-frame-pointer -finline-functions
FAIL: g77.f-torture/execute/alpha2.f execution, -O3 -g
FAIL: g77.f-torture/execute/alpha2.f execution, -O3 -fssa
FAIL: g77.f-torture/execute/alpha2.f execution, -Os
FAIL: g77.f-torture/execute/erfc.f execution, -O3 -fssa
FAIL: g77.f-torture/execute/io0.f execution, -O0
FAIL: g77.f-torture/execute/io0.f execution, -O1
FAIL: g77.f-torture/execute/io0.f execution, -O2
FAIL: g77.f-torture/execute/io0.f execution, -O2 -fomit-frame-pointer -finline-functions
FAIL: g77.f-torture/execute/io0.f execution, -O3 -g
FAIL: g77.f-torture/execute/io0.f execution, -O3 -fssa
FAIL: g77.f-torture/execute/io0.f execution, -Os
FAIL: g77.f-torture/execute/u77-test.f execution, -O0
FAIL: g77.f-torture/execute/u77-test.f execution, -O1
FAIL: g77.f-torture/execute/u77-test.f execution, -O2
FAIL: g77.f-torture/execute/u77-test.f execution, -O2 -fomit-frame-pointer -finline-functions
FAIL: g77.f-torture/execute/u77-test.f execution, -O2 -fomit-frame-pointer -finline-functions -funroll-loops
FAIL: g77.f-torture/execute/u77-test.f execution, -O2 -fomit-frame-pointer -finline-functions -funroll-all-loops
FAIL: g77.f-torture/execute/u77-test.f execution, -O3 -g
FAIL: g77.f-torture/execute/u77-test.f execution, -O3 -fssa
FAIL: g77.f-torture/execute/u77-test.f execution, -Os
=== g77 Summary ===
# of expected passes 954
# of unexpected failures 38
=== objc tests ===
Running target unix
FAIL: objc/execute/bf-1.m compilation, -O
FAIL: objc/execute/bf-10.m compilation, -O
FAIL: objc/execute/bf-11.m compilation, -O
FAIL: objc/execute/bf-12.m compilation, -O
FAIL: objc/execute/bf-13.m compilation, -O
FAIL: objc/execute/bf-14.m compilation, -O
FAIL: objc/execute/bf-15.m compilation, -O
FAIL: objc/execute/bf-16.m compilation, -O
FAIL: objc/execute/bf-17.m compilation, -O
FAIL: objc/execute/bf-18.m compilation, -O
FAIL: objc/execute/bf-19.m compilation, -O
FAIL: objc/execute/bf-2.m compilation, -O
FAIL: objc/execute/bf-20.m compilation, -O
FAIL: objc/execute/bf-3.m compilation, -O
FAIL: objc/execute/bf-4.m compilation, -O
FAIL: objc/execute/bf-5.m compilation, -O
FAIL: objc/execute/bf-6.m compilation, -O
FAIL: objc/execute/bf-7.m compilation, -O
FAIL: objc/execute/bf-8.m compilation, -O
FAIL: objc/execute/bf-9.m compilation, -O
FAIL: objc/execute/np-1.m compilation, -O
FAIL: objc/execute/np-2.m compilation, -O
FAIL: objc/execute/string1.m compilation, -O
FAIL: objc/execute/string2.m compilation, -O
=== objc Summary ===
# of unexpected failures 24
# of untested testcases 24
/devel/tmp/gcc-20001106.obj/gcc/xgcc version 2.97 20001106 (experimental)
Compiler version: 2.97 20001106 (experimental)
Platform: rs6000-ibm-aix4.2.0.0
configure flags: --host=rs6000-ibm-aix4.2.0.0
Counting all warnings,
there are 164 warnings in stage3 of this bootstrap.
Number of warnings per file:
32 ../../gcc-20001106/gcc/libgcc2.c
27 ../../gcc-20001106/gcc/combine.c
15 ../../gcc-20001106/gcc/expr.c
11 ../../gcc-20001106/gcc/cse.c
7 ../../gcc-20001106/gcc/loop.c
6 fp-bit.c
6 dp-bit.c
6 ../../gcc-20001106/gcc/varasm.c
5 ../../gcc-20001106/gcc/cp/error.c
5 ../../gcc-20001106/gcc/collect2.c
5 ../../gcc-20001106/gcc/c-common.c
4 obstack.c
4 ../../gcc-20001106/gcc/java/lex.c
4 ../../gcc-20001106/gcc/gcc.c
3 ../../gcc-20001106/gcc/reload1.c
2 ../../gcc-20001106/gcc/reload.c
2 ../../gcc-20001106/gcc/function.c
2 ../../gcc-20001106/gcc/fold-const.c
2 ../../gcc-20001106/gcc/alias.c
1 insn-emit.c
1 /usr/include/sys/param.h
1 ../../gcc-20001106/gcc/regmove.c
1 ../../gcc-20001106/gcc/objc/lang-specs.h
1 ../../gcc-20001106/gcc/java/jvspec.c
1 ../../gcc-20001106/gcc/haifa-sched.c
1 ../../gcc-20001106/gcc/flow.c
1 ../../gcc-20001106/gcc/final.c
1 ../../gcc-20001106/gcc/f/lang-specs.h
1 ../../gcc-20001106/gcc/expmed.c
1 ../../gcc-20001106/gcc/cp/search.c
1 ../../gcc-20001106/gcc/cp/lang-specs.h
1 ../../gcc-20001106/gcc/cp/errfn.c
1 ../../gcc-20001106/gcc/c-pragma.c
1 ../../gcc-20001106/gcc/c-lex.c
1 ../../../gcc-20001106/gcc/intl/localealias.c
Number of warning types:
61 comparison between signed and unsigned
18 no previous prototype for \`???'
16 function declaration isn't a prototype
13 \`???' might be used uninitialized in this function
11 implicit declaration of function \`???'
8 string length \`???' is greater than the minimum length \`???' ISO C89 is required to support
6 signed and unsigned type in conditional expression
6 alignment of \`???' is greater than maximum object file alignment. Using 8.
5 initialization from incompatible pointer type
5 \`???' defined but not used
4 large integer implicitly truncated to unsigned type
3 pointer of type \`???' used in arithmetic
2 unused parameter \`???'
1 value computed is not used
1 unused variable \`???'
1 this is the location of the previous definition
1 pointer targets in passing arg ??? of \`???' differ in signedness
1 initialization discards qualifiers from pointer target type
1 \`BAD' redefined