This is the mail archive of the
gcc-testresults@gcc.gnu.org
mailing list for the GCC project.
Results for 2.97 20001108 (experimental) testsuite on i586-redhat7-linux-gnu
- To: gcc-testresults at gcc dot gnu dot org
- Subject: Results for 2.97 20001108 (experimental) testsuite on i586-redhat7-linux-gnu
- From: Manfred Hollstein <manfredh at redhat dot com>
- Date: Wed, 8 Nov 2000 14:26:12 +0100 (CET)
- Reply-To: Manfred Hollstein <manfred dot h at gmx dot net>
Compiler version: 2.97 20001108 (experimental)
Platform: i586-redhat7-linux-gnu
Sources: - gcc mainline from CVS last updated at
2000/11/08 10:55:52 +0100
- libg++-2.8.1.3
- libg++-2.8.1.3-20000312.diff.gz
- libg++-2.8.1.3-20000419.diff.gz
- libg++-2.8.1.3-20000816.diff.gz
- libg++-2.8.1.3-20000914.diff.gz
Patches: None.
Environment: - autoconf-2.13-9
- automake-1.4-8
- binutils-20001107 via anonymous CVS from
anoncvs.cygnus.com
- dejagnu-20000815 via anonymous CVS from
anoncvs.cygnus.com
- Red Hat Linux 7 + recommended updates as of today
- Kernel 2.2.16-22 (compiled by "gcc version
egcs-2.91.66 19990314/Linux (egcs-1.1.2 release)")
- glibc-2.1.94-3
- glibc-devel-2.1.94-3
Remarks: None.
configure flags: --host=i586-redhat7-linux-gnu --target=i586-redhat7-linux-gnu --build=i586-redhat7-linux-gnu --srcdir=../egcs-20001108 --prefix=/opt/gnu --exec-prefix=/opt/gnu/H-ia32-linux --with-gnu-as --with-gnu-ld --disable-checking --enable-shared --enable-version-specific-runtime-libs --enable-java-gc=boehm --enable-fast-character --enable-threads=posix --with-system-zlib --with-local-prefix=/opt/gnu --enable-nls --verbose
BOOT_CC: gcc version 2.95.3 19991030 (prerelease)
BOOT_CFLAGS: -O2 -march=pentium
CFLAGS: -O2 -march=pentium -fomit-frame-pointer -g
CXXFLAGS: -O2 -march=pentium -fomit-frame-pointer -g
Native configuration is i586-redhat7-linux-gnu
=== libio tests ===
Running target unix
=== libio Summary ===
# of expected passes 40
=== libstdc++ tests ===
Running target unix
=== libstdc++ Summary ===
# of expected passes 30
=== libg++ tests ===
Running target unix
FAIL: tRandom.cc execution
=== libg++ Summary ===
# of expected passes 70
# of unexpected failures 1
# of expected failures 1
=== gcc tests ===
Running target unix
FAIL: gcc.c-torture/execute/20001009-1.c execution, -O1
FAIL: gcc.c-torture/execute/20001009-1.c execution, -O2
FAIL: gcc.c-torture/execute/20001009-1.c execution, -O3 -fomit-frame-pointer
FAIL: gcc.c-torture/execute/20001009-1.c execution, -O3 -g
FAIL: gcc.c-torture/execute/20001009-1.c execution, -O3 -fssa
FAIL: gcc.c-torture/execute/20001009-1.c execution, -Os
FAIL: gcc.c-torture/execute/20001009-2.c execution, -O0
FAIL: gcc.c-torture/execute/20001009-2.c execution, -O1
FAIL: gcc.c-torture/execute/20001009-2.c execution, -O2
FAIL: gcc.c-torture/execute/20001009-2.c execution, -O3 -fomit-frame-pointer
FAIL: gcc.c-torture/execute/20001009-2.c execution, -O3 -fomit-frame-pointer -funroll-loops
FAIL: gcc.c-torture/execute/20001009-2.c execution, -O3 -fomit-frame-pointer -funroll-all-loops -finline-functions
FAIL: gcc.c-torture/execute/20001009-2.c execution, -O3 -g
FAIL: gcc.c-torture/execute/20001009-2.c execution, -O3 -fssa
FAIL: gcc.c-torture/execute/20001009-2.c execution, -Os
FAIL: gcc.c-torture/execute/loop-2b.c execution, -O2
FAIL: gcc.dg/20000503-1.c (test for excess errors)
FAIL: gcc.dg/20000614-2.c execution test
FAIL: gcc.dg/20000724-1.c execution test
FAIL: gcc.dg/991214-1.c (test for excess errors)
FAIL: gcc.dg/sequence-pt-1.c bogus sequence point warning (test for bogus messages, line 53)
FAIL: gcc.dg/sequence-pt-1.c bogus sequence point warning (test for bogus messages, line 63)
=== gcc Summary ===
# of expected passes 14415
# of unexpected failures 22
# of expected failures 86
# of unsupported tests 21
gcc version 2.97 20001108 (experimental)
=== g++ tests ===
Running target unix
FAIL: g++.eh/spec2.C Execution test
FAIL: g++.eh/spec3.C Execution test
FAIL: g++.ext/instantiate1.C not instantiated (test for errors, line 18)
FAIL: g++.ext/instantiate1.C not instantiated (test for errors, line 20)
FAIL: g++.mike/dyncast1.C Execution test
FAIL: g++.mike/dyncast2.C Execution test
FAIL: g++.mike/eh33.C Execution test
FAIL: g++.mike/eh50.C Execution test
FAIL: g++.mike/eh51.C Execution test
FAIL: g++.other/loop2.C caused compiler crash
=== g++ Summary ===
# of expected passes 6015
# of unexpected failures 10
# of expected failures 103
# of untested testcases 8
gcc version 2.97 20001108 (experimental)
=== g77 tests ===
Running target unix
XPASS: g77.f-torture/compile/20000629-1.f, -O2 -fomit-frame-pointer -finline-functions -funroll-loops
XPASS: g77.f-torture/compile/20000629-1.f, -O2 -fomit-frame-pointer -finline-functions -funroll-all-loops
FAIL: g77.f-torture/execute/short.f execution, -Os
=== g77 Summary ===
# of expected passes 989
# of unexpected failures 1
# of unexpected successes 2
=== objc tests ===
Running target unix
FAIL: objc/execute/np-1.m compilation, -O
FAIL: objc/execute/np-2.m compilation, -O
=== objc Summary ===
# of expected passes 44
# of unexpected failures 2
# of untested testcases 2
gcc version 2.97 20001108 (experimental)
Counting all warnings,
there are 291 warnings in stage3 of this bootstrap.
Number of warnings per file:
41 genrtl.c
28 ../../egcs-20001108/gcc/combine.c
17 ../../egcs-20001108/gcc/real.c
17 ../../egcs-20001108/gcc/expr.c
13 ../../egcs-20001108/gcc/config/i386/i386.c
12 ../../egcs-20001108/gcc/reg-stack.c
12 ../../egcs-20001108/gcc/objc/objc-act.c
11 ../../egcs-20001108/gcc/cse.c
9 ../../egcs-20001108/gcc/reload1.c
8 ../../egcs-20001108/gcc/genrecog.c
6 ../../egcs-20001108/gcc/java/lex.c
6 ../../egcs-20001108/gcc/haifa-sched.c
6 ../../egcs-20001108/gcc/gcc.c
6 ../../egcs-20001108/gcc/fold-const.c
6 ../../egcs-20001108/gcc/cp/error.c
5 ../../egcs-20001108/gcc/reload.c
5 ../../egcs-20001108/gcc/loop.c
5 ../../egcs-20001108/gcc/flow.c
5 ../../egcs-20001108/gcc/c-common.c
4 ../../egcs-20001108/gcc/tree.c
4 ../../egcs-20001108/gcc/libgcc2.c
4 ../../egcs-20001108/gcc/genoutput.c
4 ../../egcs-20001108/gcc/dependence.c
3 cxxmain.c
3 ../../egcs-20001108/gcc/regclass.c
3 ../../egcs-20001108/gcc/gcov.c
2 insn-extract.c
2 ../../egcs-20001108/gcc/varasm.c
2 ../../egcs-20001108/gcc/java/jvspec.c
2 ../../egcs-20001108/gcc/global.c
2 ../../egcs-20001108/gcc/function.c
2 ../../egcs-20001108/gcc/f/com.c
2 ../../egcs-20001108/gcc/diagnostic.c
2 ../../egcs-20001108/gcc/cp/search.c
2 ../../egcs-20001108/gcc/cp/optimize.c
2 ../../egcs-20001108/gcc/cp/class.c
2 ../../egcs-20001108/gcc/alias.c
1 ../../egcs-20001108/gcc/tradcpp.c
1 ../../egcs-20001108/gcc/timevar.c
1 ../../egcs-20001108/gcc/ssa.c
1 ../../egcs-20001108/gcc/simplify-rtx.c
1 ../../egcs-20001108/gcc/rtl.c
1 ../../egcs-20001108/gcc/recog.c
1 ../../egcs-20001108/gcc/print-tree.c
1 ../../egcs-20001108/gcc/objc/lang-specs.h
1 ../../egcs-20001108/gcc/mkdeps.c
1 ../../egcs-20001108/gcc/java/jcf-parse.c
1 ../../egcs-20001108/gcc/ggc-page.c
1 ../../egcs-20001108/gcc/genextract.c
1 ../../egcs-20001108/gcc/gcse.c
1 ../../egcs-20001108/gcc/frame-dwarf2.c
1 ../../egcs-20001108/gcc/final.c
1 ../../egcs-20001108/gcc/f/lang-specs.h
1 ../../egcs-20001108/gcc/expmed.c
1 ../../egcs-20001108/gcc/emit-rtl.c
1 ../../egcs-20001108/gcc/dwarfout.c
1 ../../egcs-20001108/gcc/cpplib.c
1 ../../egcs-20001108/gcc/cppinit.c
1 ../../egcs-20001108/gcc/cp/lang-specs.h
1 ../../egcs-20001108/gcc/cp/errfn.c
1 ../../egcs-20001108/gcc/cp/decl.c
1 ../../egcs-20001108/gcc/collect2.c
1 ../../egcs-20001108/gcc/c-lex.c
Number of warning types:
172 value computed is not used
76 comparison between signed and unsigned
11 `???' might be used uninitialized in this function
7 string length `???' is greater than the minimum length `???' ISO C89 is required to support
6 signed and unsigned type in conditional expression
5 initialization from incompatible pointer type
4 passing arg ??? of `???' from incompatible pointer type
3 unused variable `???'
2 function declaration isn't a prototype
1 pointer targets in passing arg ??? of `???' differ in signedness
1 passing arg ??? of `???' discards qualifiers from pointer target type
1 no previous prototype for `???'
1 label `???' defined but not used
1 function-like macro `strcmp' must be used with arguments in traditional C