This is the mail archive of the
gcc-testresults@gcc.gnu.org
mailing list for the GCC project.
Results for 2.97 20001030 (experimental) testsuite on hppa2.0-hp-hpux10.20
- To: gcc-testresults at gcc dot gnu dot org
- Subject: Results for 2.97 20001030 (experimental) testsuite on hppa2.0-hp-hpux10.20
- From: RDBrown at mira dot net
- Date: Fri, 03 Nov 2000 10:14:30 +1100
Native configuration is hppa2.0-hp-hpux10.20
=== libio tests ===
Running target unix
FAIL: tFile.cc compilation
FAIL: tfformat.c compilation
=== libio Summary ===
# of expected passes 35
# of unexpected failures 2
# of expected failures 3
=== libstdc++ tests ===
Running target unix
=== libstdc++ Summary ===
# of expected passes 30
=== gcc tests ===
Running target unix
FAIL: gcc.c-torture/compile/941019-1.c, -O3 -fssa
FAIL: gcc.c-torture/compile/20000804-1.c, -O0
FAIL: gcc.c-torture/execute/20000726-1.c execution, -O3 -fomit-frame-pointer
FAIL: gcc.c-torture/execute/20000726-1.c execution, -O3 -g
FAIL: gcc.c-torture/execute/20000726-1.c execution, -O3 -fssa
FAIL: gcc.c-torture/execute/20001009-2.c execution, -O0
FAIL: gcc.c-torture/execute/20001009-2.c execution, -O1
FAIL: gcc.c-torture/execute/20001009-2.c execution, -O2
FAIL: gcc.c-torture/execute/20001009-2.c execution, -O3 -fomit-frame-pointer
FAIL: gcc.c-torture/execute/20001009-2.c execution, -O3 -fomit-frame-pointer -funroll-loops
FAIL: gcc.c-torture/execute/20001009-2.c execution, -O3 -fomit-frame-pointer -funroll-all-loops -finline-functions
FAIL: gcc.c-torture/execute/20001009-2.c execution, -O3 -g
FAIL: gcc.c-torture/execute/20001009-2.c execution, -O3 -fssa
FAIL: gcc.c-torture/execute/20001009-2.c execution, -Os
FAIL: gcc.c-torture/execute/920302-1.c execution, -O3 -fomit-frame-pointer
FAIL: gcc.c-torture/execute/920302-1.c execution, -O3 -fomit-frame-pointer -funroll-loops
FAIL: gcc.c-torture/execute/920302-1.c execution, -O3 -fomit-frame-pointer -funroll-all-loops -finline-functions
FAIL: gcc.c-torture/execute/920302-1.c execution, -O3 -g
FAIL: gcc.c-torture/execute/920302-1.c execution, -O3 -fssa
FAIL: gcc.c-torture/execute/920501-3.c execution, -O3 -fomit-frame-pointer
FAIL: gcc.c-torture/execute/920501-3.c execution, -O3 -fomit-frame-pointer -funroll-loops
FAIL: gcc.c-torture/execute/920501-3.c execution, -O3 -fomit-frame-pointer -funroll-all-loops -finline-functions
FAIL: gcc.c-torture/execute/920501-3.c execution, -O3 -g
FAIL: gcc.c-torture/execute/920501-3.c execution, -O3 -fssa
FAIL: gcc.c-torture/execute/930622-2.c compilation, -O3 -fssa
FAIL: gcc.c-torture/execute/930725-1.c compilation, -O0
FAIL: gcc.c-torture/execute/930725-1.c compilation, -O1
FAIL: gcc.c-torture/execute/930725-1.c compilation, -O2
FAIL: gcc.c-torture/execute/930725-1.c compilation, -O3 -fomit-frame-pointer
FAIL: gcc.c-torture/execute/930725-1.c compilation, -O3 -g
FAIL: gcc.c-torture/execute/930725-1.c compilation, -O3 -fssa
FAIL: gcc.c-torture/execute/930725-1.c compilation, -Os
FAIL: gcc.c-torture/execute/930818-1.c compilation, -O0
FAIL: gcc.c-torture/execute/930818-1.c compilation, -O1
FAIL: gcc.c-torture/execute/930818-1.c compilation, -O2
FAIL: gcc.c-torture/execute/930818-1.c compilation, -O3 -fomit-frame-pointer
FAIL: gcc.c-torture/execute/930818-1.c compilation, -O3 -g
FAIL: gcc.c-torture/execute/930818-1.c compilation, -O3 -fssa
FAIL: gcc.c-torture/execute/930818-1.c compilation, -Os
FAIL: gcc.c-torture/execute/930916-1.c compilation, -O0
FAIL: gcc.c-torture/execute/930916-1.c compilation, -O1
FAIL: gcc.c-torture/execute/930916-1.c compilation, -O2
FAIL: gcc.c-torture/execute/930916-1.c compilation, -O3 -fomit-frame-pointer
FAIL: gcc.c-torture/execute/930916-1.c compilation, -O3 -g
FAIL: gcc.c-torture/execute/930916-1.c compilation, -O3 -fssa
FAIL: gcc.c-torture/execute/930916-1.c compilation, -Os
FAIL: gcc.c-torture/execute/930921-1.c compilation, -O0
FAIL: gcc.c-torture/execute/930921-1.c compilation, -O1
FAIL: gcc.c-torture/execute/930921-1.c compilation, -O2
FAIL: gcc.c-torture/execute/930921-1.c compilation, -O3 -fomit-frame-pointer
FAIL: gcc.c-torture/execute/930921-1.c compilation, -O3 -fomit-frame-pointer -funroll-loops
FAIL: gcc.c-torture/execute/930921-1.c compilation, -O3 -fomit-frame-pointer -funroll-all-loops -finline-functions
FAIL: gcc.c-torture/execute/930921-1.c compilation, -O3 -g
FAIL: gcc.c-torture/execute/930921-1.c compilation, -O3 -fssa
FAIL: gcc.c-torture/execute/930921-1.c compilation, -Os
FAIL: gcc.c-torture/execute/930929-1.c compilation, -O0
FAIL: gcc.c-torture/execute/930929-1.c compilation, -O1
FAIL: gcc.c-torture/execute/930929-1.c compilation, -O2
FAIL: gcc.c-torture/execute/930929-1.c compilation, -O3 -fomit-frame-pointer
FAIL: gcc.c-torture/execute/930929-1.c compilation, -O3 -g
FAIL: gcc.c-torture/execute/930929-1.c compilation, -O3 -fssa
FAIL: gcc.c-torture/execute/930929-1.c compilation, -Os
FAIL: gcc.c-torture/execute/930930-1.c compilation, -O0
FAIL: gcc.c-torture/execute/930930-1.c compilation, -O1
FAIL: gcc.c-torture/execute/930930-1.c compilation, -O2
FAIL: gcc.c-torture/execute/930930-1.c compilation, -O3 -fomit-frame-pointer
FAIL: gcc.c-torture/execute/930930-1.c compilation, -O3 -fomit-frame-pointer -funroll-loops
FAIL: gcc.c-torture/execute/930930-1.c compilation, -O3 -fomit-frame-pointer -funroll-all-loops -finline-functions
FAIL: gcc.c-torture/execute/930930-1.c compilation, -O3 -g
FAIL: gcc.c-torture/execute/930930-1.c compilation, -O3 -fssa
FAIL: gcc.c-torture/execute/930930-1.c compilation, -Os
FAIL: gcc.c-torture/execute/930930-2.c compilation, -O0
FAIL: gcc.c-torture/execute/930930-2.c compilation, -O1
FAIL: gcc.c-torture/execute/930930-2.c compilation, -O2
FAIL: gcc.c-torture/execute/930930-2.c compilation, -O3 -fomit-frame-pointer
FAIL: gcc.c-torture/execute/930930-2.c compilation, -O3 -g
FAIL: gcc.c-torture/execute/930930-2.c compilation, -O3 -fssa
FAIL: gcc.c-torture/execute/930930-2.c compilation, -Os
FAIL: gcc.c-torture/execute/931002-1.c compilation, -O0
FAIL: gcc.c-torture/execute/931002-1.c compilation, -O1
FAIL: gcc.c-torture/execute/931002-1.c compilation, -O2
FAIL: gcc.c-torture/execute/931002-1.c compilation, -O3 -fomit-frame-pointer
FAIL: gcc.c-torture/execute/931002-1.c compilation, -O3 -g
FAIL: gcc.c-torture/execute/931002-1.c compilation, -O3 -fssa
FAIL: gcc.c-torture/execute/931004-11.c compilation, -O3 -fomit-frame-pointer
FAIL: gcc.c-torture/execute/931004-11.c compilation, -O3 -g
FAIL: gcc.c-torture/execute/931004-11.c compilation, -O3 -fssa
FAIL: gcc.c-torture/execute/931004-11.c compilation, -Os
FAIL: gcc.c-torture/execute/931004-12.c compilation, -O0
FAIL: gcc.c-torture/execute/931004-12.c compilation, -O1
FAIL: gcc.c-torture/execute/931004-12.c compilation, -O2
FAIL: gcc.c-torture/execute/931004-12.c compilation, -O3 -fomit-frame-pointer
FAIL: gcc.c-torture/execute/931004-12.c compilation, -O3 -fomit-frame-pointer -funroll-loops
FAIL: gcc.c-torture/execute/931004-12.c compilation, -O3 -fomit-frame-pointer -funroll-all-loops -finline-functions
FAIL: gcc.c-torture/execute/931004-12.c compilation, -O3 -g
FAIL: gcc.c-torture/execute/931004-12.c compilation, -O3 -fssa
FAIL: gcc.c-torture/execute/931004-12.c compilation, -Os
FAIL: gcc.c-torture/execute/931004-13.c compilation, -O0
FAIL: gcc.c-torture/execute/931004-13.c compilation, -O1
FAIL: gcc.c-torture/execute/931004-13.c compilation, -O2
FAIL: gcc.c-torture/execute/931004-13.c compilation, -O3 -fomit-frame-pointer
FAIL: gcc.c-torture/execute/931004-13.c compilation, -O3 -g
FAIL: gcc.c-torture/execute/931004-13.c compilation, -O3 -fssa
FAIL: gcc.c-torture/execute/931004-13.c compilation, -Os
FAIL: gcc.c-torture/execute/931004-14.c compilation, -O0
FAIL: gcc.c-torture/execute/931004-14.c compilation, -O1
FAIL: gcc.c-torture/execute/931004-14.c compilation, -O2
FAIL: gcc.c-torture/execute/931004-14.c compilation, -O3 -fomit-frame-pointer
FAIL: gcc.c-torture/execute/931004-14.c compilation, -O3 -fomit-frame-pointer -funroll-all-loops -finline-functions
FAIL: gcc.c-torture/execute/931004-14.c compilation, -O3 -g
FAIL: gcc.c-torture/execute/931004-14.c compilation, -O3 -fssa
FAIL: gcc.c-torture/execute/931004-14.c compilation, -Os
FAIL: gcc.c-torture/execute/931004-2.c compilation, -O0
FAIL: gcc.c-torture/execute/931004-2.c compilation, -O1
FAIL: gcc.c-torture/execute/931004-2.c compilation, -O2
FAIL: gcc.c-torture/execute/931004-2.c compilation, -O3 -fomit-frame-pointer
FAIL: gcc.c-torture/execute/931004-2.c compilation, -O3 -fomit-frame-pointer -funroll-loops
FAIL: gcc.c-torture/execute/931004-2.c compilation, -O3 -g
FAIL: gcc.c-torture/execute/931004-2.c compilation, -O3 -fssa
FAIL: gcc.c-torture/execute/931004-2.c compilation, -Os
FAIL: gcc.c-torture/execute/931004-3.c compilation, -O2
FAIL: gcc.c-torture/execute/931004-3.c compilation, -O3 -fomit-frame-pointer
FAIL: gcc.c-torture/execute/931004-3.c compilation, -O3 -g
FAIL: gcc.c-torture/execute/931004-3.c compilation, -O3 -fssa
FAIL: gcc.c-torture/execute/931004-3.c compilation, -Os
FAIL: gcc.c-torture/execute/931031-1.c compilation, -O2
FAIL: gcc.c-torture/execute/931031-1.c compilation, -O3 -fomit-frame-pointer
FAIL: gcc.c-torture/execute/931031-1.c compilation, -O3 -g
FAIL: gcc.c-torture/execute/931031-1.c compilation, -O3 -fssa
FAIL: gcc.c-torture/execute/931031-1.c compilation, -Os
FAIL: gcc.c-torture/execute/931102-1.c compilation, -O0
FAIL: gcc.c-torture/execute/931102-1.c compilation, -O1
FAIL: gcc.c-torture/execute/931102-1.c compilation, -O2
FAIL: gcc.c-torture/execute/931102-1.c compilation, -O3 -fomit-frame-pointer
FAIL: gcc.c-torture/execute/960215-1.c execution, -O1
FAIL: gcc.c-torture/execute/960215-1.c compilation, -O3 -fssa
FAIL: gcc.c-torture/execute/960302-1.c execution, -O3 -fomit-frame-pointer
FAIL: gcc.c-torture/execute/960302-1.c execution, -O3 -g
FAIL: gcc.c-torture/execute/960302-1.c execution, -O3 -fssa
FAIL: gcc.c-torture/execute/960405-1.c compilation, -O3 -fssa
FAIL: gcc.c-torture/execute/960513-1.c compilation, -O3 -fssa
FAIL: gcc.c-torture/execute/980605-1.c execution, -O3 -fomit-frame-pointer
FAIL: gcc.c-torture/execute/980605-1.c execution, -O3 -g
FAIL: gcc.c-torture/execute/990128-1.c execution, -O3 -fomit-frame-pointer
FAIL: gcc.c-torture/execute/990128-1.c execution, -O3 -fomit-frame-pointer -funroll-loops
FAIL: gcc.c-torture/execute/990128-1.c execution, -O3 -fomit-frame-pointer -funroll-all-loops -finline-functions
FAIL: gcc.c-torture/execute/990128-1.c execution, -O3 -g
FAIL: gcc.c-torture/execute/990128-1.c execution, -O3 -fssa
FAIL: gcc.c-torture/execute/eeprof-1.c execution, -O3 -fomit-frame-pointer
FAIL: gcc.c-torture/execute/eeprof-1.c execution, -O3 -g
FAIL: gcc.c-torture/execute/eeprof-1.c execution, -O3 -fssa
FAIL: gcc.c-torture/execute/regstack-1.c execution, -O1
FAIL: gcc.c-torture/execute/regstack-1.c compilation, -O3 -fssa
FAIL: gcc.c-torture/execute/strct-stdarg-1.c execution, -O0
FAIL: gcc.c-torture/execute/strct-stdarg-1.c execution, -O1
FAIL: gcc.c-torture/execute/strct-stdarg-1.c execution, -O2
FAIL: gcc.c-torture/execute/strct-stdarg-1.c execution, -O3 -fomit-frame-pointer
FAIL: gcc.c-torture/execute/strct-stdarg-1.c execution, -O3 -fomit-frame-pointer -funroll-loops
FAIL: gcc.c-torture/execute/strct-stdarg-1.c execution, -O3 -fomit-frame-pointer -funroll-all-loops -finline-functions
FAIL: gcc.c-torture/execute/strct-stdarg-1.c execution, -O3 -g
FAIL: gcc.c-torture/execute/strct-stdarg-1.c execution, -O3 -fssa
FAIL: gcc.c-torture/execute/strct-stdarg-1.c execution, -Os
FAIL: gcc.c-torture/execute/va-arg-5.c compilation, -O3 -fssa
FAIL: gcc.c-torture/execute/va-arg-6.c compilation, -O3 -fssa
FAIL: gcc.c-torture/execute/ieee/fp-cmp-1.c execution, -O0
FAIL: gcc.c-torture/execute/ieee/fp-cmp-1.c execution, -O1
FAIL: gcc.c-torture/execute/ieee/fp-cmp-1.c execution, -O2
FAIL: gcc.c-torture/execute/ieee/fp-cmp-1.c execution, -O3 -fomit-frame-pointer
FAIL: gcc.c-torture/execute/ieee/fp-cmp-1.c execution, -O3 -fomit-frame-pointer -funroll-loops
FAIL: gcc.c-torture/execute/ieee/fp-cmp-1.c execution, -O3 -fomit-frame-pointer -funroll-all-loops -finline-functions
FAIL: gcc.c-torture/execute/ieee/fp-cmp-1.c execution, -O3 -g
FAIL: gcc.c-torture/execute/ieee/fp-cmp-1.c execution, -O3 -fssa
FAIL: gcc.c-torture/execute/ieee/fp-cmp-1.c execution, -Os
FAIL: gcc.c-torture/execute/ieee/fp-cmp-2.c execution, -O0
FAIL: gcc.c-torture/execute/ieee/fp-cmp-2.c execution, -O1
FAIL: gcc.c-torture/execute/ieee/fp-cmp-2.c execution, -O2
FAIL: gcc.c-torture/execute/ieee/fp-cmp-2.c execution, -O3 -fomit-frame-pointer
FAIL: gcc.c-torture/execute/ieee/fp-cmp-2.c execution, -O3 -fomit-frame-pointer -funroll-loops
FAIL: gcc.c-torture/execute/ieee/fp-cmp-2.c execution, -O3 -fomit-frame-pointer -funroll-all-loops -finline-functions
FAIL: gcc.c-torture/execute/ieee/fp-cmp-2.c execution, -O3 -g
FAIL: gcc.c-torture/execute/ieee/fp-cmp-2.c execution, -O3 -fssa
FAIL: gcc.c-torture/execute/ieee/fp-cmp-2.c execution, -Os
FAIL: gcc.c-torture/execute/ieee/fp-cmp-3.c compilation, -O3 -fssa
FAIL: gcc.c-torture/execute/ieee/fp-cmp-4.c compilation, -O0
FAIL: gcc.c-torture/execute/ieee/fp-cmp-4.c compilation, -O1
FAIL: gcc.c-torture/execute/ieee/fp-cmp-4.c compilation, -O2
FAIL: gcc.c-torture/execute/ieee/fp-cmp-4.c compilation, -O3 -fomit-frame-pointer
FAIL: gcc.c-torture/execute/ieee/fp-cmp-4.c compilation, -O3 -fomit-frame-pointer -funroll-loops
FAIL: gcc.c-torture/execute/ieee/fp-cmp-4.c compilation, -O3 -fomit-frame-pointer -funroll-all-loops -finline-functions
FAIL: gcc.c-torture/execute/ieee/fp-cmp-4.c compilation, -O3 -g
FAIL: gcc.c-torture/execute/ieee/fp-cmp-4.c compilation, -O3 -fssa
FAIL: gcc.c-torture/execute/ieee/fp-cmp-4.c compilation, -Os
FAIL: gcc.c-torture/execute/ieee/hugeval.c execution, -O0
FAIL: gcc.c-torture/execute/ieee/hugeval.c execution, -O1
FAIL: gcc.c-torture/execute/ieee/hugeval.c execution, -O2
FAIL: gcc.c-torture/execute/ieee/hugeval.c execution, -O3 -fomit-frame-pointer
FAIL: gcc.c-torture/execute/ieee/hugeval.c execution, -O3 -g
FAIL: gcc.c-torture/execute/ieee/hugeval.c execution, -O3 -fssa
FAIL: gcc.c-torture/execute/ieee/hugeval.c execution, -Os
FAIL: gcc.c-torture/execute/ieee/mzero2.c execution, -O1
FAIL: gcc.c-torture/execute/ieee/mzero2.c execution, -O2
FAIL: gcc.c-torture/execute/ieee/mzero2.c execution, -O3 -fomit-frame-pointer
FAIL: gcc.c-torture/execute/ieee/mzero2.c execution, -O3 -g
FAIL: gcc.c-torture/execute/ieee/mzero2.c execution, -O3 -fssa
FAIL: gcc.c-torture/execute/ieee/mzero2.c execution, -Os
FAIL: gcc.dg/cpp/assert1.c (test for excess errors)
FAIL: gcc.dg/cpp/cmdlne-dD.c (test for excess errors)
FAIL: gcc.dg/cpp/tr-warn3.c ^#ext (test for warnings, line 51)
FAIL: gcc.dg/cpp/tr-warn3.c ^# ext (test for warnings, line 52)
FAIL: gcc.dg/20000419-2.c (test for excess errors)
FAIL: gcc.dg/asm-fs-1.c scan-assembler-not
FAIL: gcc.dg/asm-fs-1.c scan-assembler-not
FAIL: gcc.dg/asm-names.c (test for excess errors)
FAIL: gcc.dg/c99-array-nonobj-1.c (test for excess errors)
FAIL: gcc.dg/c99-printf-1.c (test for excess errors)
FAIL: gcc.dg/c99-scanf-1.c (test for excess errors)
FAIL: gcc.dg/format-va-1.c wrong type in format warning (test for bogus messages, line 11)
FAIL: gcc.dg/format-va-1.c format error (test for warnings, line 11)
FAIL: gcc.dg/sequence-pt-1.c bogus sequence point warning (test for bogus messages, line 49)
=== gcc Summary ===
# of expected passes 13926
# of unexpected failures 219
# of expected failures 79
# of unresolved testcases 129
# of unsupported tests 53
/devel/span/rdb/src/egcs-20001030.obj/gcc/xgcc version 2.97 20001030 (experimental)
=== g++ tests ===
Running target unix
FAIL: g++.eh/crash4.C caused compiler crash
FAIL: g++.ext/attrib5.C (test for excess errors)
FAIL: g++.ext/instantiate1.C not instantiated (test for errors, line 18)
FAIL: g++.ext/instantiate1.C not instantiated (test for errors, line 20)
FAIL: g++.ext/instantiate2.C not instantiated (test for errors, line 16)
FAIL: g++.ext/instantiate3.C not instantiated (test for errors, line 13)
XPASS: g++.mike/eh33.C (test for excess errors)
XPASS: g++.mike/eh33.C Execution test
XPASS: g++.mike/eh50.C (test for excess errors)
XPASS: g++.mike/eh50.C Execution test
FAIL: g++.other/crash18.C (test for excess errors)
FAIL: g++.pt/static8.C (test for excess errors)
=== g++ Summary ===
# of expected passes 6028
# of unexpected failures 8
# of unexpected successes 4
# of expected failures 98
# of untested testcases 18
/devel/span/rdb/src/egcs-20001030.obj/gcc/testsuite/../g++ version 2.97 20001030 (experimental)
=== g77 tests ===
Running target unix
FAIL: g77.f-torture/execute/19990325-0.f execution, -O3 -g
FAIL: g77.f-torture/execute/19990325-0.f execution, -O3 -fssa
FAIL: g77.f-torture/execute/19990325-1.f execution, -O3 -g
FAIL: g77.f-torture/execute/19990325-1.f execution, -O3 -fssa
FAIL: g77.f-torture/execute/19990419-1.f execution, -O3 -g
FAIL: g77.f-torture/execute/19990419-1.f execution, -O3 -fssa
FAIL: g77.f-torture/execute/20000503-1.f execution, -O3 -g
FAIL: g77.f-torture/execute/20000503-1.f execution, -O3 -fssa
FAIL: g77.f-torture/execute/dnrm2.f execution, -O3 -g
FAIL: g77.f-torture/execute/dnrm2.f execution, -O3 -fssa
=== g77 Summary ===
# of expected passes 982
# of unexpected failures 10
=== objc tests ===
Running target unix
FAIL: objc/execute/np-1.m compilation, -O
FAIL: objc/execute/np-2.m compilation, -O
=== objc Summary ===
# of expected passes 44
# of unexpected failures 2
# of untested testcases 2
/devel/span/rdb/src/egcs-20001030.obj/gcc/xgcc version 2.97 20001030 (experimental)
Compiler version: 2.97 20001030 (experimental)
Platform: hppa2.0-hp-hpux10.20
configure flags: --host=hppa2.0-hp-hpux10.20 --with-gnu-as
Counting all warnings,
there are 199 warnings in stage3 of this bootstrap.
Number of warnings per file:
30 ../../egcs-20001030/gcc/expr.c
27 ../../egcs-20001030/gcc/combine.c
15 ../../egcs-20001030/gcc/config/pa/pa.c
12 ../../egcs-20001030/gcc/recog.c
11 ../../egcs-20001030/gcc/cse.c
11 ../../egcs-20001030/gcc/calls.c
9 ../../egcs-20001030/gcc/reload.c
9 ../../egcs-20001030/gcc/loop.c
8 quadlib.c
7 ../../egcs-20001030/gcc/varasm.c
6 ../../egcs-20001030/gcc/reload1.c
6 ../../egcs-20001030/gcc/function.c
5 ../../egcs-20001030/gcc/libgcc2.c
5 ../../egcs-20001030/gcc/cp/error.c
5 ../../egcs-20001030/gcc/c-common.c
4 obstack.c
4 ../../egcs-20001030/gcc/java/lex.c
4 ../../egcs-20001030/gcc/c-common.h
2 alloca.c
2 ../../egcs-20001030/gcc/fold-const.c
2 ../../egcs-20001030/gcc/config/pa/pa.md
2 ../../egcs-20001030/gcc/alias.c
1 insn-output.c
1 ../../egcs-20001030/gcc/regmove.c
1 ../../egcs-20001030/gcc/regclass.c
1 ../../egcs-20001030/gcc/java/jvspec.c
1 ../../egcs-20001030/gcc/haifa-sched.c
1 ../../egcs-20001030/gcc/gcc.c
1 ../../egcs-20001030/gcc/flow.c
1 ../../egcs-20001030/gcc/final.c
1 ../../egcs-20001030/gcc/f/lang-specs.h
1 ../../egcs-20001030/gcc/expmed.c
1 ../../egcs-20001030/gcc/cp/search.c
1 ../../egcs-20001030/gcc/cp/errfn.c
1 ../../egcs-20001030/gcc/collect2.c
Number of warning types:
73 comparison between signed and unsigned
39 integer constant larger than the maximum value of an unsigned long int
23 signed and unsigned type in conditional expression
13 \`???' might be used uninitialized in this function
9 no previous prototype for \`???'
8 function declaration isn't a prototype
5 initialization from incompatible pointer type
4 passing arg ??? of \`???' from incompatible pointer type
4 large integer implicitly truncated to unsigned type
4 ??? format, ??? arg (arg ???)
3 string length \`???' is greater than the minimum length \`???' ISO C89 is required to support
2 unused variable \`???'
2 unused parameter \`???'
2 pointer targets in passing arg ??? of \`???' differ in signedness
2 \`???' not in PREDICATE_CODES
1 value computed is not used
1 parameter has incomplete type
1 its scope is only this definition or declaration, which is probably not what you want.
1 implicit declaration of function \`???'
1 \`???' declared inside parameter list
1 ISO C forbids forward references to \`???' types