This is the mail archive of the
gcc-testresults@gcc.gnu.org
mailing list for the GCC project.
Results for 2.97 20001023 (experimental) testsuite on i686-pc-linux-gnu
- To: gcc-testresults at gcc dot gnu dot org
- Subject: Results for 2.97 20001023 (experimental) testsuite on i686-pc-linux-gnu
- From: Alexandre Oliva <aoliva at barnabe dot lsd dot ic dot unicamp dot br>
- Date: Wed, 25 Oct 2000 05:58:08 -0200
Native configuration is i686-pc-linux-gnu
=== binutils tests ===
Running target unix
FAIL: strip
=== binutils Summary ===
# of expected passes 25
# of unexpected failures 1
=== g77 tests ===
Running target unix
FAIL: g77.f-torture/execute/short.f execution, -Os
=== g77 Summary ===
# of expected passes 991
# of unexpected failures 1
=== gas tests ===
Running target unix
=== gas Summary ===
# of expected passes 78
=== gcc tests ===
Running target unix
FAIL: gcc.c-torture/execute/20001009-1.c execution, -O1
FAIL: gcc.c-torture/execute/20001009-1.c execution, -O2
FAIL: gcc.c-torture/execute/20001009-1.c execution, -O3 -fomit-frame-pointer
FAIL: gcc.c-torture/execute/20001009-1.c execution, -O3 -g
FAIL: gcc.c-torture/execute/20001009-1.c execution, -O3 -fssa
FAIL: gcc.c-torture/execute/20001009-1.c execution, -Os
FAIL: gcc.c-torture/execute/20001009-2.c execution, -O0
FAIL: gcc.c-torture/execute/20001009-2.c execution, -O1
FAIL: gcc.c-torture/execute/20001009-2.c execution, -O2
FAIL: gcc.c-torture/execute/20001009-2.c execution, -O3 -fomit-frame-pointer
FAIL: gcc.c-torture/execute/20001009-2.c execution, -O3 -fomit-frame-pointer -funroll-loops
FAIL: gcc.c-torture/execute/20001009-2.c execution, -O3 -fomit-frame-pointer -funroll-all-loops -finline-functions
FAIL: gcc.c-torture/execute/20001009-2.c execution, -O3 -g
FAIL: gcc.c-torture/execute/20001009-2.c execution, -O3 -fssa
FAIL: gcc.c-torture/execute/20001009-2.c execution, -Os
FAIL: gcc.c-torture/execute/20001011-1.c execution, -O0
FAIL: gcc.c-torture/execute/20001011-1.c execution, -O1
FAIL: gcc.c-torture/execute/20001011-1.c execution, -O2
FAIL: gcc.c-torture/execute/20001011-1.c execution, -O3 -fomit-frame-pointer
FAIL: gcc.c-torture/execute/20001011-1.c execution, -O3 -g
FAIL: gcc.c-torture/execute/20001011-1.c execution, -O3 -fssa
FAIL: gcc.c-torture/execute/20001011-1.c execution, -Os
FAIL: gcc.c-torture/execute/loop-2b.c execution, -O2
FAIL: gcc.dg/20000503-1.c (test for excess errors)
FAIL: gcc.dg/20000614-1.c execution test
FAIL: gcc.dg/20000614-2.c execution test
FAIL: gcc.dg/20000724-1.c execution test
FAIL: gcc.dg/991214-1.c (test for excess errors)
FAIL: gcc.dg/c99-array-nonobj-1.c (test for excess errors)
FAIL: gcc.dg/format-va-1.c wrong type in format warning (test for bogus messages, line 11)
FAIL: gcc.dg/format-va-1.c format error (test for warnings, line 11)
FAIL: gcc.dg/sequence-pt-1.c bogus sequence point warning (test for bogus messages, line 49)
=== gcc Summary ===
# of expected passes 14207
# of unexpected failures 32
# of expected failures 86
# of unsupported tests 21
/l/tmp/egcs/gcc/xgcc version 2.97 20001023 (experimental)
=== g++ tests ===
Running target unix
FAIL: g++.ext/instantiate1.C not instantiated (test for errors, line 18)
FAIL: g++.ext/instantiate1.C not instantiated (test for errors, line 20)
FAIL: g++.other/loop2.C caused compiler crash
=== g++ Summary ===
# of expected passes 6050
# of unexpected failures 3
# of expected failures 94
# of untested testcases 8
/l/tmp/egcs/gcc/testsuite/../g++ version 2.97 20001023 (experimental)
=== ld tests ===
Running target unix
FAIL: cdtest
FAIL: cdtest with -Ur
=== ld Summary ===
# of expected passes 97
# of unexpected failures 2
# of expected failures 1
=== libg++ tests ===
Running target unix
FAIL: tBitString.cc compilation
FAIL: tFix.cc compilation
FAIL: tInteger.cc compilation
FAIL: tRandom.cc execution
FAIL: tRational.cc compilation
FAIL: tString.cc compilation
=== libg++ Summary ===
# of expected passes 55
# of unexpected failures 6
# of expected failures 11
=== libio tests ===
Running target unix
=== libio Summary ===
# of expected passes 40
=== libstdc++ tests ===
Running target unix
=== libstdc++ Summary ===
# of expected passes 30
=== objc tests ===
Running target unix
FAIL: objc/execute/np-1.m compilation, -O
FAIL: objc/execute/np-2.m compilation, -O
=== objc Summary ===
# of expected passes 44
# of unexpected failures 2
# of untested testcases 2
/l/tmp/egcs/gcc/xgcc version 2.97 20001023 (experimental)
Compiler version: 2.97 20001023 (experimental)
Platform: i686-pc-linux-gnu
BOOT_CFLAGS: -g -O9 -W -Wall
Counting all warnings,
there are 120 warnings in stage3 of this bootstrap.
Number of warnings per file:
28 /l/home/barnabe/aoliva/src/egcs/gcc/combine.c
17 /l/home/barnabe/aoliva/src/egcs/gcc/expr.c
12 /l/home/barnabe/aoliva/src/egcs/gcc/config/i386/i386.c
10 /l/home/barnabe/aoliva/src/egcs/gcc/reg-stack.c
10 /l/home/barnabe/aoliva/src/egcs/gcc/cse.c
5 /l/home/barnabe/aoliva/src/egcs/gcc/loop.c
5 /l/home/barnabe/aoliva/src/egcs/gcc/cp/error.c
5 /l/home/barnabe/aoliva/src/egcs/gcc/c-common.c
3 /l/home/barnabe/aoliva/src/egcs/gcc/gcc.c
2 /l/home/barnabe/aoliva/src/egcs/gcc/reload.c
2 /l/home/barnabe/aoliva/src/egcs/gcc/libgcc2.c
2 /l/home/barnabe/aoliva/src/egcs/gcc/java/lex.c
2 /l/home/barnabe/aoliva/src/egcs/gcc/function.c
2 /l/home/barnabe/aoliva/src/egcs/gcc/fold-const.c
2 /l/home/barnabe/aoliva/src/egcs/gcc/cpplex.c
2 /l/home/barnabe/aoliva/src/egcs/gcc/alias.c
1 /l/home/barnabe/aoliva/src/egcs/gcc/java/jvspec.c
1 /l/home/barnabe/aoliva/src/egcs/gcc/haifa-sched.c
1 /l/home/barnabe/aoliva/src/egcs/gcc/f/lang-specs.h
1 /l/home/barnabe/aoliva/src/egcs/gcc/final.c
1 /l/home/barnabe/aoliva/src/egcs/gcc/expmed.c
1 /l/home/barnabe/aoliva/src/egcs/gcc/dwarfout.c
1 /l/home/barnabe/aoliva/src/egcs/gcc/cp/search.c
1 /l/home/barnabe/aoliva/src/egcs/gcc/cp/errfn.c
1 /l/home/barnabe/aoliva/src/egcs/gcc/cp/decl.c
1 /l/home/barnabe/aoliva/src/egcs/gcc/c-lex.c
1 insn-emit.c
Number of warning types:
76 comparison between signed and unsigned
11 `???' might be used uninitialized in this function
6 signed and unsigned type in conditional expression
5 initialization from incompatible pointer type
4 unused variable `???'
4 string length `???' is greater than the minimum length `???' ISO C89 is required to support
2 traditional C rejects the 'u' suffix
2 passing arg ??? of `???' from incompatible pointer type
2 function declaration isn't a prototype
1 value computed is not used
1 unused parameter `???'
1 pointer targets in passing arg ??? of `???' differ in signedness
1 passing arg ??? of `???' discards qualifiers from pointer target type
1 no previous prototype for `???'
1 label `???' defined but not used
1 implicit declaration of function `???'
1 function macro strcmp must be used with arguments in traditional C