This is the mail archive of the
gcc-testresults@gcc.gnu.org
mailing list for the GCC project.
Results for 2.97 20001019 (experimental) testsuite on i586-pc-linux-gnu
- To: gcc-testresults at gcc dot gnu dot org
- Subject: Results for 2.97 20001019 (experimental) testsuite on i586-pc-linux-gnu
- From: Andris Pavenis <andris at hal dot astr dot lu dot lv>
- Date: Fri, 20 Oct 2000 12:27:19 +0200
Source: gcc mainline from CVS (last updated 2000 Oct 20 01:02 +0200)
System: Linux kernel 2.4.0-test9
glibc-2.1.3
binutils-2.10.0.24
Addons: libg++-2.8.1.3-20000914
Native configuration is i586-pc-linux-gnu
=== libio tests ===
Running target unix
=== libio Summary ===
# of expected passes 40
=== libstdc++ tests ===
Running target unix
=== libstdc++ Summary ===
# of expected passes 30
=== libg++ tests ===
Running target unix
=== libg++ Summary ===
# of expected passes 72
=== gcc tests ===
Running target unix
FAIL: gcc.c-torture/execute/20001009-1.c execution, -O1
FAIL: gcc.c-torture/execute/20001009-1.c execution, -O2
FAIL: gcc.c-torture/execute/20001009-1.c execution, -O3 -fomit-frame-pointer
FAIL: gcc.c-torture/execute/20001009-1.c execution, -O3 -g
FAIL: gcc.c-torture/execute/20001009-1.c execution, -O3 -fssa
FAIL: gcc.c-torture/execute/20001009-1.c execution, -Os
FAIL: gcc.c-torture/execute/20001009-2.c execution, -O0
FAIL: gcc.c-torture/execute/20001009-2.c execution, -O1
FAIL: gcc.c-torture/execute/20001009-2.c execution, -O2
FAIL: gcc.c-torture/execute/20001009-2.c execution, -O3 -fomit-frame-pointer
FAIL: gcc.c-torture/execute/20001009-2.c execution, -O3 -fomit-frame-pointer -funroll-loops
FAIL: gcc.c-torture/execute/20001009-2.c execution, -O3 -fomit-frame-pointer -funroll-all-loops -finline-functions
FAIL: gcc.c-torture/execute/20001009-2.c execution, -O3 -g
FAIL: gcc.c-torture/execute/20001009-2.c execution, -O3 -fssa
FAIL: gcc.c-torture/execute/20001009-2.c execution, -Os
FAIL: gcc.c-torture/execute/20001011-1.c execution, -O0
FAIL: gcc.c-torture/execute/20001011-1.c execution, -O1
FAIL: gcc.c-torture/execute/20001011-1.c execution, -O2
FAIL: gcc.c-torture/execute/20001011-1.c execution, -O3 -fomit-frame-pointer
FAIL: gcc.c-torture/execute/20001011-1.c execution, -O3 -g
FAIL: gcc.c-torture/execute/20001011-1.c execution, -O3 -fssa
FAIL: gcc.c-torture/execute/20001011-1.c execution, -Os
FAIL: gcc.c-torture/execute/loop-2b.c execution, -O2
FAIL: gcc.dg/20000503-1.c (test for excess errors)
FAIL: gcc.dg/20000609-1.c execution test
FAIL: gcc.dg/20000614-1.c execution test
FAIL: gcc.dg/20000614-2.c execution test
FAIL: gcc.dg/20000724-1.c execution test
FAIL: gcc.dg/991214-1.c (test for excess errors)
FAIL: gcc.dg/c99-array-nonobj-1.c func [] arg (test for errors, line 26)
FAIL: gcc.dg/c99-array-nonobj-1.c (test for excess errors)
FAIL: gcc.dg/format-va-1.c wrong type in format warning (test for bogus messages, line 11)
FAIL: gcc.dg/format-va-1.c format error (test for warnings, line 11)
FAIL: gcc.dg/sequence-pt-1.c bogus sequence point warning (test for bogus messages, line 49)
FAIL: gcc.misc-tests/mg.c
=== gcc Summary ===
# of expected passes 14183
# of unexpected failures 35
# of expected failures 86
# of unsupported tests 21
/disk2/cvs/egcs-curr/build/build.lnx/gcc/xgcc version 2.97 20001019 (experimental)
=== g++ tests ===
Running target unix
FAIL: g++.ext/instantiate1.C not instantiated (test for errors, line 18)
FAIL: g++.ext/instantiate1.C not instantiated (test for errors, line 20)
FAIL: g++.other/loop2.C caused compiler crash
=== g++ Summary ===
# of expected passes 6038
# of unexpected failures 3
# of expected failures 94
# of untested testcases 8
/disk2/cvs/egcs-curr/build/build.lnx/gcc/testsuite/../g++ version 2.97 20001019 (experimental)
=== g77 tests ===
Running target unix
FAIL: g77.f-torture/execute/short.f execution, -Os
=== g77 Summary ===
# of expected passes 991
# of unexpected failures 1
=== objc tests ===
Running target unix
FAIL: objc/execute/np-1.m compilation, -O
FAIL: objc/execute/np-2.m compilation, -O
=== objc Summary ===
# of expected passes 44
# of unexpected failures 2
# of untested testcases 2
/disk2/cvs/egcs-curr/build/build.lnx/gcc/xgcc version 2.97 20001019 (experimental)
Compiler version: 2.97 20001019 (experimental)
Platform: i586-pc-linux-gnu
configure flags: --host=i586-pc-linux-gnu --enable-shared --with-gnu-ld --verbose
Counting all warnings,
there are 179 warnings in stage3 of this bootstrap.
Number of warnings per file:
35 ../../../egcs/gcc/java/verify.c
33 ../../egcs/gcc/combine.c
17 ../../egcs/gcc/expr.c
13 ../../egcs/gcc/libgcc2.c
12 ../../egcs/gcc/config/i386/i386.c
10 ../../egcs/gcc/reg-stack.c
10 ../../egcs/gcc/cse.c
6 ../../egcs/gcc/loop.c
5 ../../egcs/gcc/c-common.c
5 ../../../egcs/gcc/cp/error.c
4 ../../../egcs/gcc/java/jcf-reader.c
3 ../../egcs/gcc/toplev.c
3 ../../egcs/gcc/gcc.c
2 ../../egcs/gcc/ssa.c
2 ../../egcs/gcc/reload.c
2 ../../egcs/gcc/function.c
2 ../../egcs/gcc/fold-const.c
2 ../../egcs/gcc/cpplex.c
2 ../../egcs/gcc/alias.c
1 insn-emit.c
1 ../../egcs/gcc/java/jvspec.c
1 ../../egcs/gcc/haifa-sched.c
1 ../../egcs/gcc/gcse.c
1 ../../egcs/gcc/final.c
1 ../../egcs/gcc/f/lang-specs.h
1 ../../egcs/gcc/expmed.c
1 ../../egcs/gcc/dwarfout.c
1 ../../egcs/gcc/c-lex.c
1 ../../../egcs/gcc/cp/search.c
1 ../../../egcs/gcc/cp/errfn.c
Number of warning types:
78 comparison between signed and unsigned
36 value computed is not used
11 no previous prototype for `???'
11 `???' might be used uninitialized in this function
10 signed and unsigned type in conditional expression
5 unused variable `???'
5 initialization from incompatible pointer type
4 string length `???' is greater than the minimum length `???' ISO C89 is required to support
4 `???' defined but not used
2 unused parameter `???'
2 traditional C rejects the 'u' suffix
2 operation on `???' may be undefined
2 function declaration isn't a prototype
1 useless keyword or type name in empty declaration
1 pointer targets in passing arg ??? of `???' differ in signedness
1 passing arg ??? of `???' discards qualifiers from pointer target type
1 non-static declaration for `???' follows static
1 label `???' defined but not used
1 function macro strcmp must be used with arguments in traditional C
1 empty declaration