This is the mail archive of the
gcc-testresults@gcc.gnu.org
mailing list for the GCC project.
Results for 2.97 20001016 (experimental) testsuite on alpha-unknown-linux-gnu
- To: gcc-testresults at gcc dot gnu dot org
- Subject: Results for 2.97 20001016 (experimental) testsuite on alpha-unknown-linux-gnu
- From: Alexandre Oliva <oliva at lsd dot ic dot unicamp dot br>
- Date: Thu, 19 Oct 2000 15:40:04 -0200
Native configuration is alpha-unknown-linux-gnu
=== binutils tests ===
Running target unix
=== binutils Summary ===
# of expected passes 25
# of expected failures 1
=== g++ tests ===
Running target unix
FAIL: g++.eh/badalloc1.C Execution test
FAIL: g++.other/crash18.C caused compiler crash
FAIL: g++.other/loop2.C caused compiler crash
=== g++ Summary ===
# of expected passes 6022
# of unexpected failures 3
# of expected failures 94
# of untested testcases 18
/l/tmp/egcs/gcc/testsuite/../g++ version 2.97 20001016 (experimental)
=== g77 tests ===
Running target unix
=== g77 Summary ===
# of expected passes 992
=== gas tests ===
Running target unix
FAIL: vtable inherit0
FAIL: vtable entry1
=== gas Summary ===
# of expected passes 62
# of unexpected failures 2
=== gcc tests ===
Running target unix
FAIL: gcc.c-torture/execute/20001009-2.c execution, -O0
FAIL: gcc.c-torture/execute/20001009-2.c execution, -O1
FAIL: gcc.c-torture/execute/20001009-2.c execution, -O2
FAIL: gcc.c-torture/execute/20001009-2.c execution, -O3 -fomit-frame-pointer
FAIL: gcc.c-torture/execute/20001009-2.c execution, -O3 -fomit-frame-pointer -funroll-loops
FAIL: gcc.c-torture/execute/20001009-2.c execution, -O3 -fomit-frame-pointer -funroll-all-loops -finline-functions
FAIL: gcc.c-torture/execute/20001009-2.c execution, -O3 -g
FAIL: gcc.c-torture/execute/20001009-2.c execution, -O3 -fssa
FAIL: gcc.c-torture/execute/20001009-2.c execution, -Os
FAIL: gcc.c-torture/execute/20001011-1.c execution, -O0
FAIL: gcc.c-torture/execute/20001011-1.c execution, -O1
FAIL: gcc.c-torture/execute/20001011-1.c execution, -O2
FAIL: gcc.c-torture/execute/20001011-1.c execution, -O3 -fomit-frame-pointer
FAIL: gcc.c-torture/execute/20001011-1.c execution, -O3 -g
FAIL: gcc.c-torture/execute/20001011-1.c execution, -O3 -fssa
FAIL: gcc.c-torture/execute/20001011-1.c execution, -Os
FAIL: gcc.c-torture/execute/ieee/20000320-1.c execution, -O0
FAIL: gcc.c-torture/execute/ieee/20000320-1.c execution, -O1
FAIL: gcc.c-torture/execute/ieee/20000320-1.c execution, -O2
FAIL: gcc.c-torture/execute/ieee/20000320-1.c execution, -O3 -fomit-frame-pointer
FAIL: gcc.c-torture/execute/ieee/20000320-1.c execution, -O3 -g
FAIL: gcc.c-torture/execute/ieee/20000320-1.c execution, -O3 -fssa
FAIL: gcc.c-torture/execute/ieee/20000320-1.c execution, -Os
FAIL: gcc.c-torture/execute/ieee/fp-cmp-2.c execution, -O0
FAIL: gcc.c-torture/execute/ieee/fp-cmp-2.c execution, -O1
FAIL: gcc.c-torture/execute/ieee/fp-cmp-2.c execution, -O2
FAIL: gcc.c-torture/execute/ieee/fp-cmp-2.c execution, -O3 -fomit-frame-pointer
FAIL: gcc.c-torture/execute/ieee/fp-cmp-2.c execution, -O3 -fomit-frame-pointer -funroll-loops
FAIL: gcc.c-torture/execute/ieee/fp-cmp-2.c execution, -O3 -fomit-frame-pointer -funroll-all-loops -finline-functions
FAIL: gcc.c-torture/execute/ieee/fp-cmp-2.c execution, -O3 -g
FAIL: gcc.c-torture/execute/ieee/fp-cmp-2.c execution, -O3 -fssa
FAIL: gcc.c-torture/execute/ieee/fp-cmp-2.c execution, -Os
FAIL: gcc.c-torture/execute/ieee/fp-cmp-4.c execution, -O0
FAIL: gcc.c-torture/execute/ieee/fp-cmp-4.c execution, -O1
FAIL: gcc.c-torture/execute/ieee/fp-cmp-4.c execution, -O2
FAIL: gcc.c-torture/execute/ieee/fp-cmp-4.c execution, -O3 -fomit-frame-pointer
FAIL: gcc.c-torture/execute/ieee/fp-cmp-4.c execution, -O3 -fomit-frame-pointer -funroll-loops
FAIL: gcc.c-torture/execute/ieee/fp-cmp-4.c execution, -O3 -fomit-frame-pointer -funroll-all-loops -finline-functions
FAIL: gcc.c-torture/execute/ieee/fp-cmp-4.c execution, -O3 -g
FAIL: gcc.c-torture/execute/ieee/fp-cmp-4.c execution, -O3 -fssa
FAIL: gcc.c-torture/execute/ieee/fp-cmp-4.c execution, -Os
FAIL: gcc.c-torture/execute/ieee/hugeval.c execution, -O0
FAIL: gcc.c-torture/execute/ieee/mzero2.c execution, -O0
FAIL: gcc.c-torture/execute/ieee/mzero2.c execution, -O1
FAIL: gcc.c-torture/execute/ieee/mzero2.c execution, -O2
FAIL: gcc.c-torture/execute/ieee/mzero2.c execution, -O3 -fomit-frame-pointer
FAIL: gcc.c-torture/execute/ieee/mzero2.c execution, -O3 -g
FAIL: gcc.c-torture/execute/ieee/mzero2.c execution, -O3 -fssa
FAIL: gcc.c-torture/execute/ieee/mzero2.c execution, -Os
XPASS: gcc.c-torture/execute/memcheck/blkarg.c execution, -O0
XPASS: gcc.c-torture/execute/memcheck/blkarg.c execution, -O1
XPASS: gcc.c-torture/execute/memcheck/blkarg.c execution, -O2
XPASS: gcc.c-torture/execute/memcheck/blkarg.c execution, -Os
FAIL: gcc.dg/c99-array-nonobj-1.c func [] arg (test for errors, line 26)
FAIL: gcc.dg/c99-array-nonobj-1.c (test for excess errors)
FAIL: gcc.dg/sequence-pt-1.c (test for excess errors)
=== gcc Summary ===
# of expected passes 14067
# of unexpected failures 52
# of unexpected successes 4
# of expected failures 76
# of unsupported tests 47
/l/tmp/egcs/gcc/xgcc version 2.97 20001016 (experimental)
=== ld tests ===
Running target unix
FAIL: cdtest
FAIL: cdtest with -Ur
FAIL: selective3
=== ld Summary ===
# of expected passes 42
# of unexpected failures 3
# of expected failures 2
# of unresolved testcases 1
=== libg++ tests ===
Running target unix
FAIL: tBag.cc compilation
FAIL: tBitString.cc compilation
FAIL: tDeque.cc compilation
FAIL: tFix.cc compilation
FAIL: tInteger.cc compilation
FAIL: tMap.cc compilation
FAIL: tPQ.cc compilation
FAIL: tPlex.cc compilation
FAIL: tQueue.cc compilation
FAIL: tRational.cc compilation
FAIL: tSet.cc compilation
FAIL: tStack.cc compilation
FAIL: tString.cc compilation
=== libg++ Summary ===
# of expected passes 33
# of unexpected failures 13
# of expected failures 26
=== libio tests ===
Running target unix
=== libio Summary ===
# of expected passes 40
=== libstdc++ tests ===
Running target unix
=== libstdc++ Summary ===
# of expected passes 30
=== objc tests ===
Running target unix
FAIL: objc/execute/np-1.m compilation, -O
FAIL: objc/execute/np-2.m compilation, -O
=== objc Summary ===
# of expected passes 44
# of unexpected failures 2
# of untested testcases 2
/l/tmp/egcs/gcc/xgcc version 2.97 20001016 (experimental)
Compiler version: 2.97 20001016 (experimental)
Platform: alpha-unknown-linux-gnu
BOOT_CFLAGS: -g -O9 -W -Wall
Counting all warnings,
there are 0 warnings in stage3 of this bootstrap.
Number of warnings per file:
Number of warning types: