This is the mail archive of the
gcc-testresults@gcc.gnu.org
mailing list for the GCC project.
Results for 2.97 20001009 (experimental) testsuite on i386-unknown-freebsd3.0
- To: gcc-testresults at gcc dot gnu dot org
- Subject: Results for 2.97 20001009 (experimental) testsuite on i386-unknown-freebsd3.0
- From: Alexandre Oliva <oliva at moab dot cs dot utah dot edu>
- Date: Wed, 11 Oct 2000 20:05:25 -0600 (MDT)
Native configuration is i386-unknown-freebsd3.0
=== binutils tests ===
Running target unix
=== binutils Summary ===
# of expected passes 26
=== g++ tests ===
Running target unix
FAIL: g++.brendan/eh1.C Execution test
FAIL: g++.eh/badalloc1.C Execution test
FAIL: g++.eh/catch11.C Execution test
FAIL: g++.eh/catch12.C Execution test
FAIL: g++.eh/catch3.C Execution test
FAIL: g++.eh/catch3p.C Execution test
FAIL: g++.eh/catch4.C Execution test
FAIL: g++.eh/catch4p.C Execution test
FAIL: g++.eh/catch5.C Execution test
FAIL: g++.eh/catch5p.C Execution test
FAIL: g++.eh/catch6.C Execution test
FAIL: g++.eh/catch6p.C Execution test
FAIL: g++.eh/catch7.C Execution test
FAIL: g++.eh/catch7p.C Execution test
FAIL: g++.eh/catch8.C Execution test
FAIL: g++.eh/catch8p.C Execution test
FAIL: g++.eh/catch9.C Execution test
FAIL: g++.eh/catch9p.C Execution test
FAIL: g++.eh/catchptr1.C Execution test
FAIL: g++.eh/cleanup1.C Execution test
FAIL: g++.eh/cleanup2.C Execution test
FAIL: g++.eh/flow1.C Execution test
FAIL: g++.eh/fntry1.C Execution test
FAIL: g++.eh/new1.C Execution test
FAIL: g++.eh/new2.C Execution test
FAIL: g++.eh/pdel1.C Execution test
FAIL: g++.eh/pdel2.C Execution test
FAIL: g++.eh/ptr1.C Execution test
FAIL: g++.eh/rethrow1.C Execution test
FAIL: g++.eh/rethrow2.C Execution test
FAIL: g++.eh/rethrow3.C Execution test
FAIL: g++.eh/rethrow4.C Execution test
FAIL: g++.eh/rethrow5.C Execution test
FAIL: g++.eh/rethrow6.C Execution test
FAIL: g++.eh/spec1.C Execution test
FAIL: g++.eh/spec2.C Execution test
FAIL: g++.eh/spec3.C Execution test
FAIL: g++.eh/spec4.C Execution test
FAIL: g++.eh/tmpl1.C Execution test
FAIL: g++.eh/unwind1.C Execution test
FAIL: g++.eh/vbase1.C Execution test
FAIL: g++.eh/vbase2.C Execution test
FAIL: g++.eh/vbase4.C Execution test
FAIL: g++.ext/instantiate1.C not instantiated (test for errors, line 18)
FAIL: g++.ext/instantiate1.C not instantiated (test for errors, line 20)
FAIL: g++.jason/dtor5.C Execution test
FAIL: g++.jason/thunk2.C Execution test
FAIL: g++.law/arg8.C Execution test
FAIL: g++.law/cvt2.C Execution test
FAIL: g++.law/virtual3.C Execution test
FAIL: g++.martin/new1.C Execution test
FAIL: g++.mike/dyncast1.C Execution test
FAIL: g++.mike/dyncast2.C Execution test
FAIL: g++.mike/eh10.C Execution test
FAIL: g++.mike/eh12.C Execution test
FAIL: g++.mike/eh14.C Execution test
FAIL: g++.mike/eh16.C Execution test
FAIL: g++.mike/eh17.C Execution test
FAIL: g++.mike/eh18.C Execution test
FAIL: g++.mike/eh21.C Execution test
FAIL: g++.mike/eh24.C Execution test
FAIL: g++.mike/eh26.C Execution test
FAIL: g++.mike/eh27.C Execution test
FAIL: g++.mike/eh28.C Execution test
FAIL: g++.mike/eh29.C Execution test
FAIL: g++.mike/eh3.C Execution test
FAIL: g++.mike/eh31.C Execution test
FAIL: g++.mike/eh33.C Execution test
FAIL: g++.mike/eh35.C Execution test
FAIL: g++.mike/eh36.C Execution test
FAIL: g++.mike/eh37.C Execution test
FAIL: g++.mike/eh38.C Execution test
FAIL: g++.mike/eh39.C Execution test
FAIL: g++.mike/eh40.C Execution test
FAIL: g++.mike/eh41.C Execution test
FAIL: g++.mike/eh42.C Execution test
FAIL: g++.mike/eh44.C Execution test
FAIL: g++.mike/eh47.C Execution test
FAIL: g++.mike/eh48.C Execution test
FAIL: g++.mike/eh49.C Execution test
FAIL: g++.mike/eh5.C Execution test
FAIL: g++.mike/eh50.C Execution test
FAIL: g++.mike/eh51.C Execution test
FAIL: g++.mike/eh6.C Execution test
FAIL: g++.mike/eh8.C Execution test
FAIL: g++.mike/p6610a.C Execution test
FAIL: g++.mike/p7912.C Execution test
FAIL: g++.mike/p9706.C Execution test
FAIL: g++.mike/thunk2.C Execution test
FAIL: g++.other/array1.C Execution test
FAIL: g++.other/dtor1.C Execution test
FAIL: g++.other/init7.C Execution test
FAIL: g++.other/loop2.C caused compiler crash
FAIL: g++.other/rtti1.C Execution test
FAIL: g++.other/rtti2.C Execution test
FAIL: g++.other/rtti3.C Execution test
FAIL: g++.other/rtti4.C Execution test
FAIL: g++.other/singleton.C Execution test
FAIL: g++.other/vbase2.C Execution test
=== gas tests ===
Running target unix
=== gas Summary ===
# of expected passes 70
=== gcc tests ===
Running target unix
FAIL: gcc.c-torture/execute/20001009-1.c execution, -O1
FAIL: gcc.c-torture/execute/20001009-1.c execution, -O2
FAIL: gcc.c-torture/execute/20001009-1.c execution, -O3 -fomit-frame-pointer
FAIL: gcc.c-torture/execute/20001009-1.c execution, -O3 -g
FAIL: gcc.c-torture/execute/20001009-1.c execution, -O3 -fssa
FAIL: gcc.c-torture/execute/20001009-1.c execution, -Os
FAIL: gcc.c-torture/execute/20001009-2.c execution, -O0
FAIL: gcc.c-torture/execute/20001009-2.c execution, -O1
FAIL: gcc.c-torture/execute/20001009-2.c execution, -O2
FAIL: gcc.c-torture/execute/20001009-2.c execution, -O3 -fomit-frame-pointer
FAIL: gcc.c-torture/execute/20001009-2.c execution, -O3 -fomit-frame-pointer -funroll-loops
FAIL: gcc.c-torture/execute/20001009-2.c execution, -O3 -fomit-frame-pointer -funroll-all-loops -finline-functions
FAIL: gcc.c-torture/execute/20001009-2.c execution, -O3 -g
FAIL: gcc.c-torture/execute/20001009-2.c execution, -O3 -fssa
FAIL: gcc.c-torture/execute/20001009-2.c execution, -Os
FAIL: gcc.c-torture/execute/loop-2b.c execution, -O2
XPASS: gcc.c-torture/execute/ieee/mzero2.c execution, -O0
XPASS: gcc.c-torture/execute/ieee/mzero2.c execution, -O1
XPASS: gcc.c-torture/execute/ieee/mzero2.c execution, -O2
XPASS: gcc.c-torture/execute/ieee/mzero2.c execution, -O3 -fomit-frame-pointer
XPASS: gcc.c-torture/execute/ieee/mzero2.c execution, -O3 -g
XPASS: gcc.c-torture/execute/ieee/mzero2.c execution, -O3 -fssa
XPASS: gcc.c-torture/execute/ieee/mzero2.c execution, -Os
XPASS: gcc.c-torture/execute/ieee/rbug.c execution, -O3 -fomit-frame-pointer
XPASS: gcc.c-torture/execute/ieee/rbug.c execution, -O3 -g
XPASS: gcc.c-torture/execute/ieee/rbug.c execution, -O3 -fssa
FAIL: gcc.dg/20000614-1.c execution test
FAIL: gcc.dg/991209-1.c (test for excess errors)
FAIL: gcc.dg/991214-1.c (test for excess errors)
FAIL: gcc.dg/c99-array-nonobj-1.c func [] arg (test for errors, line 26)
FAIL: gcc.dg/c99-array-nonobj-1.c (test for excess errors)
FAIL: gcc.dg/format-va-1.c wrong type in format warning (test for bogus messages, line 11)
FAIL: gcc.dg/format-va-1.c format error (test for warnings, line 11)
FAIL: gcc.dg/special/gcsec-1.c execution test
=== gcc Summary ===
# of expected passes 14032
# of unexpected failures 24
# of unexpected successes 10
# of expected failures 81
# of unsupported tests 19
/foo/z/oliva/egcs/gcc/xgcc version 2.97 20001009 (experimental)
=== ld tests ===
Running target unix
FAIL: bootstrap
FAIL: bootstrap with strip
FAIL: bootstrap with --static
FAIL: bootstrap with --traditional-format
FAIL: bootstrap with --no-keep-memory
FAIL: cdtest
FAIL: cdtest with -Ur
=== ld Summary ===
# of expected passes 18
# of unexpected failures 7
# of expected failures 1
=== libg++ tests ===
Running target unix
FAIL: tInteger.cc compilation
FAIL: tBitString.cc compilation
FAIL: tFile.cc execution
FAIL: tFix.cc compilation
FAIL: tRational.cc compilation
FAIL: tString.cc compilation
=== libg++ Summary ===
# of expected passes 55
# of unexpected failures 6
# of expected failures 11
=== libio tests ===
Running target unix
FAIL: tFile.cc execution
FAIL: tFile.cc execution -b0
FAIL: tFile.cc execution -b3
=== libio Summary ===
# of expected passes 34
# of unexpected failures 3
# of expected failures 3
=== libstdc++ tests ===
Running target unix
FAIL: tcomplex.cc execution
FAIL: tcomplex.cc -O execution
FAIL: tlist.cc execution
FAIL: tmap.cc execution
FAIL: tstring.cc execution
=== libstdc++ Summary ===
# of expected passes 20
# of unexpected failures 5
# of expected failures 5
Compiler version: 2.97 20001009 (experimental)
Platform: i386-unknown-freebsd3.0
BOOT_CFLAGS: -g -O9 -W -Wall
Counting all warnings,
there are 169 warnings in stage3 of this bootstrap.
Number of warnings per file:
35 /home/css/guest/oliva/src/egcs/gcc/java/verify.c
33 /home/css/guest/oliva/src/egcs/gcc/combine.c
17 /home/css/guest/oliva/src/egcs/gcc/expr.c
13 /home/css/guest/oliva/src/egcs/gcc/config/i386/i386.c
10 /home/css/guest/oliva/src/egcs/gcc/reg-stack.c
10 /home/css/guest/oliva/src/egcs/gcc/cse.c
6 /home/css/guest/oliva/src/egcs/gcc/loop.c
6 /home/css/guest/oliva/src/egcs/gcc/libgcc2.c
5 /home/css/guest/oliva/src/egcs/gcc/cp/error.c
4 /home/css/guest/oliva/src/egcs/gcc/frame-dwarf2.c
3 /home/css/guest/oliva/src/egcs/gcc/gcc.c
3 /home/css/guest/oliva/src/egcs/gcc/final.c
2 /home/css/guest/oliva/src/egcs/gcc/reload.c
2 /home/css/guest/oliva/src/egcs/gcc/java/jcf-reader.c
2 /home/css/guest/oliva/src/egcs/gcc/function.c
2 /home/css/guest/oliva/src/egcs/gcc/fold-const.c
2 /home/css/guest/oliva/src/egcs/gcc/cpplex.c
2 /home/css/guest/oliva/src/egcs/gcc/c-common.c
2 /home/css/guest/oliva/src/egcs/gcc/alias.c
1 /home/css/guest/oliva/src/egcs/gcc/print-rtl.c
1 /home/css/guest/oliva/src/egcs/gcc/java/jvspec.c
1 /home/css/guest/oliva/src/egcs/gcc/java/jcf-parse.c
1 /home/css/guest/oliva/src/egcs/gcc/haifa-sched.c
1 /home/css/guest/oliva/src/egcs/gcc/gcse.c
1 /home/css/guest/oliva/src/egcs/gcc/f/lang-specs.h
1 /home/css/guest/oliva/src/egcs/gcc/expmed.c
1 /home/css/guest/oliva/src/egcs/gcc/dwarfout.c
1 /home/css/guest/oliva/src/egcs/gcc/cp/search.c
1 /home/css/guest/oliva/src/egcs/gcc/cp/errfn.c
Number of warning types:
73 comparison between signed and unsigned
36 value computed is not used
13 `???' might be used uninitialized in this function
10 signed and unsigned type in conditional expression
8 implicit declaration of function `???'
5 initialization from incompatible pointer type
4 unused variable `???'
4 string length `???' is greater than the minimum length `???' ISO C89 is required to support
3 function declaration isn't a prototype
3 assignment discards qualifiers from pointer target type
2 traditional C rejects the 'u' suffix
2 `???' defined but not used
1 unused parameter `???'
1 pointer targets in passing arg ??? of `???' differ in signedness
1 passing arg ??? of `???' discards qualifiers from pointer target type
1 no previous prototype for `???'
1 label `???' defined but not used
1 initialization discards qualifiers from pointer target type