This is the mail archive of the
gcc-testresults@gcc.gnu.org
mailing list for the GCC project.
Results for 2.97 20001009 (experimental) testsuite on alphaev56-dec-osf4.0d
- To: gcc-testresults at gcc dot gnu dot org
- Subject: Results for 2.97 20001009 (experimental) testsuite on alphaev56-dec-osf4.0d
- From: Alexandre Oliva <oliva at lbi dot ic dot unicamp dot br>
- Date: Thu, 12 Oct 2000 00:05:13 -0200 (EDT)
Native configuration is alphaev56-dec-osf4.0d
=== binutils tests ===
Running target unix
FAIL: strip with saving a symbol
FAIL: run stripped executable with saving a symbol
=== binutils Summary ===
# of expected passes 20
# of unexpected failures 2
# of expected failures 4
=== g++ tests ===
Running target unix
FAIL: g++.eh/badalloc1.C Execution test
FAIL: g++.ext/instantiate1.C not instantiated (test for errors, line 18)
FAIL: g++.ext/instantiate1.C not instantiated (test for errors, line 20)
FAIL: g++.ext/instantiate2.C not instantiated (test for errors, line 16)
FAIL: g++.ext/instantiate3.C not instantiated (test for errors, line 13)
FAIL: g++.other/crash18.C caused compiler crash
FAIL: g++.other/loop2.C caused compiler crash
FAIL: g++.pt/static8.C (test for excess errors)
=== g++ Summary ===
# of expected passes 6011
# of unexpected failures 8
# of expected failures 99
# of untested testcases 18
/usr/local/tmp/egcs/gcc/testsuite/../g++ version 2.97 20001009 (experimental)
=== g77 tests ===
Running target unix
=== g77 Summary ===
# of expected passes 992
=== gcc tests ===
Running target unix
FAIL: gcc.c-torture/execute/20001009-2.c execution, -O0
FAIL: gcc.c-torture/execute/20001009-2.c execution, -O1
FAIL: gcc.c-torture/execute/20001009-2.c execution, -O2
FAIL: gcc.c-torture/execute/20001009-2.c execution, -O3 -fomit-frame-pointer
FAIL: gcc.c-torture/execute/20001009-2.c execution, -O3 -fomit-frame-pointer -funroll-loops
FAIL: gcc.c-torture/execute/20001009-2.c execution, -O3 -fomit-frame-pointer -funroll-all-loops -finline-functions
FAIL: gcc.c-torture/execute/20001009-2.c execution, -O3 -g
FAIL: gcc.c-torture/execute/20001009-2.c execution, -O3 -fssa
FAIL: gcc.c-torture/execute/20001009-2.c execution, -Os
FAIL: gcc.c-torture/execute/ieee/20000320-1.c execution, -O0
FAIL: gcc.c-torture/execute/ieee/20000320-1.c execution, -O1
FAIL: gcc.c-torture/execute/ieee/20000320-1.c execution, -O2
FAIL: gcc.c-torture/execute/ieee/20000320-1.c execution, -O3 -fomit-frame-pointer
FAIL: gcc.c-torture/execute/ieee/20000320-1.c execution, -O3 -g
FAIL: gcc.c-torture/execute/ieee/20000320-1.c execution, -O3 -fssa
FAIL: gcc.c-torture/execute/ieee/20000320-1.c execution, -Os
FAIL: gcc.c-torture/execute/ieee/fp-cmp-2.c execution, -O0
FAIL: gcc.c-torture/execute/ieee/fp-cmp-2.c execution, -O1
FAIL: gcc.c-torture/execute/ieee/fp-cmp-2.c execution, -O2
FAIL: gcc.c-torture/execute/ieee/fp-cmp-2.c execution, -O3 -fomit-frame-pointer
FAIL: gcc.c-torture/execute/ieee/fp-cmp-2.c execution, -O3 -fomit-frame-pointer -funroll-loops
FAIL: gcc.c-torture/execute/ieee/fp-cmp-2.c execution, -O3 -fomit-frame-pointer -funroll-all-loops -finline-functions
FAIL: gcc.c-torture/execute/ieee/fp-cmp-2.c execution, -O3 -g
FAIL: gcc.c-torture/execute/ieee/fp-cmp-2.c execution, -O3 -fssa
FAIL: gcc.c-torture/execute/ieee/fp-cmp-2.c execution, -Os
FAIL: gcc.c-torture/execute/ieee/fp-cmp-4.c execution, -O0
FAIL: gcc.c-torture/execute/ieee/fp-cmp-4.c execution, -O1
FAIL: gcc.c-torture/execute/ieee/fp-cmp-4.c execution, -O2
FAIL: gcc.c-torture/execute/ieee/fp-cmp-4.c execution, -O3 -fomit-frame-pointer
FAIL: gcc.c-torture/execute/ieee/fp-cmp-4.c execution, -O3 -fomit-frame-pointer -funroll-loops
FAIL: gcc.c-torture/execute/ieee/fp-cmp-4.c execution, -O3 -fomit-frame-pointer -funroll-all-loops -finline-functions
FAIL: gcc.c-torture/execute/ieee/fp-cmp-4.c execution, -O3 -g
FAIL: gcc.c-torture/execute/ieee/fp-cmp-4.c execution, -O3 -fssa
FAIL: gcc.c-torture/execute/ieee/fp-cmp-4.c execution, -Os
FAIL: gcc.c-torture/execute/ieee/hugeval.c execution, -O0
FAIL: gcc.c-torture/execute/ieee/hugeval.c execution, -O1
FAIL: gcc.c-torture/execute/ieee/hugeval.c execution, -O2
FAIL: gcc.c-torture/execute/ieee/hugeval.c execution, -O3 -fomit-frame-pointer
FAIL: gcc.c-torture/execute/ieee/hugeval.c execution, -O3 -g
FAIL: gcc.c-torture/execute/ieee/hugeval.c execution, -O3 -fssa
FAIL: gcc.c-torture/execute/ieee/hugeval.c execution, -Os
FAIL: gcc.c-torture/execute/ieee/mzero2.c execution, -O0
FAIL: gcc.c-torture/execute/ieee/mzero2.c execution, -O1
FAIL: gcc.c-torture/execute/ieee/mzero2.c execution, -O2
FAIL: gcc.c-torture/execute/ieee/mzero2.c execution, -O3 -fomit-frame-pointer
FAIL: gcc.c-torture/execute/ieee/mzero2.c execution, -O3 -g
FAIL: gcc.c-torture/execute/ieee/mzero2.c execution, -O3 -fssa
FAIL: gcc.c-torture/execute/ieee/mzero2.c execution, -Os
XPASS: gcc.c-torture/execute/memcheck/blkarg.c execution, -O0
XPASS: gcc.c-torture/execute/memcheck/blkarg.c execution, -O1
XPASS: gcc.c-torture/execute/memcheck/blkarg.c execution, -O2
XPASS: gcc.c-torture/execute/memcheck/blkarg.c execution, -Os
FAIL: gcc.dg/20000419-2.c (test for excess errors)
FAIL: gcc.dg/c90-printf-2.c (test for excess errors)
FAIL: gcc.dg/c90-scanf-2.c (test for excess errors)
FAIL: gcc.dg/c99-array-nonobj-1.c func [] arg (test for errors, line 26)
FAIL: gcc.dg/c99-array-nonobj-1.c (test for excess errors)
FAIL: gcc.dg/c99-printf-1.c (test for excess errors)
FAIL: gcc.dg/c99-scanf-1.c (test for excess errors)
FAIL: gcc.dg/special/weak-1.c (test for excess errors)
FAIL: gcc.dg/special/weak-2.c (test for excess errors)
FAIL: wkali-2a.o
=== gcc Summary ===
# of expected passes 13959
# of unexpected failures 58
# of unexpected successes 4
# of expected failures 71
# of unsupported tests 47
/usr/local/tmp/egcs/gcc/xgcc version 2.97 20001009 (experimental)
=== libg++ tests ===
Running target unix
FAIL: tBag.cc compilation
FAIL: tBitString.cc compilation
FAIL: tDeque.cc compilation
FAIL: tFix.cc compilation
FAIL: tInteger.cc compilation
FAIL: tMap.cc compilation
FAIL: tPQ.cc compilation
FAIL: tPlex.cc compilation
FAIL: tQueue.cc compilation
FAIL: tRational.cc compilation
FAIL: tSet.cc compilation
FAIL: tStack.cc compilation
FAIL: tString.cc compilation
=== libg++ Summary ===
# of expected passes 33
# of unexpected failures 13
# of expected failures 26
=== libio tests ===
Running target unix
=== libio Summary ===
# of expected passes 40
=== libstdc++ tests ===
Running target unix
=== libstdc++ Summary ===
# of expected passes 30
=== objc tests ===
Running target unix
FAIL: objc/execute/np-1.m compilation, -O
FAIL: objc/execute/np-2.m compilation, -O
=== objc Summary ===
# of expected passes 44
# of unexpected failures 2
# of untested testcases 2
/usr/local/tmp/egcs/gcc/xgcc version 2.97 20001009 (experimental)
Compiler version: 2.97 20001009 (experimental)
Platform: alphaev56-dec-osf4.0d
BOOT_CFLAGS: -g -O9 -W -Wall
Counting all warnings,
there are 259 warnings in stage3 of this bootstrap.
Number of warnings per file:
86 /home/lsd/oliva/src/egcs/include/getopt.h
35 /home/lsd/oliva/src/egcs/gcc/java/verify.c
22 /home/lsd/oliva/src/egcs/gcc/f/target.c
18 /home/lsd/oliva/src/egcs/gcc/cpphash.h
9 /home/lsd/oliva/src/egcs/gcc/reload.c
8 /home/lsd/oliva/src/egcs/gcc/sdbout.c
8 /home/lsd/oliva/src/egcs/gcc/mips-tfile.c
8 /home/lsd/oliva/src/egcs/gcc/libgcc2.c
6 /home/lsd/oliva/src/egcs/gcc/loop.c
6 /home/lsd/oliva/src/egcs/gcc/f/expr.c
6 /home/lsd/oliva/src/egcs/gcc/combine.c
5 /home/lsd/oliva/src/egcs/gcc/cse.c
5 /home/lsd/oliva/src/egcs/gcc/cp/error.c
4 /home/lsd/oliva/src/egcs/gcc/cpplex.c
3 /home/lsd/oliva/src/egcs/gcc/final.c
3 /home/lsd/oliva/src/egcs/gcc/config/alpha/alpha.c
2 /home/lsd/oliva/src/egcs/gcc/java/jcf-reader.c
2 /home/lsd/oliva/src/egcs/gcc/gcc.c
2 /home/lsd/oliva/src/egcs/gcc/expr.c
2 /home/lsd/oliva/src/egcs/gcc/cppinit.c
2 /home/lsd/oliva/src/egcs/gcc/c-common.c
1 /home/lsd/oliva/src/egcs/gcc/regclass.c
1 /home/lsd/oliva/src/egcs/gcc/print-rtl.c
1 /home/lsd/oliva/src/egcs/gcc/objc/objc-parse.y
1 /home/lsd/oliva/src/egcs/gcc/mips-tdump.c
1 /home/lsd/oliva/src/egcs/gcc/java/jvspec.c
1 /home/lsd/oliva/src/egcs/gcc/java/jcf-write.c
1 /home/lsd/oliva/src/egcs/gcc/java/jcf-parse.c
1 /home/lsd/oliva/src/egcs/gcc/haifa-sched.c
1 /home/lsd/oliva/src/egcs/gcc/gcse.c
1 /home/lsd/oliva/src/egcs/gcc/fold-const.c
1 /home/lsd/oliva/src/egcs/gcc/f/lang-specs.h
1 /home/lsd/oliva/src/egcs/gcc/cppexp.c
1 /home/lsd/oliva/src/egcs/gcc/cp/spew.c
1 /home/lsd/oliva/src/egcs/gcc/cp/search.c
1 /home/lsd/oliva/src/egcs/gcc/cp/errfn.c
1 /home/lsd/oliva/src/egcs/gcc/collect2.c
1 /home/lsd/oliva/src/egcs/gcc/c-parse.y
Number of warning types:
92 function declaration isn't a prototype
64 value computed is not used
25 traditional C rejects the 'u' suffix
13 `???' might be used uninitialized in this function
12 signed and unsigned type in conditional expression
11 comparison between signed and unsigned
7 ??? format, ??? arg (arg ???)
6 initialization discards qualifiers from pointer target type
6 assignment discards qualifiers from pointer target type
5 initialization from incompatible pointer type
4 implicit declaration of function `???'
3 string length `???' is greater than the minimum length `???' ISO C89 is required to support
2 width of integer constant changes with -traditional
2 no previous prototype for `???'
2 `???' defined but not used
1 unused variable `???'
1 unused parameter `???'
1 pointer targets in passing arg ??? of `???' differ in signedness
1 overflow in implicit constant conversion
1 `long' switch expression not converted to `int' in ISO C