This is the mail archive of the
gcc-testresults@gcc.gnu.org
mailing list for the GCC project.
Results for 2.97 20001009 (experimental) testsuite on hppa2.0-hp-hpux10.20
- To: gcc-testresults at gcc dot gnu dot org
- Subject: Results for 2.97 20001009 (experimental) testsuite on hppa2.0-hp-hpux10.20
- From: RDBrown at mira dot net
- Date: Wed, 11 Oct 2000 10:33:44 +1100
Native configuration is hppa2.0-hp-hpux10.20
=== libio tests ===
Running target unix
FAIL: tfformat.c compilation
=== libio Summary ===
# of expected passes 38
# of unexpected failures 1
# of expected failures 1
=== libstdc++ tests ===
Running target unix
=== libstdc++ Summary ===
# of expected passes 30
=== gcc tests ===
Running target unix
FAIL: gcc.c-torture/compile/941019-1.c, -O3 -fssa
FAIL: gcc.c-torture/compile/20000804-1.c, -O0
FAIL: gcc.c-torture/compile/20000606-1.c, -O0
FAIL: gcc.c-torture/compile/20000606-1.c, -O1
FAIL: gcc.c-torture/compile/20000606-1.c, -O2
FAIL: gcc.c-torture/compile/20000606-1.c, -O3 -fomit-frame-pointer
FAIL: gcc.c-torture/compile/20000606-1.c, -O3 -g
FAIL: gcc.c-torture/compile/20000606-1.c, -O3 -fssa
FAIL: gcc.c-torture/compile/20000606-1.c, -Os
FAIL: gcc.c-torture/execute/20001009-2.c execution, -O0
FAIL: gcc.c-torture/execute/20001009-2.c execution, -O1
FAIL: gcc.c-torture/execute/20001009-2.c execution, -O2
FAIL: gcc.c-torture/execute/20001009-2.c execution, -O3 -fomit-frame-pointer
FAIL: gcc.c-torture/execute/20001009-2.c execution, -O3 -fomit-frame-pointer -funroll-loops
FAIL: gcc.c-torture/execute/20001009-2.c execution, -O3 -fomit-frame-pointer -funroll-all-loops -finline-functions
FAIL: gcc.c-torture/execute/20001009-2.c execution, -O3 -g
FAIL: gcc.c-torture/execute/20001009-2.c execution, -O3 -fssa
FAIL: gcc.c-torture/execute/20001009-2.c execution, -Os
FAIL: gcc.c-torture/execute/930622-2.c compilation, -O3 -fssa
FAIL: gcc.c-torture/execute/960215-1.c execution, -O1
FAIL: gcc.c-torture/execute/960215-1.c compilation, -O3 -fssa
FAIL: gcc.c-torture/execute/960405-1.c compilation, -O3 -fssa
FAIL: gcc.c-torture/execute/960513-1.c compilation, -O3 -fssa
FAIL: gcc.c-torture/execute/regstack-1.c execution, -O1
FAIL: gcc.c-torture/execute/regstack-1.c compilation, -O3 -fssa
FAIL: gcc.c-torture/execute/strct-stdarg-1.c execution, -O0
FAIL: gcc.c-torture/execute/strct-stdarg-1.c execution, -O1
FAIL: gcc.c-torture/execute/strct-stdarg-1.c execution, -O2
FAIL: gcc.c-torture/execute/strct-stdarg-1.c execution, -O3 -fomit-frame-pointer
FAIL: gcc.c-torture/execute/strct-stdarg-1.c execution, -O3 -fomit-frame-pointer -funroll-loops
FAIL: gcc.c-torture/execute/strct-stdarg-1.c execution, -O3 -fomit-frame-pointer -funroll-all-loops -finline-functions
FAIL: gcc.c-torture/execute/strct-stdarg-1.c execution, -O3 -g
FAIL: gcc.c-torture/execute/strct-stdarg-1.c execution, -O3 -fssa
FAIL: gcc.c-torture/execute/strct-stdarg-1.c execution, -Os
FAIL: gcc.c-torture/execute/va-arg-5.c compilation, -O3 -fssa
FAIL: gcc.c-torture/execute/va-arg-6.c compilation, -O3 -fssa
FAIL: gcc.c-torture/execute/ieee/fp-cmp-1.c execution, -O0
FAIL: gcc.c-torture/execute/ieee/fp-cmp-1.c execution, -O1
FAIL: gcc.c-torture/execute/ieee/fp-cmp-1.c execution, -O2
FAIL: gcc.c-torture/execute/ieee/fp-cmp-1.c execution, -O3 -fomit-frame-pointer
FAIL: gcc.c-torture/execute/ieee/fp-cmp-1.c execution, -O3 -fomit-frame-pointer -funroll-loops
FAIL: gcc.c-torture/execute/ieee/fp-cmp-1.c execution, -O3 -fomit-frame-pointer -funroll-all-loops -finline-functions
FAIL: gcc.c-torture/execute/ieee/fp-cmp-1.c execution, -O3 -g
FAIL: gcc.c-torture/execute/ieee/fp-cmp-1.c execution, -O3 -fssa
FAIL: gcc.c-torture/execute/ieee/fp-cmp-1.c execution, -Os
FAIL: gcc.c-torture/execute/ieee/fp-cmp-2.c execution, -O0
FAIL: gcc.c-torture/execute/ieee/fp-cmp-2.c execution, -O1
FAIL: gcc.c-torture/execute/ieee/fp-cmp-2.c execution, -O2
FAIL: gcc.c-torture/execute/ieee/fp-cmp-2.c execution, -O3 -fomit-frame-pointer
FAIL: gcc.c-torture/execute/ieee/fp-cmp-2.c execution, -O3 -fomit-frame-pointer -funroll-loops
FAIL: gcc.c-torture/execute/ieee/fp-cmp-2.c execution, -O3 -fomit-frame-pointer -funroll-all-loops -finline-functions
FAIL: gcc.c-torture/execute/ieee/fp-cmp-2.c execution, -O3 -g
FAIL: gcc.c-torture/execute/ieee/fp-cmp-2.c execution, -O3 -fssa
FAIL: gcc.c-torture/execute/ieee/fp-cmp-2.c execution, -Os
FAIL: gcc.c-torture/execute/ieee/fp-cmp-3.c compilation, -O3 -fssa
FAIL: gcc.c-torture/execute/ieee/fp-cmp-4.c compilation, -O0
FAIL: gcc.c-torture/execute/ieee/fp-cmp-4.c compilation, -O1
FAIL: gcc.c-torture/execute/ieee/fp-cmp-4.c compilation, -O2
FAIL: gcc.c-torture/execute/ieee/fp-cmp-4.c compilation, -O3 -fomit-frame-pointer
FAIL: gcc.c-torture/execute/ieee/fp-cmp-4.c compilation, -O3 -fomit-frame-pointer -funroll-loops
FAIL: gcc.c-torture/execute/ieee/fp-cmp-4.c compilation, -O3 -fomit-frame-pointer -funroll-all-loops -finline-functions
FAIL: gcc.c-torture/execute/ieee/fp-cmp-4.c compilation, -O3 -g
FAIL: gcc.c-torture/execute/ieee/fp-cmp-4.c compilation, -O3 -fssa
FAIL: gcc.c-torture/execute/ieee/fp-cmp-4.c compilation, -Os
FAIL: gcc.c-torture/execute/ieee/hugeval.c execution, -O0
FAIL: gcc.c-torture/execute/ieee/hugeval.c execution, -O1
FAIL: gcc.c-torture/execute/ieee/hugeval.c execution, -O2
FAIL: gcc.c-torture/execute/ieee/hugeval.c execution, -O3 -fomit-frame-pointer
FAIL: gcc.c-torture/execute/ieee/hugeval.c execution, -O3 -g
FAIL: gcc.c-torture/execute/ieee/hugeval.c execution, -O3 -fssa
FAIL: gcc.c-torture/execute/ieee/hugeval.c execution, -Os
FAIL: gcc.c-torture/execute/ieee/mzero2.c execution, -O1
FAIL: gcc.c-torture/execute/ieee/mzero2.c execution, -O2
FAIL: gcc.c-torture/execute/ieee/mzero2.c execution, -O3 -fomit-frame-pointer
FAIL: gcc.c-torture/execute/ieee/mzero2.c execution, -O3 -g
FAIL: gcc.c-torture/execute/ieee/mzero2.c execution, -O3 -fssa
FAIL: gcc.c-torture/execute/ieee/mzero2.c execution, -Os
FAIL: gcc.dg/20000419-2.c (test for excess errors)
FAIL: gcc.dg/asm-names.c (test for excess errors)
FAIL: gcc.dg/c90-printf-2.c (test for excess errors)
FAIL: gcc.dg/c90-scanf-2.c (test for excess errors)
FAIL: gcc.dg/c99-array-nonobj-1.c func [] arg (test for errors, line 26)
FAIL: gcc.dg/c99-array-nonobj-1.c (test for excess errors)
FAIL: gcc.dg/c99-printf-1.c (test for excess errors)
FAIL: gcc.dg/c99-scanf-1.c (test for excess errors)
FAIL: gcc.dg/format-va-1.c wrong type in format warning (test for bogus messages, line 11)
FAIL: gcc.dg/format-va-1.c format error (test for warnings, line 11)
=== gcc Summary ===
# of expected passes 13914
# of unexpected failures 87
# of expected failures 70
# of unresolved testcases 20
# of unsupported tests 48
/devel/span/rdb/src/egcs-20001009.obj/gcc/xgcc version 2.97 20001009 (experimental)
=== g++ tests ===
Running target unix
FAIL: g++.eh/crash4.C caused compiler crash
FAIL: g++.ext/attrib5.C (test for excess errors)
FAIL: g++.ext/instantiate1.C not instantiated (test for errors, line 18)
FAIL: g++.ext/instantiate1.C not instantiated (test for errors, line 20)
FAIL: g++.ext/instantiate2.C not instantiated (test for errors, line 16)
FAIL: g++.ext/instantiate3.C not instantiated (test for errors, line 13)
XPASS: g++.mike/eh33.C (test for excess errors)
XPASS: g++.mike/eh33.C Execution test
XPASS: g++.mike/eh50.C (test for excess errors)
XPASS: g++.mike/eh50.C Execution test
FAIL: g++.other/crash18.C (test for excess errors)
FAIL: g++.pt/static8.C (test for excess errors)
=== g++ Summary ===
# of expected passes 6008
# of unexpected failures 8
# of unexpected successes 4
# of expected failures 98
# of untested testcases 18
/devel/span/rdb/src/egcs-20001009.obj/gcc/testsuite/../g++ version 2.97 20001009 (experimental)
=== g77 tests ===
Running target unix
=== g77 Summary ===
# of expected passes 992
=== objc tests ===
Running target unix
FAIL: objc/execute/np-1.m compilation, -O
FAIL: objc/execute/np-2.m compilation, -O
=== objc Summary ===
# of expected passes 44
# of unexpected failures 2
# of untested testcases 2
/devel/span/rdb/src/egcs-20001009.obj/gcc/xgcc version 2.97 20001009 (experimental)
Compiler version: 2.97 20001009 (experimental)
Platform: hppa2.0-hp-hpux10.20
configure flags: --host=hppa2.0-hp-hpux10.20 --with-gnu-as
Counting all warnings,
there are 248 warnings in stage3 of this bootstrap.
Number of warnings per file:
35 ../../../egcs-20001009/gcc/java/verify.c
32 ../../egcs-20001009/gcc/combine.c
30 ../../egcs-20001009/gcc/expr.c
22 ../../egcs-20001009/gcc/config/pa/pa.c
11 ../../egcs-20001009/gcc/recog.c
11 ../../egcs-20001009/gcc/cse.c
11 ../../egcs-20001009/gcc/calls.c
10 ../../egcs-20001009/gcc/loop.c
9 ../../egcs-20001009/gcc/reload.c
8 quadlib.c
7 ../../egcs-20001009/gcc/varasm.c
6 ../../egcs-20001009/gcc/reload1.c
6 ../../egcs-20001009/gcc/function.c
5 ../../egcs-20001009/gcc/libgcc2.c
5 ../../../egcs-20001009/gcc/cp/error.c
4 ../../egcs-20001009/gcc/c-common.h
4 ../../../egcs-20001009/gcc/java/jcf-reader.c
3 ../../egcs-20001009/gcc/final.c
2 alloca.c
2 ../../egcs-20001009/gcc/fold-const.c
2 ../../egcs-20001009/gcc/cpplex.c
2 ../../egcs-20001009/gcc/config/pa/pa.md
2 ../../egcs-20001009/gcc/c-common.c
2 ../../egcs-20001009/gcc/alias.c
2 ../../../egcs-20001009/gcc/java/lex.c
1 insn-output.c
1 ../../egcs-20001009/gcc/regmove.c
1 ../../egcs-20001009/gcc/regclass.c
1 ../../egcs-20001009/gcc/print-rtl.c
1 ../../egcs-20001009/gcc/java/jvspec.c
1 ../../egcs-20001009/gcc/haifa-sched.c
1 ../../egcs-20001009/gcc/gcse.c
1 ../../egcs-20001009/gcc/gcc.c
1 ../../egcs-20001009/gcc/flow.c
1 ../../egcs-20001009/gcc/f/lang-specs.h
1 ../../egcs-20001009/gcc/expmed.c
1 ../../egcs-20001009/gcc/collect2.c
1 ../../../egcs-20001009/gcc/java/jcf-parse.c
1 ../../../egcs-20001009/gcc/cp/search.c
1 ../../../egcs-20001009/gcc/cp/errfn.c
Number of warning types:
70 comparison between signed and unsigned
39 integer constant larger than the maximum value of an unsigned long int
36 value computed is not used
27 signed and unsigned type in conditional expression
15 \`???' might be used uninitialized in this function
9 no previous prototype for \`???'
8 function declaration isn't a prototype
5 return discards qualifiers from pointer target type
5 initialization from incompatible pointer type
4 unused parameter \`???'
4 \`???' defined but not used
4 ??? format, ??? arg (arg ???)
3 string length \`???' is greater than the minimum length \`???' ISO C89 is required to support
3 assignment discards qualifiers from pointer target type
2 unused variable \`???'
2 traditional C rejects the 'u' suffix
2 pointer targets in passing arg ??? of \`???' differ in signedness
2 passing arg ??? of \`???' from incompatible pointer type
2 \`???' not in PREDICATE_CODES
1 parameter has incomplete type
1 non-static declaration for \`???' follows static
1 its scope is only this definition or declaration, which is probably not what you want.
1 initialization discards qualifiers from pointer target type
1 \`???' declared inside parameter list
1 ISO C forbids forward references to \`???' types