This is the mail archive of the
gcc-testresults@gcc.gnu.org
mailing list for the GCC project.
Results for 2.96 20000918 (experimental) testsuite on hppa1.1-hp-hpux10.20
- To: gcc-testresults at gcc dot gnu dot org
- Subject: Results for 2.96 20000918 (experimental) testsuite on hppa1.1-hp-hpux10.20
- From: Alexandre Oliva <oliva at lsd dot ic dot unicamp dot br>
- Date: Fri, 29 Sep 2000 01:20:38 -0300
Native configuration is hppa1.1-hp-hpux10.20
=== binutils tests ===
Running target unix
=== binutils Summary ===
# of expected passes 23
# of expected failures 1
# of untested testcases 4
=== g++ tests ===
Running target unix
FAIL: g++.eh/catchptr1.C Execution test
FAIL: g++.eh/crash4.C caused compiler crash
FAIL: g++.eh/spec1.C Execution test
FAIL: g++.eh/spec2.C Execution test
FAIL: g++.eh/spec3.C Execution test
FAIL: g++.ext/attrib5.C (test for excess errors)
FAIL: g++.ext/instantiate1.C not instantiated (test for errors, line 18)
FAIL: g++.ext/instantiate1.C not instantiated (test for errors, line 20)
FAIL: g++.ext/instantiate2.C not instantiated (test for errors, line 16)
FAIL: g++.ext/instantiate3.C not instantiated (test for errors, line 13)
FAIL: g++.mike/dyncast1.C Execution test
FAIL: g++.mike/dyncast2.C Execution test
FAIL: g++.mike/eh21.C Execution test
XPASS: g++.mike/eh33.C (test for excess errors)
FAIL: g++.mike/eh34.C Execution test
FAIL: g++.mike/eh38.C Execution test
FAIL: g++.mike/eh44.C Execution test
FAIL: g++.mike/eh5.C Execution test
XPASS: g++.mike/eh50.C (test for excess errors)
FAIL: g++.mike/eh51.C Execution test
FAIL: g++.mike/eh8.C Execution test
FAIL: g++.other/crash18.C (test for excess errors)
FAIL: g++.pt/static8.C (test for excess errors)
FAIL: g++.robertl/eh990323-4.C Execution test
=== g++ Summary ===
# of expected passes 5974
# of unexpected failures 22
# of unexpected successes 2
# of expected failures 102
# of untested testcases 18
/home/oliva/egcs/gcc/testsuite/../g++ version 2.96 20000918 (experimental)
=== g77 tests ===
Running target unix
=== g77 Summary ===
# of expected passes 983
=== gas tests ===
Running target unix
FAIL: reduce3.s: Test even more relocation reductions (part 2)
=== gas Summary ===
# of expected passes 169
# of unexpected failures 1
# of expected failures 4
=== gcc tests ===
Running target unix
FAIL: gcc.c-torture/compile/941019-1.c, -O3 -fssa
FAIL: gcc.c-torture/compile/20000804-1.c, -O0
FAIL: gcc.c-torture/compile/20000606-1.c, -O0
FAIL: gcc.c-torture/compile/20000606-1.c, -O1
FAIL: gcc.c-torture/compile/20000606-1.c, -O2
FAIL: gcc.c-torture/compile/20000606-1.c, -O3 -fomit-frame-pointer
FAIL: gcc.c-torture/compile/20000606-1.c, -O3 -g
FAIL: gcc.c-torture/compile/20000606-1.c, -O3 -fssa
FAIL: gcc.c-torture/compile/20000606-1.c, -Os
FAIL: gcc.c-torture/execute/20000225-1.c execution, -O2
FAIL: gcc.c-torture/execute/20000225-1.c execution, -O3 -fomit-frame-pointer
FAIL: gcc.c-torture/execute/20000225-1.c execution, -O3 -fomit-frame-pointer -funroll-loops
FAIL: gcc.c-torture/execute/20000225-1.c execution, -O3 -fomit-frame-pointer -funroll-all-loops -finline-functions
FAIL: gcc.c-torture/execute/20000225-1.c execution, -O3 -g
FAIL: gcc.c-torture/execute/20000225-1.c execution, -O3 -fssa
FAIL: gcc.c-torture/execute/20000225-1.c execution, -Os
FAIL: gcc.c-torture/execute/20000731-2.c execution, -O3 -fomit-frame-pointer -funroll-all-loops -finline-functions
FAIL: gcc.c-torture/execute/20000801-1.c execution, -O2
FAIL: gcc.c-torture/execute/20000801-1.c execution, -O3 -fomit-frame-pointer
FAIL: gcc.c-torture/execute/20000801-1.c execution, -O3 -fomit-frame-pointer -funroll-loops
FAIL: gcc.c-torture/execute/20000801-1.c execution, -O3 -fomit-frame-pointer -funroll-all-loops -finline-functions
FAIL: gcc.c-torture/execute/20000801-1.c execution, -O3 -g
FAIL: gcc.c-torture/execute/20000801-1.c execution, -Os
FAIL: gcc.c-torture/execute/20000801-2.c execution, -O3 -fomit-frame-pointer -funroll-all-loops -finline-functions
FAIL: gcc.c-torture/execute/20000818-1.c compilation, -O3 -fomit-frame-pointer -funroll-all-loops -finline-functions
FAIL: gcc.c-torture/execute/20000906-1.c compilation, -O0
FAIL: gcc.c-torture/execute/20000906-1.c compilation, -O1
FAIL: gcc.c-torture/execute/20000906-1.c compilation, -O2
FAIL: gcc.c-torture/execute/20000906-1.c compilation, -O3 -fomit-frame-pointer
FAIL: gcc.c-torture/execute/20000906-1.c compilation, -O3 -fomit-frame-pointer -funroll-loops
FAIL: gcc.c-torture/execute/20000906-1.c compilation, -O3 -fomit-frame-pointer -funroll-all-loops -finline-functions
FAIL: gcc.c-torture/execute/20000906-1.c compilation, -O3 -g
FAIL: gcc.c-torture/execute/20000906-1.c compilation, -O3 -fssa
FAIL: gcc.c-torture/execute/20000906-1.c compilation, -Os
FAIL: gcc.c-torture/execute/930622-2.c compilation, -O3 -fssa
FAIL: gcc.c-torture/execute/960215-1.c execution, -O1
FAIL: gcc.c-torture/execute/960215-1.c compilation, -O3 -fssa
FAIL: gcc.c-torture/execute/960405-1.c compilation, -O3 -fssa
FAIL: gcc.c-torture/execute/960513-1.c compilation, -O3 -fssa
FAIL: gcc.c-torture/execute/regstack-1.c execution, -O1
FAIL: gcc.c-torture/execute/regstack-1.c compilation, -O3 -fssa
FAIL: gcc.c-torture/execute/strct-stdarg-1.c execution, -O0
FAIL: gcc.c-torture/execute/strct-stdarg-1.c execution, -O1
FAIL: gcc.c-torture/execute/strct-stdarg-1.c execution, -O2
FAIL: gcc.c-torture/execute/strct-stdarg-1.c execution, -O3 -fomit-frame-pointer
FAIL: gcc.c-torture/execute/strct-stdarg-1.c execution, -O3 -fomit-frame-pointer -funroll-loops
FAIL: gcc.c-torture/execute/strct-stdarg-1.c execution, -O3 -fomit-frame-pointer -funroll-all-loops -finline-functions
FAIL: gcc.c-torture/execute/strct-stdarg-1.c execution, -O3 -g
FAIL: gcc.c-torture/execute/strct-stdarg-1.c execution, -O3 -fssa
FAIL: gcc.c-torture/execute/strct-stdarg-1.c execution, -Os
FAIL: gcc.c-torture/execute/va-arg-5.c compilation, -O3 -fssa
FAIL: gcc.c-torture/execute/va-arg-6.c compilation, -O3 -fssa
FAIL: gcc.c-torture/execute/ieee/fp-cmp-1.c execution, -O0
FAIL: gcc.c-torture/execute/ieee/fp-cmp-1.c execution, -O1
FAIL: gcc.c-torture/execute/ieee/fp-cmp-1.c execution, -O2
FAIL: gcc.c-torture/execute/ieee/fp-cmp-1.c execution, -O3 -fomit-frame-pointer
FAIL: gcc.c-torture/execute/ieee/fp-cmp-1.c execution, -O3 -fomit-frame-pointer -funroll-loops
FAIL: gcc.c-torture/execute/ieee/fp-cmp-1.c execution, -O3 -fomit-frame-pointer -funroll-all-loops -finline-functions
FAIL: gcc.c-torture/execute/ieee/fp-cmp-1.c execution, -O3 -g
FAIL: gcc.c-torture/execute/ieee/fp-cmp-1.c execution, -O3 -fssa
FAIL: gcc.c-torture/execute/ieee/fp-cmp-1.c execution, -Os
FAIL: gcc.c-torture/execute/ieee/fp-cmp-2.c execution, -O0
FAIL: gcc.c-torture/execute/ieee/fp-cmp-2.c execution, -O1
FAIL: gcc.c-torture/execute/ieee/fp-cmp-2.c execution, -O2
FAIL: gcc.c-torture/execute/ieee/fp-cmp-2.c execution, -O3 -fomit-frame-pointer
FAIL: gcc.c-torture/execute/ieee/fp-cmp-2.c execution, -O3 -fomit-frame-pointer -funroll-loops
FAIL: gcc.c-torture/execute/ieee/fp-cmp-2.c execution, -O3 -fomit-frame-pointer -funroll-all-loops -finline-functions
FAIL: gcc.c-torture/execute/ieee/fp-cmp-2.c execution, -O3 -g
FAIL: gcc.c-torture/execute/ieee/fp-cmp-2.c execution, -O3 -fssa
FAIL: gcc.c-torture/execute/ieee/fp-cmp-2.c execution, -Os
FAIL: gcc.c-torture/execute/ieee/fp-cmp-3.c compilation, -O3 -fssa
FAIL: gcc.c-torture/execute/ieee/fp-cmp-4.c compilation, -O0
FAIL: gcc.c-torture/execute/ieee/fp-cmp-4.c compilation, -O1
FAIL: gcc.c-torture/execute/ieee/fp-cmp-4.c compilation, -O2
FAIL: gcc.c-torture/execute/ieee/fp-cmp-4.c compilation, -O3 -fomit-frame-pointer
FAIL: gcc.c-torture/execute/ieee/fp-cmp-4.c compilation, -O3 -fomit-frame-pointer -funroll-loops
FAIL: gcc.c-torture/execute/ieee/fp-cmp-4.c compilation, -O3 -fomit-frame-pointer -funroll-all-loops -finline-functions
FAIL: gcc.c-torture/execute/ieee/fp-cmp-4.c compilation, -O3 -g
FAIL: gcc.c-torture/execute/ieee/fp-cmp-4.c compilation, -O3 -fssa
FAIL: gcc.c-torture/execute/ieee/fp-cmp-4.c compilation, -Os
FAIL: gcc.c-torture/execute/ieee/hugeval.c execution, -O0
FAIL: gcc.c-torture/execute/ieee/hugeval.c execution, -O1
FAIL: gcc.c-torture/execute/ieee/hugeval.c execution, -O2
FAIL: gcc.c-torture/execute/ieee/hugeval.c execution, -O3 -fomit-frame-pointer
FAIL: gcc.c-torture/execute/ieee/hugeval.c execution, -O3 -g
FAIL: gcc.c-torture/execute/ieee/hugeval.c execution, -O3 -fssa
FAIL: gcc.c-torture/execute/ieee/hugeval.c execution, -Os
FAIL: gcc.c-torture/execute/ieee/mzero2.c execution, -O1
FAIL: gcc.c-torture/execute/ieee/mzero2.c execution, -O2
FAIL: gcc.c-torture/execute/ieee/mzero2.c execution, -O3 -fomit-frame-pointer
FAIL: gcc.c-torture/execute/ieee/mzero2.c execution, -O3 -g
FAIL: gcc.c-torture/execute/ieee/mzero2.c execution, -O3 -fssa
FAIL: gcc.c-torture/execute/ieee/mzero2.c execution, -Os
FAIL: gcc.dg/20000419-2.c (test for excess errors)
FAIL: gcc.dg/asm-names.c (test for excess errors)
FAIL: gcc.dg/c99-array-nonobj-1.c func [] arg (test for errors, line 26)
FAIL: gcc.dg/c99-array-nonobj-1.c (test for excess errors)
FAIL: gcc.dg/compare2.c case 10 (test for bogus messages, line 29)
FAIL: gcc.dg/format-va-1.c wrong type in format warning (test for bogus messages, line 11)
FAIL: gcc.dg/format-va-1.c format error (test for warnings, line 11)
FAIL: gcc.dg/noreturn-2.c noreturn does return (test for bogus messages, line 12)
FAIL: gcc.dg/return-type-2.c warning for falling off end of non-void function (test for bogus messages, line 24)
FAIL: gcc.dg/return-type-2.c warning for falling off end of non-void function (test for bogus messages, line 42)
FAIL: gcc.dg/unused-3.c unused variable warning (test for warnings, line 8)
=== gcc Summary ===
# of expected passes 13836
# of unexpected failures 104
# of expected failures 72
# of unresolved testcases 30
# of unsupported tests 47
/home/oliva/egcs/gcc/xgcc version 2.96 20000918 (experimental)
=== libg++ tests ===
Running target unix
FAIL: tBitString.cc compilation
FAIL: tFix.cc compilation
FAIL: tInteger.cc compilation
FAIL: tRational.cc compilation
FAIL: tString.cc compilation
=== libg++ Summary ===
# of expected passes 57
# of unexpected failures 5
# of expected failures 10
=== libio tests ===
Running target unix
FAIL: tFile.cc compilation
FAIL: tFile.cc compilation -b0
FAIL: tFile.cc compilation -b3
FAIL: tfformat.c compilation
=== libio Summary ===
# of expected passes 29
# of unexpected failures 4
# of expected failures 7
=== libstdc++ tests ===
Running target unix
=== libstdc++ Summary ===
# of expected passes 30
=== objc tests ===
Running target unix
FAIL: objc/execute/bf-1.m execution, -O
FAIL: objc/execute/bf-10.m execution, -O
FAIL: objc/execute/bf-11.m execution, -O
FAIL: objc/execute/bf-12.m execution, -O
FAIL: objc/execute/bf-13.m execution, -O
FAIL: objc/execute/bf-14.m execution, -O
FAIL: objc/execute/bf-15.m execution, -O
FAIL: objc/execute/bf-16.m execution, -O
FAIL: objc/execute/bf-17.m execution, -O
FAIL: objc/execute/bf-18.m execution, -O
FAIL: objc/execute/bf-19.m execution, -O
FAIL: objc/execute/bf-2.m execution, -O
FAIL: objc/execute/bf-20.m execution, -O
FAIL: objc/execute/bf-3.m execution, -O
FAIL: objc/execute/bf-4.m execution, -O
FAIL: objc/execute/bf-5.m execution, -O
FAIL: objc/execute/bf-6.m execution, -O
FAIL: objc/execute/bf-7.m execution, -O
FAIL: objc/execute/bf-8.m execution, -O
FAIL: objc/execute/bf-9.m execution, -O
FAIL: objc/execute/string1.m compilation, -O
FAIL: objc/execute/string2.m compilation, -O
=== objc Summary ===
# of expected passes 20
# of unexpected failures 22
# of untested testcases 2
/home/oliva/egcs/gcc/xgcc version 2.96 20000918 (experimental)
Compiler version: 2.96 20000918 (experimental)
Platform: hppa1.1-hp-hpux10.20
BOOT_CFLAGS: -g -O9 -W -Wall
Counting all warnings,
there are 1185 warnings in stage3 of this bootstrap.
Number of warnings per file:
247 /home/oliva/src/egcs/gcc/cp/error.c
117 /home/oliva/src/egcs/gcc/cp/method.c
78 /home/oliva/src/egcs/gcc/cp/mangle.c
75 /home/oliva/src/egcs/gcc/objc/objc-act.c
59 /home/oliva/src/egcs/gcc/gcc.c
35 /home/oliva/src/egcs/gcc/java/verify.c
34 /home/oliva/src/egcs/gcc/varasm.c
34 /home/oliva/src/egcs/gcc/java/parse.y
32 /home/oliva/src/egcs/gcc/combine.c
31 /home/oliva/src/egcs/gcc/expr.c
30 /home/oliva/src/egcs/gcc/java/class.c
25 /home/oliva/src/egcs/gcc/ch/lex.c
23 /home/oliva/src/egcs/gcc/java/lex.c
22 /home/oliva/src/egcs/gcc/config/pa/pa.c
19 /home/oliva/src/egcs/gcc/tree.c
18 /home/oliva/src/egcs/gcc/cp/spew.c
15 /home/oliva/src/egcs/gcc/tlink.c
15 /home/oliva/src/egcs/gcc/genattrtab.c
13 /home/oliva/src/egcs/gcc/libgcc2.c
13 /home/oliva/src/egcs/gcc/cp/pt.c
11 /home/oliva/src/egcs/gcc/recog.c
11 /home/oliva/src/egcs/gcc/loop.c
11 /home/oliva/src/egcs/gcc/diagnostic.c
11 /home/oliva/src/egcs/gcc/cse.c
11 /home/oliva/src/egcs/gcc/calls.c
10 /home/oliva/src/egcs/gcc/collect2.c
9 /home/oliva/src/egcs/gcc/reload1.c
9 /home/oliva/src/egcs/gcc/reload.c
8 quadlib.c
8 insn-attrtab.c
8 /home/oliva/src/egcs/gcc/java/typeck.c
7 /home/oliva/src/egcs/gcc/reorg.c
7 /home/oliva/src/egcs/gcc/function.c
7 /home/oliva/src/egcs/gcc/cp/repo.c
6 /home/oliva/src/egcs/gcc/java/mangle.c
5 cxxmain.c
5 /home/oliva/src/egcs/gcc/stmt.c
5 /home/oliva/src/egcs/gcc/rtl.c
4 /home/oliva/src/egcs/gcc/jump.c
4 /home/oliva/src/egcs/gcc/java/jcf-parse.c
4 /home/oliva/src/egcs/gcc/gcse.c
4 /home/oliva/src/egcs/gcc/fold-const.c
4 /home/oliva/src/egcs/gcc/final.c
4 /home/oliva/src/egcs/gcc/c-common.h
3 /n/gnu/bison-1.28/share/bison.simple
3 /home/oliva/src/egcs/gcc/toplev.c
3 /home/oliva/src/egcs/gcc/java/jv-scan.c
3 /home/oliva/src/egcs/gcc/java/jcf-dump.c
3 /home/oliva/src/egcs/gcc/cpplib.c
3 /home/oliva/src/egcs/gcc/cpplex.c
3 /home/oliva/src/egcs/gcc/cp/search.c
2 alloca.c
2 /home/oliva/src/egcs/gcc/tradcpp.c
2 /home/oliva/src/egcs/gcc/java/jvgenmain.c
2 /home/oliva/src/egcs/gcc/java/jcf-reader.c
2 /home/oliva/src/egcs/gcc/java/gjavah.c
2 /home/oliva/src/egcs/gcc/java/expr.c
2 /home/oliva/src/egcs/gcc/ggc-callbacks.c
2 /home/oliva/src/egcs/gcc/gengenrtl.c
2 /home/oliva/src/egcs/gcc/genflags.c
2 /home/oliva/src/egcs/gcc/gcov.c
2 /home/oliva/src/egcs/gcc/config/pa/pa.md
2 /home/oliva/src/egcs/gcc/alias.c
1 insn-output.c
1 /home/oliva/src/egcs/gcc/varray.c
1 /home/oliva/src/egcs/gcc/unroll.c
1 /home/oliva/src/egcs/gcc/stor-layout.c
1 /home/oliva/src/egcs/gcc/ssa.c
1 /home/oliva/src/egcs/gcc/simplify-rtx.c
1 /home/oliva/src/egcs/gcc/regmove.c
1 /home/oliva/src/egcs/gcc/regclass.c
1 /home/oliva/src/egcs/gcc/real.c
1 /home/oliva/src/egcs/gcc/print-rtl.c
1 /home/oliva/src/egcs/gcc/objc/objc-parse.y
1 /home/oliva/src/egcs/gcc/java/jvspec.c
1 /home/oliva/src/egcs/gcc/java/jcf-write.c
1 /home/oliva/src/egcs/gcc/java/jcf-io.c
1 /home/oliva/src/egcs/gcc/hash.c
1 /home/oliva/src/egcs/gcc/genrecog.c
1 /home/oliva/src/egcs/gcc/flow.c
1 /home/oliva/src/egcs/gcc/fix-header.c
1 /home/oliva/src/egcs/gcc/f/lang-specs.h
1 /home/oliva/src/egcs/gcc/expmed.c
1 /home/oliva/src/egcs/gcc/errors.c
1 /home/oliva/src/egcs/gcc/emit-rtl.c
1 /home/oliva/src/egcs/gcc/cpphash.c
1 /home/oliva/src/egcs/gcc/cp/typeck2.c
1 /home/oliva/src/egcs/gcc/cp/exception.cc
1 /home/oliva/src/egcs/gcc/cp/errfn.c
1 /home/oliva/src/egcs/gcc/cp/decl.c
1 /home/oliva/src/egcs/gcc/conflict.c
1 /home/oliva/src/egcs/gcc/ch/typeck.c
1 /home/oliva/src/egcs/gcc/ch/decl.c
1 /home/oliva/src/egcs/gcc/c-parse.y
1 /home/oliva/src/egcs/gcc/bitmap.c
Number of warning types:
895 value computed is not used
70 comparison between signed and unsigned
45 `noreturn' function does return
39 integer constant larger than the maximum value of an unsigned long int
39 control reaches end of non-void function
27 signed and unsigned type in conditional expression
13 `???' might be used uninitialized in this function
9 no previous prototype for `???'
9 function declaration isn't a prototype
5 return discards qualifiers from pointer target type
4 unused parameter `???'
4 ??? format, ??? arg (arg ???)
3 string length `???' is greater than the minimum length `???' ISO C89 is required to support
3 assignment discards qualifiers from pointer target type
3 ICE: would have deleted prologue/epilogue insn
2 traditional C rejects the 'u' suffix
2 pointer targets in passing arg ??? of `???' differ in signedness
2 passing arg ??? of `???' from incompatible pointer type
2 `???' not in PREDICATE_CODES
2 `???' defined but not used
1 parameter has incomplete type
1 non-static declaration for `???' follows static
1 its scope is only this definition or declaration, which is probably not what you want.
1 initialization discards qualifiers from pointer target type
1 implicit declaration of function `???'
1 `???' declared inside parameter list
1 ISO C forbids forward references to `???' types