This is the mail archive of the gcc-testresults@gcc.gnu.org mailing list for the GCC project.
Index Nav: | [Date Index] [Subject Index] [Author Index] [Thread Index] | |
---|---|---|
Message Nav: | [Date Prev] [Date Next] | [Thread Prev] [Thread Next] |
Native configuration is i686-pc-cygwin
=== g++ tests ===
Running target unix FAIL: g++.dg/special/conpr-1.C (test for excess errors) FAIL: conpr-2a.o FAIL: conpr-3a.o FAIL: g++.benjamin/15071.C Execution test FAIL: g++.brendan/copy9.C Execution test FAIL: g++.brendan/ctors1.C Execution test FAIL: g++.brendan/ctors2.C Execution test FAIL: g++.brendan/eh1.C Execution test FAIL: g++.brendan/ptolemy2.C Execution test FAIL: g++.eh/badalloc1.C Execution test FAIL: g++.eh/catch11.C Execution test FAIL: g++.eh/catch12.C Execution test FAIL: g++.eh/catch3.C Execution test FAIL: g++.eh/catch3p.C Execution test FAIL: g++.eh/catch4.C Execution test FAIL: g++.eh/catch4p.C Execution test FAIL: g++.eh/catch5.C Execution test FAIL: g++.eh/catch5p.C Execution test FAIL: g++.eh/catch6.C Execution test FAIL: g++.eh/catch6p.C Execution test FAIL: g++.eh/catch7.C Execution test FAIL: g++.eh/catch7p.C Execution test FAIL: g++.eh/catch8.C Execution test FAIL: g++.eh/catch8p.C Execution test FAIL: g++.eh/catch9.C Execution test FAIL: g++.eh/catch9p.C Execution test FAIL: g++.eh/catchptr1.C Execution test === g++ Summary ===
# of expected passes 1298
# of unexpected failures 27 # of expected failures 10 # of untested testcases 4 e:/src/gnu/gcc/w2k/gcc/testsuite/../g++ version 2.96 20000918 (experimental) === g77 tests === Running target unix FAIL: g77.f-torture/compile/20000629-1.f, -O2 -fomit-frame-pointer -finline-functions -funroll-loops FAIL: g77.f-torture/compile/20000629-1.f, -O2 -fomit-frame-pointer -finline-functions -funroll-all-loops FAIL: g77.f-torture/execute/short.f execution, -Os === g77 Summary ===
# of expected passes 980
# of unexpected failures 3 === gcc tests === Running target unix FAIL: gcc.c-torture/execute/20000225-1.c execution, -O2 FAIL: gcc.c-torture/execute/20000225-1.c execution, -O3 -fomit-frame-pointer FAIL: gcc.c-torture/execute/20000225-1.c execution, -O3 -fomit-frame-pointer -funroll-loops FAIL: gcc.c-torture/execute/20000225-1.c execution, -O3 -fomit-frame-pointer -funroll-all-loops -finline-functions FAIL: gcc.c-torture/execute/20000225-1.c execution, -O3 -g FAIL: gcc.c-torture/execute/20000225-1.c execution, -O3 -fssa FAIL: gcc.c-torture/execute/20000225-1.c execution, -Os FAIL: gcc.c-torture/execute/20000731-2.c execution, -O3 -fomit-frame-pointer -funroll-all-loops -finline-functions FAIL: gcc.c-torture/execute/20000801-1.c execution, -O2 FAIL: gcc.c-torture/execute/20000801-1.c execution, -O3 -fomit-frame-pointer FAIL: gcc.c-torture/execute/20000801-1.c execution, -O3 -fomit-frame-pointer -funroll-loops FAIL: gcc.c-torture/execute/20000801-1.c execution, -O3 -fomit-frame-pointer -funroll-all-loops -finline-functions FAIL: gcc.c-torture/execute/20000801-1.c execution, -O3 -g FAIL: gcc.c-torture/execute/20000801-1.c execution, -Os FAIL: gcc.c-torture/execute/20000801-2.c execution, -O3 -fomit-frame-pointer -funroll-all-loops -finline-functions FAIL: gcc.c-torture/execute/20000818-1.c compilation, -O3 -fomit-frame-pointer -funroll-all-loops -finline-functions FAIL: gcc.c-torture/execute/20000906-1.c execution, -Os FAIL: gcc.dg/cpp/if-2.c wide charconst recognition (test for bogus messages, line 9) FAIL: gcc.dg/20000614-1.c execution test FAIL: gcc.dg/20000614-2.c execution test FAIL: gcc.dg/20000807-1.c (test for excess errors) FAIL: gcc.dg/20000904-1.c (test for excess errors) FAIL: gcc.dg/990213-2.c (test for excess errors) FAIL: gcc.dg/990214-1.c (test for excess errors) FAIL: gcc.dg/991214-1.c (test for excess errors) FAIL: gcc.dg/c99-array-nonobj-1.c func [] arg (test for errors, line 26) FAIL: gcc.dg/c99-array-nonobj-1.c (test for excess errors) FAIL: gcc.dg/compare2.c case 10 (test for bogus messages, line 29) === gcc Summary ===
# of expected passes 12748
# of unexpected failures 28 # of expected failures 66 # of unresolved testcases 1 # of unsupported tests 13 e:/src/gnu/gcc/w2k/gcc/xgcc version 2.96 20000918 (experimental) === objc tests ===
Running target unix FAIL: objc/execute/bf-1.m execution, -O FAIL: objc/execute/bf-10.m execution, -O FAIL: objc/execute/bf-11.m execution, -O FAIL: objc/execute/bf-12.m execution, -O FAIL: objc/execute/bf-13.m execution, -O FAIL: objc/execute/bf-14.m execution, -O FAIL: objc/execute/bf-15.m execution, -O FAIL: objc/execute/bf-16.m execution, -O FAIL: objc/execute/bf-17.m execution, -O FAIL: objc/execute/bf-18.m execution, -O FAIL: objc/execute/bf-19.m execution, -O FAIL: objc/execute/bf-2.m execution, -O FAIL: objc/execute/bf-20.m execution, -O FAIL: objc/execute/bf-3.m execution, -O FAIL: objc/execute/bf-4.m execution, -O FAIL: objc/execute/bf-5.m execution, -O FAIL: objc/execute/bf-6.m execution, -O FAIL: objc/execute/bf-7.m execution, -O FAIL: objc/execute/bf-8.m execution, -O FAIL: objc/execute/bf-9.m execution, -O FAIL: objc/execute/string1.m execution, -O FAIL: objc/execute/string2.m execution, -O === objc Summary ===
# of expected passes 22
# of unexpected failures 22 e:/src/gnu/gcc/w2k/gcc/xgcc version 2.96 20000918 (experimental) === libio tests ===
Running target unix FAIL: hounddog.cc execution FAIL: hounddog.cc execution -b0 FAIL: hounddog.cc execution -b2 FAIL: putbackdog.cc execution FAIL: putbackdog.cc execution -b0 FAIL: putbackdog.cc execution -b2 FAIL: tFile.cc compilation FAIL: tFile.cc compilation -b0 FAIL: tFile.cc compilation -b3 FAIL: tiomanip.cc execution FAIL: tiomisc.cc execution === libio Summary ===
# of expected passes 15
# of unexpected failures 11 # of expected failures 14 === libstdc++ tests === Running target unix FAIL: tcomplex.cc execution FAIL: tcomplex.cc -O execution FAIL: tlist.cc execution FAIL: tlist.cc -O execution FAIL: tmap.cc execution FAIL: tmap.cc -O execution FAIL: tstring.cc compilation FAIL: tstring.cc -O execution FAIL: tvector.cc execution FAIL: tvector.cc -O execution === libstdc++ Summary ===
# of expected passes 9
# of unexpected failures 10 # of expected failures 11 Compiler version: 2.96 20000918 (experimental)
Platform: i686-pc-cygwin configure flags: --host=i686-pc-cygwin |
Index Nav: | [Date Index] [Subject Index] [Author Index] [Thread Index] | |
---|---|---|
Message Nav: | [Date Prev] [Date Next] | [Thread Prev] [Thread Next] |