This is the mail archive of the
gcc-testresults@gcc.gnu.org
mailing list for the GCC project.
Results for 2.96 20000904 (experimental) testsuite on powerpc-ibm-aix4.1.5.0
- To: gcc-testresults at gcc dot gnu dot org
- Subject: Results for 2.96 20000904 (experimental) testsuite on powerpc-ibm-aix4.1.5.0
- From: Alexandre Oliva <oliva at lsd dot ic dot unicamp dot br>
- Date: Sun, 10 Sep 2000 17:04:45 -0200
Native configuration is powerpc-ibm-aix4.1.5.0
=== binutils tests ===
Running target unix
FAIL: strip with saving a symbol
FAIL: run stripped executable with saving a symbol
=== binutils Summary ===
# of expected passes 21
# of unexpected failures 2
# of expected failures 3
=== g++ tests ===
Running target unix
FAIL: g++.brendan/crash11.C (test for excess errors)
FAIL: g++.brendan/prepost2.C (test for excess errors)
FAIL: g++.bugs/900210_02.C (test for errors, line 107)
FAIL: g++.bugs/900210_02.C (test for errors, line 108)
FAIL: g++.bugs/900210_02.C (test for errors, line 109)
FAIL: g++.bugs/900428_02.C (test for errors, line 26)
FAIL: g++.bugs/900428_02.C (test for excess errors)
FAIL: g++.bugs/900519_02.C (test for errors, line 28)
FAIL: g++.bugs/900519_02.C (test for errors, line 29)
FAIL: g++.bugs/900519_02.C (test for excess errors)
FAIL: g++.bugs/900519_13.C missed (test for errors, line 34)
FAIL: g++.bugs/900519_13.C (test for excess errors)
FAIL: g++.eh/spec6.C ANSI C++ forbids (test for errors, line 142)
FAIL: g++.ext/instantiate1.C not instantiated (test for errors, line 18)
FAIL: g++.ext/instantiate1.C not instantiated (test for errors, line 20)
FAIL: g++.ext/instantiate2.C not instantiated (test for errors, line 16)
FAIL: g++.ext/instantiate3.C not instantiated (test for errors, line 13)
FAIL: g++.jason/thunk2.C (test for excess errors)
FAIL: g++.jason/thunk3.C (test for excess errors)
FAIL: g++.law/access4.C can't access default ctor (test for errors, line 26)
FAIL: g++.law/access4.C (test for excess errors)
FAIL: g++.mike/debug1.C (test for excess errors)
FAIL: g++.mike/eh30.C (test for excess errors)
FAIL: g++.mike/p11142.C (test for excess errors)
FAIL: g++.mike/p4750.C (test for excess errors)
FAIL: g++.mike/unroll1.C (test for excess errors)
FAIL: g++.other/cast4.C static cast (test for errors, line 61)
FAIL: g++.other/cast4.C (test for excess errors)
FAIL: g++.other/crash18.C (test for excess errors)
FAIL: g++.other/debug2.C (test for excess errors)
FAIL: g++.other/decl5.C no such type (test for errors, line 60)
FAIL: g++.other/decl5.C no such type (test for errors, line 63)
FAIL: g++.other/decl5.C N::fn not a member of NMS (test for errors, line 66)
FAIL: g++.other/decl5.C extra qualification (test for warnings, line 57)
FAIL: g++.other/decl5.C (test for excess errors)
FAIL: g++.other/friend4.C (test for excess errors)
FAIL: g++.other/headers1.C (test for excess errors)
FAIL: g++.other/inline12.C (test for excess errors)
FAIL: g++.other/loop2.C caused compiler crash
FAIL: g++.other/ptrmem6.C (test for excess errors)
XPASS: g++.pt/decl2.C ICE - (test for errors, line 8)
FAIL: g++.pt/static3.C (test for excess errors)
FAIL: g++.pt/static6.C (test for excess errors)
FAIL: g++.pt/static8.C (test for excess errors)
FAIL: g++.pt/typename8.C (test for excess errors)
FAIL: g++.robertl/eb106.C (test for excess errors)
=== g++ Summary ===
# of expected passes 5943
# of unexpected failures 45
# of unexpected successes 1
# of expected failures 96
# of untested testcases 18
/tmp/egcs/gcc/testsuite/../g++ version 2.96 20000904 (experimental)
=== g77 tests ===
Running target unix
FAIL: g77.f-torture/compile/19990905-2.f, -O3 -g
FAIL: g77.f-torture/execute/19990325-0.f execution, -O0
FAIL: g77.f-torture/execute/19990325-0.f execution, -O1
FAIL: g77.f-torture/execute/19990325-0.f execution, -O2
FAIL: g77.f-torture/execute/19990325-0.f execution, -O2 -fomit-frame-pointer -finline-functions
FAIL: g77.f-torture/execute/19990325-0.f execution, -O3 -g
FAIL: g77.f-torture/execute/19990325-0.f execution, -O3 -fssa
FAIL: g77.f-torture/execute/19990325-0.f execution, -Os
FAIL: g77.f-torture/execute/19990325-1.f execution, -O0
FAIL: g77.f-torture/execute/19990325-1.f execution, -O1
FAIL: g77.f-torture/execute/19990325-1.f execution, -O2
FAIL: g77.f-torture/execute/19990325-1.f execution, -O2 -fomit-frame-pointer -finline-functions
FAIL: g77.f-torture/execute/19990325-1.f execution, -O3 -g
FAIL: g77.f-torture/execute/19990325-1.f execution, -O3 -fssa
FAIL: g77.f-torture/execute/19990325-1.f execution, -Os
FAIL: g77.f-torture/execute/alpha2.f execution, -O0
FAIL: g77.f-torture/execute/alpha2.f execution, -O1
FAIL: g77.f-torture/execute/alpha2.f execution, -O2
FAIL: g77.f-torture/execute/alpha2.f execution, -O2 -fomit-frame-pointer -finline-functions
FAIL: g77.f-torture/execute/alpha2.f execution, -O3 -g
FAIL: g77.f-torture/execute/alpha2.f execution, -O3 -fssa
FAIL: g77.f-torture/execute/alpha2.f execution, -Os
FAIL: g77.f-torture/execute/erfc.f execution, -O3 -fssa
FAIL: g77.f-torture/execute/io0.f execution, -O0
FAIL: g77.f-torture/execute/io0.f execution, -O1
FAIL: g77.f-torture/execute/io0.f execution, -O2
FAIL: g77.f-torture/execute/io0.f execution, -O2 -fomit-frame-pointer -finline-functions
FAIL: g77.f-torture/execute/io0.f execution, -O3 -g
FAIL: g77.f-torture/execute/io0.f execution, -O3 -fssa
FAIL: g77.f-torture/execute/io0.f execution, -Os
FAIL: g77.f-torture/execute/u77-test.f execution, -O0
FAIL: g77.f-torture/execute/u77-test.f execution, -O1
FAIL: g77.f-torture/execute/u77-test.f execution, -O2
FAIL: g77.f-torture/execute/u77-test.f execution, -O2 -fomit-frame-pointer -finline-functions
FAIL: g77.f-torture/execute/u77-test.f execution, -O2 -fomit-frame-pointer -finline-functions -funroll-loops
FAIL: g77.f-torture/execute/u77-test.f execution, -O2 -fomit-frame-pointer -finline-functions -funroll-all-loops
FAIL: g77.f-torture/execute/u77-test.f execution, -O3 -g
FAIL: g77.f-torture/execute/u77-test.f execution, -O3 -fssa
FAIL: g77.f-torture/execute/u77-test.f execution, -Os
=== g77 Summary ===
# of expected passes 944
# of unexpected failures 39
=== gas tests ===
Running target unix
FAIL: strings
=== gas Summary ===
# of expected passes 59
# of unexpected failures 1
=== gcc tests ===
Running target unix
FAIL: gcc.c-torture/compile/960829-1.c, -O0
FAIL: gcc.c-torture/compile/960829-1.c, -O1
FAIL: gcc.c-torture/compile/960829-1.c, -O2
FAIL: gcc.c-torture/compile/960829-1.c, -O3 -fomit-frame-pointer
FAIL: gcc.c-torture/compile/960829-1.c, -O3 -g
FAIL: gcc.c-torture/compile/960829-1.c, -O3 -fssa
FAIL: gcc.c-torture/compile/960829-1.c, -Os
FAIL: gcc.c-torture/execute/20000225-1.c execution, -O2
FAIL: gcc.c-torture/execute/20000225-1.c execution, -O3 -fomit-frame-pointer
FAIL: gcc.c-torture/execute/20000225-1.c execution, -O3 -fomit-frame-pointer -funroll-loops
FAIL: gcc.c-torture/execute/20000225-1.c execution, -O3 -fomit-frame-pointer -funroll-all-loops -finline-functions
FAIL: gcc.c-torture/execute/20000225-1.c execution, -O3 -g
FAIL: gcc.c-torture/execute/20000225-1.c execution, -O3 -fssa
FAIL: gcc.c-torture/execute/20000225-1.c execution, -Os
FAIL: gcc.c-torture/execute/20000412-3.c execution, -O0
FAIL: gcc.c-torture/execute/20000412-3.c execution, -O1
FAIL: gcc.c-torture/execute/20000412-3.c execution, -O2
FAIL: gcc.c-torture/execute/20000412-3.c execution, -O3 -fomit-frame-pointer
FAIL: gcc.c-torture/execute/20000412-3.c execution, -O3 -g
FAIL: gcc.c-torture/execute/20000412-3.c execution, -O3 -fssa
FAIL: gcc.c-torture/execute/20000412-3.c execution, -Os
FAIL: gcc.c-torture/execute/20000801-1.c execution, -O2
FAIL: gcc.c-torture/execute/20000801-1.c execution, -O3 -fomit-frame-pointer
FAIL: gcc.c-torture/execute/20000801-1.c execution, -O3 -fomit-frame-pointer -funroll-loops
FAIL: gcc.c-torture/execute/20000801-1.c execution, -O3 -fomit-frame-pointer -funroll-all-loops -finline-functions
FAIL: gcc.c-torture/execute/20000801-1.c execution, -O3 -g
FAIL: gcc.c-torture/execute/20000801-1.c execution, -Os
FAIL: gcc.c-torture/execute/20000801-2.c execution, -O3 -fomit-frame-pointer -funroll-all-loops -finline-functions
FAIL: gcc.c-torture/execute/20000818-1.c compilation, -O3 -fomit-frame-pointer -funroll-all-loops -finline-functions
FAIL: gcc.c-torture/execute/920501-6.c compilation, -O3 -g
FAIL: gcc.c-torture/execute/eeprof-1.c execution, -O0
FAIL: gcc.c-torture/execute/eeprof-1.c execution, -O1
FAIL: gcc.c-torture/execute/eeprof-1.c execution, -O2
FAIL: gcc.c-torture/execute/eeprof-1.c execution, -O3 -fomit-frame-pointer
FAIL: gcc.c-torture/execute/eeprof-1.c execution, -O3 -g
FAIL: gcc.c-torture/execute/eeprof-1.c execution, -O3 -fssa
FAIL: gcc.c-torture/execute/eeprof-1.c execution, -Os
FAIL: gcc.c-torture/execute/loop-2b.c compilation, -O3 -g
FAIL: gcc.c-torture/execute/va-arg-17.c compilation, -O0
FAIL: gcc.c-torture/execute/va-arg-17.c compilation, -O1
FAIL: gcc.c-torture/execute/va-arg-17.c compilation, -O2
FAIL: gcc.c-torture/execute/va-arg-17.c compilation, -O3 -fomit-frame-pointer
FAIL: gcc.c-torture/execute/va-arg-17.c compilation, -O3 -g
FAIL: gcc.c-torture/execute/va-arg-17.c compilation, -O3 -fssa
FAIL: gcc.c-torture/execute/va-arg-17.c compilation, -Os
FAIL: gcc.c-torture/execute/va-arg-5.c compilation, -O0
FAIL: gcc.c-torture/execute/va-arg-5.c compilation, -O1
FAIL: gcc.c-torture/execute/va-arg-5.c compilation, -O2
FAIL: gcc.c-torture/execute/va-arg-5.c compilation, -O3 -fomit-frame-pointer
FAIL: gcc.c-torture/execute/va-arg-5.c compilation, -O3 -g
FAIL: gcc.c-torture/execute/va-arg-5.c compilation, -O3 -fssa
FAIL: gcc.c-torture/execute/va-arg-5.c compilation, -Os
FAIL: gcc.c-torture/execute/va-arg-7.c compilation, -O0
FAIL: gcc.c-torture/execute/va-arg-7.c compilation, -O1
FAIL: gcc.c-torture/execute/va-arg-7.c compilation, -O2
FAIL: gcc.c-torture/execute/va-arg-7.c compilation, -O3 -fomit-frame-pointer
FAIL: gcc.c-torture/execute/va-arg-7.c compilation, -O3 -g
FAIL: gcc.c-torture/execute/va-arg-7.c compilation, -O3 -fssa
FAIL: gcc.c-torture/execute/va-arg-7.c compilation, -Os
XPASS: gcc.c-torture/execute/memcheck/blkarg.c execution, -O0
XPASS: gcc.c-torture/execute/memcheck/blkarg.c execution, -O1
XPASS: gcc.c-torture/execute/memcheck/blkarg.c execution, -O2
XPASS: gcc.c-torture/execute/memcheck/blkarg.c execution, -O3 -fomit-frame-pointer
XPASS: gcc.c-torture/execute/memcheck/blkarg.c execution, -O3 -g
XPASS: gcc.c-torture/execute/memcheck/blkarg.c execution, -O3 -fssa
XPASS: gcc.c-torture/execute/memcheck/blkarg.c execution, -Os
FAIL: gcc.dg/cpp/poison.c #if defined foo6 (test for errors, line 20)
FAIL: gcc.dg/cpp/poison.c use of foo6 (test for errors, line 23)
FAIL: gcc.dg/cpp/poison.c (test for excess errors)
FAIL: gcc.dg/cpp/redef2.c redef va (test for warnings, line 15)
FAIL: gcc.dg/cpp/redef2.c prev def va (test for warnings, line 14)
FAIL: gcc.dg/cpp/redef2.c anon varargs (test for warnings, line 15)
FAIL: gcc.dg/cpp/redef2.c (test for excess errors)
FAIL: gcc.dg/cpp/tr-warn1.c extension warning (test for warnings, line 24)
FAIL: gcc.dg/cpp/tr-warn1.c extension warning (test for warnings, line 25)
FAIL: gcc.dg/cpp/tr-warn1.c (test for excess errors)
FAIL: gcc.dg/c90-printf-2.c %a in C90 (test for warnings, line 34)
FAIL: gcc.dg/c90-printf-2.c %A in C90 (test for warnings, line 35)
FAIL: gcc.dg/c90-printf-2.c (test for excess errors)
FAIL: gcc.dg/c90-scanf-2.c %a in C90 (test for warnings, line 35)
FAIL: gcc.dg/c90-scanf-2.c %A in C90 (test for warnings, line 36)
FAIL: gcc.dg/c90-scanf-2.c (test for excess errors)
XPASS: gcc.dg/c99-array-nonobj-1.c func [] var (test for errors, line 23)
FAIL: gcc.dg/c99-array-nonobj-1.c (test for excess errors)
FAIL: gcc.dg/c99-printf-2.c printf I flag (test for warnings, line 35)
FAIL: gcc.dg/format-xopen-1.c unused $ operand (test for warnings, line 119)
FAIL: gcc.dg/noncompile/990416-1.c (test for excess errors)
FAIL: gcc.dg/noncompile/990416-1.c (test for excess errors)
FAIL: gcc.dg/noncompile/990416-1.c (test for excess errors)
FAIL: gcc.dg/noncompile/990416-1.c (test for excess errors)
FAIL: gcc.dg/noncompile/990416-1.c (test for excess errors)
FAIL: gcc.dg/noncompile/990416-1.c (test for excess errors)
=== gcc Summary ===
# of expected passes 13710
# of unexpected failures 84
# of unexpected successes 8
# of expected failures 64
# of unresolved testcases 24
# of unsupported tests 48
/tmp/egcs/gcc/xgcc version 2.96 20000904 (experimental)
=== libg++ tests ===
Running target unix
FAIL: tBitSet.cc compilation
FAIL: tBitString.cc compilation
FAIL: tDeque.cc compilation
FAIL: tFile.cc compilation
FAIL: tFix.cc compilation
FAIL: tFix16.cc compilation
FAIL: tFix24.cc compilation
FAIL: tGetOpt.cc compilation
FAIL: tInteger.cc compilation
FAIL: tLList.cc compilation
FAIL: tList.cc compilation
FAIL: tObstack.cc compilation
FAIL: tPQ.cc compilation
FAIL: tPlex.cc compilation
FAIL: tQueue.cc compilation
FAIL: tRandom.cc compilation
FAIL: tRational.cc compilation
FAIL: tStack.cc compilation
FAIL: tString.cc compilation
FAIL: tVec.cc compilation
FAIL: tiLList.cc compilation
=== libg++ Summary ===
# of expected passes 9
# of unexpected failures 21
# of expected failures 42
=== libio tests ===
Running target unix
FAIL: putbackdog.cc compilation
FAIL: putbackdog.cc compilation -b0
FAIL: putbackdog.cc compilation -b2
FAIL: tFile.cc compilation
FAIL: tFile.cc compilation -b0
FAIL: tFile.cc compilation -b3
FAIL: tiomisc.cc compilation
=== libio Summary ===
# of expected passes 19
# of unexpected failures 7
# of expected failures 14
=== libstdc++ tests ===
Running target unix
FAIL: tcomplex.cc -O compilation
FAIL: tlist.cc -O compilation
FAIL: tmap.cc -O compilation
FAIL: tstring.cc compilation
FAIL: tstring.cc -O compilation
FAIL: tvector.cc -O compilation
=== libstdc++ Summary ===
# of expected passes 12
# of unexpected failures 6
# of expected failures 12
=== objc tests ===
Running target unix
FAIL: objc/execute/bf-1.m compilation, -O
FAIL: objc/execute/bf-10.m compilation, -O
FAIL: objc/execute/bf-11.m compilation, -O
FAIL: objc/execute/bf-12.m compilation, -O
FAIL: objc/execute/bf-13.m compilation, -O
FAIL: objc/execute/bf-14.m compilation, -O
FAIL: objc/execute/bf-15.m compilation, -O
FAIL: objc/execute/bf-16.m compilation, -O
FAIL: objc/execute/bf-17.m compilation, -O
FAIL: objc/execute/bf-18.m compilation, -O
FAIL: objc/execute/bf-19.m compilation, -O
FAIL: objc/execute/bf-2.m compilation, -O
FAIL: objc/execute/bf-20.m compilation, -O
FAIL: objc/execute/bf-3.m compilation, -O
FAIL: objc/execute/bf-4.m compilation, -O
FAIL: objc/execute/bf-5.m compilation, -O
FAIL: objc/execute/bf-6.m compilation, -O
FAIL: objc/execute/bf-7.m compilation, -O
FAIL: objc/execute/bf-8.m compilation, -O
FAIL: objc/execute/bf-9.m compilation, -O
FAIL: objc/execute/string1.m compilation, -O
FAIL: objc/execute/string2.m compilation, -O
=== objc Summary ===
# of unexpected failures 22
# of untested testcases 22
/tmp/egcs/gcc/xgcc version 2.96 20000904 (experimental)
Compiler version: 2.96 20000904 (experimental)
Platform: powerpc-ibm-aix4.1.5.0
BOOT_CFLAGS: -g -O9 -W -Wall
Counting all warnings,
there are 177 warnings in stage3 of this bootstrap.
Number of warnings per file:
32 /home/lsd/oliva/src/egcs/gcc/combine.c
15 /home/lsd/oliva/src/egcs/gcc/expr.c
13 /home/lsd/oliva/src/egcs/libjava/include/jvm.h
10 Makefile
10 /home/lsd/oliva/src/egcs/gcc/intl/gettext.h
8 /home/lsd/oliva/src/egcs/libjava/gnu/gcj/convert/natIconv.cc
7 /home/lsd/oliva/src/egcs/gcc/cse.c
7 /home/lsd/oliva/src/egcs/gcc/config/rs6000/rs6000.c
6 /home/lsd/oliva/src/egcs/gcc/varasm.c
6 /home/lsd/oliva/src/egcs/gcc/loop.c
5 /home/lsd/oliva/src/egcs/gcc/libgcc2.c
4 /home/lsd/oliva/src/egcs/libjava/jni.cc
4 /home/lsd/oliva/src/egcs/include/md5.h
4 /home/lsd/oliva/src/egcs/gcc/collect2.c
3 configure
3 /home/lsd/oliva/src/egcs/gcc/reload1.c
3 /home/lsd/oliva/src/egcs/gcc/gcc.c
2 /home/lsd/oliva/src/egcs/librx/rx.c
2 /home/lsd/oliva/src/egcs/libjava/prims.cc
2 /home/lsd/oliva/src/egcs/libiberty/getopt.c
2 /home/lsd/oliva/src/egcs/libg++/src/AllocRing.cc
2 /home/lsd/oliva/src/egcs/gcc/java/jcf-reader.c
2 /home/lsd/oliva/src/egcs/gcc/gcse.c
2 /home/lsd/oliva/src/egcs/gcc/function.c
2 /home/lsd/oliva/src/egcs/gcc/fold-const.c
2 /home/lsd/oliva/src/egcs/gcc/cpplex.c
2 /home/lsd/oliva/src/egcs/gcc/alias.c
2 /home/lsd/oliva/src/egcs/boehm-gc/dyn_load.c
1 insn-emit.c
1 /home/lsd/oliva/src/egcs/libjava/name-finder.cc
1 /home/lsd/oliva/src/egcs/libjava/gnu/gcj/runtime/natFirstThread.cc
1 /home/lsd/oliva/src/egcs/libjava/gnu/gcj/io/shs.cc
1 /home/lsd/oliva/src/egcs/libjava/exception.cc
1 /home/lsd/oliva/src/egcs/gcc/regmove.c
1 /home/lsd/oliva/src/egcs/gcc/java/jvspec.c
1 /home/lsd/oliva/src/egcs/gcc/intl/localealias.c
1 /home/lsd/oliva/src/egcs/gcc/flow.c
1 /home/lsd/oliva/src/egcs/gcc/final.c
1 /home/lsd/oliva/src/egcs/gcc/f/lang-specs.h
1 /home/lsd/oliva/src/egcs/gcc/expmed.c
1 /home/lsd/oliva/src/egcs/gcc/cp/error.c
1 /home/lsd/oliva/src/egcs/gcc/cp/errfn.c
1 /home/lsd/oliva/src/egcs/boehm-gc/mark_rts.c
Number of warning types:
56 comparison between signed and unsigned
17 signed and unsigned type in conditional expression
16 traditional C rejects the `???' suffix
15 unused parameter `???'
14 cast from pointer to integer of different size
9 function declaration isn't a prototype
5 string length `???' is greater than the minimum length `???' ISO C89 is required to support
5 overriding commands for target `???'
5 ignoring old commands for target `???'
5 `???' might be used uninitialized in this function
4 implicit declaration of function `???'
3 pointer of type `???' used in arithmetic
3 `???' script is too old or missing
2 unused parameter `java::lang::String
2 unused parameter `JArray<jchar>
2 deleting `???' is undefined
2 comparison of distinct pointer types lacks a cast
2 assignment makes pointer from integer without a cast
2 `???' defined but not used
1 unused variable `???'
1 pointer targets in passing arg ??? of `???' differ in signedness
1 no previous prototype for `???'
1 initialization discards qualifiers from pointer target type
1 ignoring pragma:
1 function returns address of local variable
1 alignment of `???' is greater than maximum object file alignment. Using 8.
1 `???' declared `static' but