This is the mail archive of the
gcc-testresults@gcc.gnu.org
mailing list for the GCC project.
Results for 2.96 20000904 (experimental) testsuite on sparc-sun-sunos4.1.4
- To: gcc-testresults at gcc dot gnu dot org
- Subject: Results for 2.96 20000904 (experimental) testsuite on sparc-sun-sunos4.1.4
- From: David Schuler <schuld at btv dot ibm dot com>
- Date: Wed, 6 Sep 2000 17:23:48 -0400 (EDT)
Native configuration is sparc-sun-sunos4.1.4
=== libio tests ===
Running target unix
FAIL: hounddog.cc compilation
FAIL: hounddog.cc compilation -b0
FAIL: hounddog.cc compilation -b2
FAIL: putbackdog.cc compilation
FAIL: putbackdog.cc compilation -b0
FAIL: putbackdog.cc compilation -b2
FAIL: tFile.cc compilation
FAIL: tFile.cc compilation -b0
FAIL: tFile.cc compilation -b3
FAIL: tfformat.c execution
FAIL: tiomanip.cc compilation
FAIL: tiomisc.cc compilation
=== libio Summary ===
# of expected passes 6
# of unexpected failures 12
# of expected failures 23
=== libstdc++ tests ===
Running target unix
FAIL: tcomplex.cc compilation
FAIL: tcomplex.cc -O compilation
FAIL: tlist.cc compilation
FAIL: tlist.cc -O compilation
FAIL: tmap.cc compilation
FAIL: tmap.cc -O compilation
FAIL: tstring.cc compilation
FAIL: tstring.cc -O compilation
FAIL: tvector.cc compilation
FAIL: tvector.cc -O compilation
=== libstdc++ Summary ===
# of unexpected failures 10
# of expected failures 20
=== gcc tests ===
Running target unix
FAIL: gcc.c-torture/compile/20000606-1.c, -O0
FAIL: gcc.c-torture/compile/20000606-1.c, -O1
FAIL: gcc.c-torture/compile/20000606-1.c, -O2
FAIL: gcc.c-torture/compile/20000606-1.c, -O3 -fomit-frame-pointer
FAIL: gcc.c-torture/compile/20000606-1.c, -O3 -g
FAIL: gcc.c-torture/compile/20000606-1.c, -O3 -fssa
FAIL: gcc.c-torture/compile/20000606-1.c, -Os
FAIL: gcc.c-torture/execute/20000225-1.c execution, -O2
FAIL: gcc.c-torture/execute/20000225-1.c execution, -O3 -fomit-frame-pointer
FAIL: gcc.c-torture/execute/20000225-1.c execution, -O3 -fomit-frame-pointer -funroll-loops
FAIL: gcc.c-torture/execute/20000225-1.c execution, -O3 -fomit-frame-pointer -funroll-all-loops -finline-functions
FAIL: gcc.c-torture/execute/20000225-1.c execution, -O3 -g
FAIL: gcc.c-torture/execute/20000225-1.c execution, -O3 -fssa
FAIL: gcc.c-torture/execute/20000225-1.c execution, -Os
FAIL: gcc.c-torture/execute/20000731-2.c execution, -O3 -fomit-frame-pointer -funroll-all-loops -finline-functions
FAIL: gcc.c-torture/execute/20000801-1.c execution, -O2
FAIL: gcc.c-torture/execute/20000801-1.c execution, -O3 -fomit-frame-pointer
FAIL: gcc.c-torture/execute/20000801-1.c execution, -O3 -fomit-frame-pointer -funroll-loops
FAIL: gcc.c-torture/execute/20000801-1.c execution, -O3 -fomit-frame-pointer -funroll-all-loops -finline-functions
FAIL: gcc.c-torture/execute/20000801-1.c execution, -O3 -g
FAIL: gcc.c-torture/execute/20000801-1.c execution, -Os
FAIL: gcc.c-torture/execute/20000801-2.c execution, -O3 -fomit-frame-pointer -funroll-all-loops -finline-functions
FAIL: gcc.c-torture/execute/va-arg-12.c execution, -O1
FAIL: gcc.c-torture/execute/va-arg-12.c execution, -O2
FAIL: gcc.c-torture/execute/va-arg-12.c execution, -O3 -fomit-frame-pointer
FAIL: gcc.c-torture/execute/va-arg-12.c execution, -O3 -g
FAIL: gcc.c-torture/execute/va-arg-12.c execution, -O3 -fssa
FAIL: gcc.c-torture/execute/va-arg-12.c execution, -Os
FAIL: gcc.c-torture/execute/va-arg-15.c execution, -O1
FAIL: gcc.c-torture/execute/va-arg-15.c execution, -O2
FAIL: gcc.c-torture/execute/va-arg-15.c execution, -O3 -fomit-frame-pointer
FAIL: gcc.c-torture/execute/va-arg-15.c execution, -O3 -fomit-frame-pointer -funroll-loops
FAIL: gcc.c-torture/execute/va-arg-15.c execution, -O3 -fomit-frame-pointer -funroll-all-loops -finline-functions
FAIL: gcc.c-torture/execute/va-arg-15.c execution, -O3 -g
FAIL: gcc.c-torture/execute/va-arg-15.c execution, -O3 -fssa
FAIL: gcc.c-torture/execute/va-arg-15.c execution, -Os
FAIL: gcc.c-torture/execute/va-arg-16.c execution, -O1
FAIL: gcc.c-torture/execute/va-arg-16.c execution, -O2
FAIL: gcc.c-torture/execute/va-arg-16.c execution, -O3 -fomit-frame-pointer
FAIL: gcc.c-torture/execute/va-arg-16.c execution, -O3 -g
FAIL: gcc.c-torture/execute/va-arg-16.c execution, -O3 -fssa
FAIL: gcc.c-torture/execute/va-arg-16.c execution, -Os
FAIL: gcc.c-torture/execute/va-arg-20.c execution, -O1
FAIL: gcc.c-torture/execute/va-arg-20.c execution, -O2
FAIL: gcc.c-torture/execute/va-arg-20.c execution, -Os
FAIL: gcc.c-torture/execute/va-arg-6.c execution, -O1
FAIL: gcc.c-torture/execute/va-arg-6.c execution, -O2
FAIL: gcc.c-torture/execute/va-arg-6.c execution, -O3 -fomit-frame-pointer
FAIL: gcc.c-torture/execute/va-arg-6.c execution, -O3 -g
FAIL: gcc.c-torture/execute/va-arg-6.c execution, -O3 -fssa
FAIL: gcc.c-torture/execute/va-arg-6.c execution, -Os
FAIL: gcc.dg/cpp/if-2.c wide charconst recognition (test for bogus messages, line 9)
FAIL: gcc.dg/20000419-2.c (test for excess errors)
XPASS: gcc.dg/c99-array-nonobj-1.c func [] var (test for errors, line 23)
FAIL: gcc.dg/c99-array-nonobj-1.c (test for excess errors)
FAIL: gcc.dg/format-va-1.c wrong type in format warning (test for bogus messages, line 11)
FAIL: gcc.dg/format-va-1.c format error (test for warnings, line 11)
FAIL: gcc.dg/noreturn-1.c this function should not get any warnings (test for bogus messages, line 52)
FAIL: gcc.dg/noreturn-1.c detect return from tail call (test for warnings, line 59)
FAIL: gcc.dg/noreturn-2.c noreturn does return (test for bogus messages, line 12)
FAIL: gcc.dg/return-type-2.c warning for falling off end of non-void function (test for bogus messages, line 24)
FAIL: gcc.dg/return-type-2.c warning for falling off end of non-void function (test for bogus messages, line 42)
FAIL: gcc.dg/special/weak-1.c (test for excess errors)
FAIL: gcc.dg/special/weak-2.c (test for excess errors)
FAIL: wkali-2a.o
FAIL: gcc.misc-tests/gcov-1.c (test for excess errors)
FAIL: gcov-1.c:1:is 4:should be 11
FAIL: gcov-1.c:1:is 5:should be 10
FAIL: gcov-1.c:1:is 7:should be 1
FAIL: gcc.misc-tests/gcov-2.c (test for excess errors) (PRMS 8294)
=== gcc Summary ===
# of expected passes 13752
# of unexpected failures 69
# of unexpected successes 1
# of expected failures 71
# of unsupported tests 46
/home3/egcs-sunos/gcc/xgcc version 2.96 20000904 (experimental)
=== g++ tests ===
Running target unix
FAIL: g++.dg/special/conpr-1.C (test for excess errors)
FAIL: g++.dg/special/conpr-2.C (test for excess errors)
FAIL: g++.dg/special/conpr-3.C (test for excess errors)
FAIL: g++.dg/special/conpr-3.C (test for excess errors)
FAIL: g++.benjamin/15071.C (test for excess errors)
FAIL: g++.benjamin/15351-1.C (test for excess errors)
FAIL: g++.benjamin/15351-2.C (test for excess errors)
FAIL: g++.benjamin/15822.C (test for excess errors)
FAIL: g++.benjamin/bool01.C (test for excess errors)
FAIL: g++.benjamin/bool02.C (test for excess errors)
FAIL: g++.benjamin/tem06.C (test for excess errors)
FAIL: g++.benjamin/typeid01.C (test for excess errors)
FAIL: g++.bob/template4.C (test for excess errors)
FAIL: g++.brendan/code-gen1.C (test for excess errors)
FAIL: g++.brendan/code-gen3.C (test for excess errors)
FAIL: g++.brendan/code-gen6.C (test for excess errors)
FAIL: g++.brendan/copy1.C (test for excess errors)
FAIL: g++.brendan/copy2.C (test for excess errors)
FAIL: g++.brendan/copy3.C (test for excess errors)
FAIL: g++.brendan/copy4.C (test for excess errors)
FAIL: g++.brendan/copy5.C (test for excess errors)
FAIL: g++.brendan/copy6.C (test for excess errors)
FAIL: g++.brendan/copy7.C (test for excess errors)
FAIL: g++.brendan/copy8.C (test for excess errors)
FAIL: g++.brendan/copy9.C (test for excess errors)
FAIL: g++.brendan/ctors1.C (test for excess errors)
FAIL: g++.brendan/ctors2.C (test for excess errors)
FAIL: g++.brendan/dtors1.C (test for excess errors)
FAIL: g++.brendan/dtors2.C (test for excess errors)
FAIL: g++.brendan/dtors3.C (test for excess errors)
FAIL: g++.brendan/eh1.C (test for excess errors)
FAIL: g++.brendan/groff1.C (test for excess errors)
FAIL: g++.brendan/init3.C (test for excess errors)
FAIL: g++.brendan/nest21.C (test for excess errors)
FAIL: g++.brendan/new2.C (test for excess errors)
FAIL: g++.brendan/new3.C (test for excess errors)
FAIL: g++.brendan/operators5.C (test for excess errors)
FAIL: g++.brendan/overload2.C (test for excess errors)
FAIL: g++.brendan/overload7.C (test for excess errors)
FAIL: g++.brendan/ptolemy2.C (test for excess errors)
FAIL: g++.brendan/redecl2.C (test for excess errors)
FAIL: g++.brendan/reference1.C (test for excess errors)
FAIL: g++.brendan/template24.C (test for excess errors)
FAIL: g++.brendan/template3.C (test for excess errors)
FAIL: g++.brendan/vtables1.C (test for excess errors)
FAIL: g++.bugs/900207_03.C (test for excess errors)
FAIL: g++.bugs/900212_03.C (test for excess errors)
FAIL: g++.bugs/900227_01.C (test for excess errors)
FAIL: g++.bugs/900321_02.C (test for excess errors)
FAIL: g++.bugs/900331_03.C (test for excess errors)
FAIL: g++.bugs/900520_04.C (test for excess errors)
FAIL: g++.bugs/900520_05.C (test for excess errors)
FAIL: g++.bugs/900520_06.C (test for excess errors)
FAIL: g++.eh/badalloc1.C (test for excess errors)
FAIL: g++.eh/catch11.C (test for excess errors)
FAIL: g++.eh/catch12.C (test for excess errors)
FAIL: g++.eh/catch3.C (test for excess errors)
FAIL: g++.eh/catch3p.C (test for excess errors)
FAIL: g++.eh/catch4.C (test for excess errors)
FAIL: g++.eh/catch4p.C (test for excess errors)
FAIL: g++.eh/catch5.C (test for excess errors)
FAIL: g++.eh/catch5p.C (test for excess errors)
FAIL: g++.eh/catch6.C (test for excess errors)
FAIL: g++.eh/catch6p.C (test for excess errors)
FAIL: g++.eh/catch7.C (test for excess errors)
FAIL: g++.eh/catch7p.C (test for excess errors)
FAIL: g++.eh/catch8.C (test for excess errors)
FAIL: g++.eh/catch8p.C (test for excess errors)
FAIL: g++.eh/catch9.C (test for excess errors)
FAIL: g++.eh/catch9p.C (test for excess errors)
FAIL: g++.eh/catchptr1.C (test for excess errors)
FAIL: g++.eh/cleanup1.C (test for excess errors)
FAIL: g++.eh/cleanup2.C (test for excess errors)
FAIL: g++.eh/flow1.C (test for excess errors)
FAIL: g++.eh/fntry1.C (test for excess errors)
FAIL: g++.eh/new1.C (test for excess errors)
FAIL: g++.eh/new2.C (test for excess errors)
FAIL: g++.eh/pdel1.C (test for excess errors)
FAIL: g++.eh/pdel2.C (test for excess errors)
FAIL: g++.eh/ptr1.C (test for excess errors)
FAIL: g++.eh/rethrow1.C (test for excess errors)
FAIL: g++.eh/rethrow2.C (test for excess errors)
FAIL: g++.eh/rethrow3.C (test for excess errors)
FAIL: g++.eh/rethrow4.C (test for excess errors)
FAIL: g++.eh/rethrow5.C (test for excess errors)
FAIL: g++.eh/rethrow6.C (test for excess errors)
FAIL: g++.eh/spec1.C (test for excess errors)
FAIL: g++.eh/spec2.C (test for excess errors)
FAIL: g++.eh/spec3.C (test for excess errors)
FAIL: g++.eh/spec4.C (test for excess errors)
FAIL: g++.eh/tmpl1.C (test for excess errors)
FAIL: g++.eh/unwind1.C (test for excess errors)
FAIL: g++.eh/vbase1.C (test for excess errors)
FAIL: g++.eh/vbase2.C (test for excess errors)
FAIL: g++.eh/vbase4.C (test for excess errors)
FAIL: g++.ext/attrib5.C (test for excess errors)
FAIL: g++.ext/comint1.C (test for excess errors)
FAIL: g++.ext/default.C (test for excess errors)
FAIL: g++.ext/initp1.C (test for excess errors)
FAIL: g++.ext/label2.C (test for excess errors)
FAIL: g++.ext/pretty3.C (test for excess errors)
FAIL: g++.ext/pretty4.C (test for excess errors)
FAIL: g++.ext/typename1.C (test for excess errors)
FAIL: g++.jason/2371.C (test for excess errors)
FAIL: g++.jason/byval.C (test for excess errors)
FAIL: g++.jason/cond2.C (test for excess errors)
FAIL: g++.jason/const.C (test for excess errors)
FAIL: g++.jason/const3.C (test for excess errors)
FAIL: g++.jason/conversion6.C (test for excess errors)
FAIL: g++.jason/conversion9.C (test for excess errors)
FAIL: g++.jason/ctor1.C (test for excess errors)
FAIL: g++.jason/dcast2.C (test for excess errors)
FAIL: g++.jason/dcast3.C (test for excess errors)
FAIL: g++.jason/dtor5.C (test for excess errors)
FAIL: g++.jason/friend.C (test for excess errors)
FAIL: g++.jason/groff1.C (test for excess errors)
FAIL: g++.jason/init2.C (test for excess errors)
FAIL: g++.jason/init3.C (test for excess errors)
FAIL: g++.jason/inline.C (test for excess errors)
FAIL: g++.jason/inline3.C (test for excess errors)
FAIL: g++.jason/mangle3.C (test for excess errors)
FAIL: g++.jason/mi.C (test for excess errors)
FAIL: g++.jason/mutable1.C (test for excess errors)
FAIL: g++.jason/net2.C (test for excess errors)
FAIL: g++.jason/new2.C (test for excess errors)
FAIL: g++.jason/new3.C (test for excess errors)
FAIL: g++.jason/new4.C (test for excess errors)
FAIL: g++.jason/new5.C (test for excess errors)
FAIL: g++.jason/offset2.C (test for excess errors)
FAIL: g++.jason/opeq.C (test for excess errors)
FAIL: g++.jason/opeq5.C (test for excess errors)
FAIL: g++.jason/optimize2.C (test for excess errors)
FAIL: g++.jason/overload11.C (test for excess errors)
FAIL: g++.jason/overload12.C (test for excess errors)
FAIL: g++.jason/overload13.C (test for excess errors)
FAIL: g++.jason/overload36.C (test for excess errors)
FAIL: g++.jason/parse12.C (test for excess errors)
FAIL: g++.jason/parse9.C (test for excess errors)
FAIL: g++.jason/pmem2.C (test for excess errors)
FAIL: g++.jason/pmf7.C (test for excess errors)
FAIL: g++.jason/pmf8.C (test for excess errors)
FAIL: g++.jason/ref10.C (test for excess errors)
FAIL: g++.jason/ref11.C (test for excess errors)
FAIL: g++.jason/ref7.C (test for excess errors)
FAIL: g++.jason/ref8.C (test for excess errors)
FAIL: g++.jason/ref9.C (test for excess errors)
FAIL: g++.jason/return.C (test for excess errors)
FAIL: g++.jason/return2.C (test for excess errors)
FAIL: g++.jason/return3.C (test for excess errors)
FAIL: g++.jason/rvalue1.C (test for excess errors)
FAIL: g++.jason/rvalue2.C (test for excess errors)
FAIL: g++.jason/static1.C (test for excess errors)
FAIL: g++.jason/synth5.C (test for excess errors)
FAIL: g++.jason/synth7.C (test for excess errors)
FAIL: g++.jason/tempinst1.C (test for excess errors)
FAIL: g++.jason/template11.C (test for excess errors)
FAIL: g++.jason/template14.C (test for excess errors)
FAIL: g++.jason/template15.C (test for excess errors)
FAIL: g++.jason/template16.C (test for excess errors)
FAIL: g++.jason/template19.C (test for excess errors)
FAIL: g++.jason/template20.C (test for excess errors)
FAIL: g++.jason/template24.C (test for excess errors)
FAIL: g++.jason/template25.C (test for excess errors)
FAIL: g++.jason/template26.C (test for excess errors)
FAIL: g++.jason/template27.C (test for excess errors)
FAIL: g++.jason/template28.C (test for excess errors)
FAIL: g++.jason/template31.C (test for excess errors)
FAIL: g++.jason/template36.C (test for excess errors)
FAIL: g++.jason/template37.C (test for excess errors)
FAIL: g++.jason/template40.C (test for excess errors)
FAIL: g++.jason/template41.C (test for excess errors)
FAIL: g++.jason/template42.C (test for excess errors)
FAIL: g++.jason/template44.C (test for excess errors)
FAIL: g++.jason/template6.C (test for excess errors)
FAIL: g++.jason/temporary.C (test for excess errors)
FAIL: g++.jason/temporary3.C (test for excess errors)
FAIL: g++.jason/temporary4.C (test for excess errors)
FAIL: g++.jason/temporary5.C (test for excess errors)
FAIL: g++.jason/temporary7.C (test for excess errors)
FAIL: g++.jason/temporary8.C (test for excess errors)
FAIL: g++.jason/thunk1.C (test for excess errors)
FAIL: g++.jason/thunk2.C (test for excess errors)
FAIL: g++.jason/thunk3.C (test for excess errors)
FAIL: g++.jason/typeid1.C (test for excess errors)
FAIL: g++.jason/typeid2.C (test for excess errors)
FAIL: g++.jason/vecdel.C (test for excess errors)
FAIL: g++.jason/virtual2.C (test for excess errors)
FAIL: g++.jason/warning5.C (test for excess errors)
FAIL: g++.law/arg8.C (test for excess errors)
FAIL: g++.law/arm13.C (test for excess errors)
FAIL: g++.law/arm15.C (test for excess errors)
FAIL: g++.law/arm7.C (test for excess errors)
FAIL: g++.law/array1.C (test for excess errors)
FAIL: g++.law/code-gen2.C (test for excess errors)
FAIL: g++.law/code-gen5.C (test for excess errors)
FAIL: g++.law/copy1.C (test for excess errors)
FAIL: g++.law/ctors12.C (test for excess errors)
FAIL: g++.law/ctors15.C (test for excess errors)
FAIL: g++.law/ctors16.C (test for excess errors)
FAIL: g++.law/ctors2.C (test for excess errors)
FAIL: g++.law/ctors4.C (test for excess errors)
FAIL: g++.law/ctors8.C (test for excess errors)
FAIL: g++.law/cvt12.C (test for excess errors)
FAIL: g++.law/cvt2.C (test for excess errors)
FAIL: g++.law/cvt4.C (test for excess errors)
FAIL: g++.law/cvt7.C (test for excess errors)
FAIL: g++.law/dtors2.C (test for excess errors)
FAIL: g++.law/dtors3.C (test for excess errors)
FAIL: g++.law/dtors4.C (test for excess errors)
FAIL: g++.law/dtors5.C (test for excess errors)
FAIL: g++.law/global-init1.C (test for excess errors)
FAIL: g++.law/init11.C (test for excess errors)
FAIL: g++.law/init13.C (test for excess errors)
FAIL: g++.law/init14.C (test for excess errors)
FAIL: g++.law/init9.C (test for excess errors)
FAIL: g++.law/inline4.C (test for excess errors)
FAIL: g++.law/operators15.C (test for excess errors)
FAIL: g++.law/operators16.C (test for excess errors)
FAIL: g++.law/operators23.C (test for excess errors)
FAIL: g++.law/operators27.C (test for excess errors)
FAIL: g++.law/operators8.C (test for excess errors)
FAIL: g++.law/refs1.C (test for excess errors)
FAIL: g++.law/scope2.C (test for excess errors)
FAIL: g++.law/temps2.C (test for excess errors)
FAIL: g++.law/temps3.C (test for excess errors)
FAIL: g++.law/temps5.C (test for excess errors)
FAIL: g++.law/virtual2.C (test for excess errors)
FAIL: g++.law/virtual3.C (test for excess errors)
FAIL: g++.law/virtual4.C (test for excess errors)
FAIL: g++.law/vtable3.C (test for excess errors)
FAIL: g++.martin/bitset1.C (test for excess errors)
FAIL: g++.martin/conv1.C (test for excess errors)
FAIL: g++.martin/eval1.C (test for excess errors)
FAIL: g++.martin/new1.C (test for excess errors)
FAIL: g++.martin/overload1.C (test for excess errors)
FAIL: g++.martin/pmf1.C (test for excess errors)
FAIL: g++.martin/pmf2.C (test for excess errors)
FAIL: g++.martin/sts_conv.C (test for excess errors)
FAIL: g++.martin/sts_iarr.C (test for excess errors)
FAIL: g++.mike/align1.C (test for excess errors)
FAIL: g++.mike/align2.C (test for excess errors)
FAIL: g++.mike/asm2.C (test for excess errors)
FAIL: g++.mike/bool2.C (test for excess errors)
FAIL: g++.mike/dyncast1.C (test for excess errors)
FAIL: g++.mike/dyncast2.C (test for excess errors)
FAIL: g++.mike/dyncast3.C (test for excess errors)
FAIL: g++.mike/dyncast5.C (test for excess errors)
FAIL: g++.mike/dyncast7.C (test for excess errors)
FAIL: g++.mike/dyncast8.C (test for excess errors)
FAIL: g++.mike/dyncast9.C (test for excess errors)
FAIL: g++.mike/eh10.C (test for excess errors)
FAIL: g++.mike/eh12.C (test for excess errors)
FAIL: g++.mike/eh14.C (test for excess errors)
FAIL: g++.mike/eh16.C (test for excess errors)
FAIL: g++.mike/eh17.C (test for excess errors)
FAIL: g++.mike/eh18.C (test for excess errors)
FAIL: g++.mike/eh2.C (test for excess errors)
FAIL: g++.mike/eh21.C (test for excess errors)
FAIL: g++.mike/eh23.C (test for excess errors)
FAIL: g++.mike/eh24.C (test for excess errors)
FAIL: g++.mike/eh25.C (test for excess errors)
FAIL: g++.mike/eh26.C (test for excess errors)
FAIL: g++.mike/eh27.C (test for excess errors)
FAIL: g++.mike/eh28.C (test for excess errors)
FAIL: g++.mike/eh29.C (test for excess errors)
FAIL: g++.mike/eh3.C (test for excess errors)
FAIL: g++.mike/eh31.C (test for excess errors)
FAIL: g++.mike/eh33.C (test for excess errors)
FAIL: g++.mike/eh34.C (test for excess errors)
FAIL: g++.mike/eh35.C (test for excess errors)
FAIL: g++.mike/eh36.C (test for excess errors)
FAIL: g++.mike/eh37.C (test for excess errors)
FAIL: g++.mike/eh38.C (test for excess errors)
FAIL: g++.mike/eh39.C (test for excess errors)
FAIL: g++.mike/eh40.C (test for excess errors)
FAIL: g++.mike/eh41.C (test for excess errors)
FAIL: g++.mike/eh42.C (test for excess errors)
FAIL: g++.mike/eh44.C (test for excess errors)
FAIL: g++.mike/eh45.C (test for excess errors)
FAIL: g++.mike/eh47.C (test for excess errors)
FAIL: g++.mike/eh48.C (test for excess errors)
FAIL: g++.mike/eh49.C (test for excess errors)
FAIL: g++.mike/eh5.C (test for excess errors)
FAIL: g++.mike/eh50.C (test for excess errors)
FAIL: g++.mike/eh51.C (test for excess errors)
FAIL: g++.mike/eh53.C (test for excess errors)
FAIL: g++.mike/eh55.C (test for excess errors)
FAIL: g++.mike/eh56.C (test for excess errors)
FAIL: g++.mike/eh59.C (test for excess errors)
FAIL: g++.mike/eh6.C (test for excess errors)
FAIL: g++.mike/eh8.C (test for excess errors)
FAIL: g++.mike/hog1.C (test for excess errors)
FAIL: g++.mike/init1.C (test for excess errors)
FAIL: g++.mike/leak1.C (test for excess errors)
FAIL: g++.mike/mangle3.C (test for excess errors)
FAIL: g++.mike/mi1.C (test for excess errors)
FAIL: g++.mike/mi2.C (test for excess errors)
FAIL: g++.mike/misc1.C (test for excess errors)
FAIL: g++.mike/misc13.C (test for excess errors)
FAIL: g++.mike/misc14.C (test for excess errors)
FAIL: g++.mike/net15.C (test for excess errors)
FAIL: g++.mike/net16.C (test for excess errors)
FAIL: g++.mike/net17.C (test for excess errors)
FAIL: g++.mike/net21.C (test for excess errors)
FAIL: g++.mike/net26.C (test for excess errors)
FAIL: g++.mike/net34.C (test for excess errors)
FAIL: g++.mike/net35.C (test for excess errors)
FAIL: g++.mike/net37.C (test for excess errors)
FAIL: g++.mike/net38.C (test for excess errors)
FAIL: g++.mike/net39.C (test for excess errors)
FAIL: g++.mike/net40.C (test for excess errors)
FAIL: g++.mike/net46.C (test for excess errors)
FAIL: g++.mike/offset1.C (test for excess errors)
FAIL: g++.mike/p10148.C (test for excess errors)
FAIL: g++.mike/p10849a.C (test for excess errors)
FAIL: g++.mike/p11144.C (test for excess errors)
FAIL: g++.mike/p11667.C (test for excess errors)
FAIL: g++.mike/p12306.C (test for excess errors)
FAIL: g++.mike/p12306a.C (test for excess errors)
FAIL: g++.mike/p1248.C (test for excess errors)
FAIL: g++.mike/p1567.C (test for excess errors)
FAIL: g++.mike/p16146.C (test for excess errors)
FAIL: g++.mike/p1862.C (test for excess errors)
FAIL: g++.mike/p2394.C (test for excess errors)
FAIL: g++.mike/p2736.C (test for excess errors)
FAIL: g++.mike/p2846.C (test for excess errors)
FAIL: g++.mike/p2846a.C (test for excess errors)
FAIL: g++.mike/p2846b.C (test for excess errors)
FAIL: g++.mike/p2960.C (test for excess errors)
FAIL: g++.mike/p3041.C (test for excess errors)
FAIL: g++.mike/p3060d.C (test for excess errors)
FAIL: g++.mike/p3068.C (test for excess errors)
FAIL: g++.mike/p3139.C (test for excess errors)
FAIL: g++.mike/p3570.C (test for excess errors)
FAIL: g++.mike/p3579.C (test for excess errors)
FAIL: g++.mike/p3708.C (test for excess errors)
FAIL: g++.mike/p3708a.C (test for excess errors)
FAIL: g++.mike/p3708b.C (test for excess errors)
FAIL: g++.mike/p4068.C (test for excess errors)
FAIL: g++.mike/p4104.C (test for excess errors)
FAIL: g++.mike/p4246.C (test for excess errors)
FAIL: g++.mike/p4511.C (test for excess errors)
FAIL: g++.mike/p4623.C (test for excess errors)
FAIL: g++.mike/p4667.C (test for excess errors)
FAIL: g++.mike/p4736a.C (test for excess errors)
FAIL: g++.mike/p4736b.C (test for excess errors)
FAIL: g++.mike/p4736c.C (test for excess errors)
FAIL: g++.mike/p5469.C (test for excess errors)
FAIL: g++.mike/p5469a.C (test for excess errors)
FAIL: g++.mike/p5571.C (test for excess errors)
FAIL: g++.mike/p5673.C (test for excess errors)
FAIL: g++.mike/p5718.C (test for excess errors)
FAIL: g++.mike/p5840.C (test for excess errors)
FAIL: g++.mike/p646.C (test for excess errors)
FAIL: g++.mike/p658.C (test for excess errors)
FAIL: g++.mike/p6610a.C (test for excess errors)
FAIL: g++.mike/p6610b.C (test for excess errors)
FAIL: g++.mike/p6611.C (test for excess errors)
FAIL: g++.mike/p6927.C (test for excess errors)
FAIL: g++.mike/p7325.C (test for excess errors)
FAIL: g++.mike/p755a.C (test for excess errors)
FAIL: g++.mike/p7651.C (test for excess errors)
FAIL: g++.mike/p783.C (test for excess errors)
FAIL: g++.mike/p783a.C (test for excess errors)
FAIL: g++.mike/p783b.C (test for excess errors)
FAIL: g++.mike/p786.C (test for excess errors)
FAIL: g++.mike/p7865.C (test for excess errors)
FAIL: g++.mike/p789.C (test for excess errors)
FAIL: g++.mike/p789a.C (test for excess errors)
FAIL: g++.mike/p7912.C (test for excess errors)
FAIL: g++.mike/p8018.C (test for excess errors)
FAIL: g++.mike/p8155.C (test for excess errors)
FAIL: g++.mike/p8483.C (test for excess errors)
FAIL: g++.mike/p9206.C (test for excess errors)
FAIL: g++.mike/p9706.C (test for excess errors)
FAIL: g++.mike/p9732a.C (test for excess errors)
FAIL: g++.mike/p9732b.C (test for excess errors)
FAIL: g++.mike/pmf1.C (test for excess errors)
FAIL: g++.mike/pmf2.C (test for excess errors)
FAIL: g++.mike/pmf5.C (test for excess errors)
FAIL: g++.mike/pmf7.C (test for excess errors)
FAIL: g++.mike/pmf8.C (test for excess errors)
FAIL: g++.mike/pmf9.C (test for excess errors)
FAIL: g++.mike/pt1.C (test for excess errors)
FAIL: g++.mike/pt2.C (test for excess errors)
FAIL: g++.mike/ref1.C (test for excess errors)
FAIL: g++.mike/rtti2.C (test for excess errors)
FAIL: g++.mike/rtti3.C (test for excess errors)
FAIL: g++.mike/temp.C (test for excess errors)
FAIL: g++.mike/thunk2.C (test for excess errors)
FAIL: g++.mike/thunk3.C (test for excess errors)
FAIL: g++.mike/virt2.C (test for excess errors)
FAIL: g++.mike/virt4.C (test for excess errors)
FAIL: g++.mike/virt5.C (test for excess errors)
FAIL: g++.mike/virt6.C (test for excess errors)
FAIL: g++.mike/vtable1.C (test for excess errors)
FAIL: g++.ns/alias3.C (test for excess errors)
FAIL: g++.ns/alias6.C (test for excess errors)
FAIL: g++.ns/anon1.C (test for excess errors)
FAIL: g++.ns/koenig3.C (test for excess errors)
FAIL: g++.ns/koenig4.C (test for excess errors)
FAIL: g++.ns/new1.C (test for excess errors)
FAIL: g++.ns/template11.C (test for excess errors)
FAIL: g++.ns/template3.C (test for excess errors)
FAIL: g++.ns/template4.C (test for excess errors)
FAIL: g++.ns/template5.C (test for excess errors)
FAIL: g++.ns/template9.C (test for excess errors)
FAIL: g++.ns/using13.C (test for excess errors)
FAIL: g++.oliva/delete2.C (test for excess errors)
FAIL: g++.oliva/delete3.C (test for excess errors)
FAIL: g++.oliva/delete4.C (test for excess errors)
FAIL: g++.oliva/delete5.C (test for excess errors)
FAIL: g++.oliva/new1.C (test for excess errors)
FAIL: g++.oliva/thunk1.C (test for excess errors)
FAIL: g++.other/addrof1.C (test for excess errors)
FAIL: g++.other/array1.C (test for excess errors)
FAIL: g++.other/array2.C (test for excess errors)
FAIL: g++.other/badopt1.C (test for excess errors)
FAIL: g++.other/cleanup1.C (test for excess errors)
FAIL: g++.other/conv4.C (test for excess errors)
FAIL: g++.other/copy1.C (test for excess errors)
FAIL: g++.other/copy2.C (test for excess errors)
FAIL: g++.other/crash18.C (test for excess errors)
FAIL: g++.other/crash22.C (test for excess errors)
FAIL: g++.other/delete3.C (test for excess errors)
FAIL: g++.other/delete5.C (test for excess errors)
FAIL: g++.other/delete6.C (test for excess errors)
FAIL: g++.other/dtor1.C (test for excess errors)
FAIL: g++.other/dtor5.C (test for excess errors)
FAIL: g++.other/dtor9.C (test for excess errors)
FAIL: g++.other/dyncast1.C (test for excess errors)
FAIL: g++.other/dyncast2.C (test for excess errors)
FAIL: g++.other/dyncast3.C (test for excess errors)
FAIL: g++.other/dyncast4.C (test for excess errors)
FAIL: g++.other/dyncast5.C (test for excess errors)
FAIL: g++.other/dyncast6.C (test for excess errors)
FAIL: g++.other/empty1.C (test for excess errors)
FAIL: g++.other/enum1.C (test for excess errors)
FAIL: g++.other/field2.C (test for excess errors)
FAIL: g++.other/init1.C (test for excess errors)
FAIL: g++.other/init10.C (test for excess errors)
FAIL: g++.other/init11.C (test for excess errors)
FAIL: g++.other/init12.C (test for excess errors)
FAIL: g++.other/init13.C (test for excess errors)
FAIL: g++.other/init2.C (test for excess errors)
FAIL: g++.other/init5.C (test for excess errors)
FAIL: g++.other/init7.C (test for excess errors)
FAIL: g++.other/inline7.C (test for excess errors)
FAIL: g++.other/inline8.C (test for excess errors)
FAIL: g++.other/local1.C (test for excess errors)
FAIL: g++.other/local3.C (test for excess errors)
FAIL: g++.other/lookup4.C (test for excess errors)
FAIL: g++.other/loop1.C (test for excess errors)
FAIL: g++.other/loop2.C caused compiler crash
FAIL: g++.other/new3.C (test for excess errors)
FAIL: g++.other/null1.C (test for excess errors)
FAIL: g++.other/overcnv2.C (test for excess errors)
FAIL: g++.other/overload1.C (test for excess errors)
FAIL: g++.other/overload2.C (test for excess errors)
FAIL: g++.other/overload6.C (test for excess errors)
FAIL: g++.other/overload7.C (test for excess errors)
FAIL: g++.other/overload8.C (test for excess errors)
FAIL: g++.other/overload9.C (test for excess errors)
FAIL: g++.other/pmf4.C (test for excess errors)
FAIL: g++.other/pmf5.C (test for excess errors)
FAIL: g++.other/rtti1.C (test for excess errors)
FAIL: g++.other/rtti2.C (test for excess errors)
FAIL: g++.other/rtti3.C (test for excess errors)
FAIL: g++.other/rtti4.C (test for excess errors)
FAIL: g++.other/rttid2.C (test for excess errors)
FAIL: g++.other/rttid3.C (test for excess errors)
FAIL: g++.other/rttid4.C (test for excess errors)
FAIL: g++.other/singleton.C (test for excess errors)
FAIL: g++.other/static4.C (test for excess errors)
FAIL: g++.other/temporary1.C (test for excess errors)
FAIL: g++.other/union2.C (test for excess errors)
FAIL: g++.other/using6.C (test for excess errors)
FAIL: g++.other/vbase1.C (test for excess errors)
FAIL: g++.other/vbase2.C (test for excess errors)
FAIL: g++.other/virtual2.C (test for excess errors)
FAIL: g++.other/virtual3.C (test for excess errors)
FAIL: g++.other/virtual8.C (test for excess errors)
FAIL: g++.other/vtbl2.C (test for excess errors)
FAIL: g++.pt/alignof.C (test for excess errors)
FAIL: g++.pt/array1.C (test for excess errors)
FAIL: g++.pt/auto_ptr.C (test for excess errors)
FAIL: g++.pt/copy1.C (test for excess errors)
FAIL: g++.pt/crash18.C (test for excess errors)
FAIL: g++.pt/defarg.C (test for excess errors)
FAIL: g++.pt/eichin01.C (test for excess errors)
FAIL: g++.pt/eichin01a.C (test for excess errors)
FAIL: g++.pt/eichin01b.C (test for excess errors)
FAIL: g++.pt/enum3.C (test for excess errors)
FAIL: g++.pt/enum7.C (test for excess errors)
FAIL: g++.pt/explarg1.C (test for excess errors)
FAIL: g++.pt/explicit13.C (test for excess errors)
FAIL: g++.pt/explicit18.C (test for excess errors)
FAIL: g++.pt/explicit29.C (test for excess errors)
FAIL: g++.pt/explicit31.C (test for excess errors)
FAIL: g++.pt/explicit37.C (test for excess errors)
FAIL: g++.pt/explicit40.C (test for excess errors)
FAIL: g++.pt/explicit42.C (test for excess errors)
FAIL: g++.pt/explicit43.C (test for excess errors)
FAIL: g++.pt/explicit50.C (test for excess errors)
FAIL: g++.pt/explicit51.C (test for excess errors)
FAIL: g++.pt/explicit52.C (test for excess errors)
FAIL: g++.pt/explicit53.C (test for excess errors)
FAIL: g++.pt/explicit54.C (test for excess errors)
FAIL: g++.pt/explicit55.C (test for excess errors)
FAIL: g++.pt/explicit56.C (test for excess errors)
FAIL: g++.pt/explicit57.C (test for excess errors)
FAIL: g++.pt/explicit58.C (test for excess errors)
FAIL: g++.pt/explicit59.C (test for excess errors)
FAIL: g++.pt/explicit60.C (test for excess errors)
FAIL: g++.pt/explicit61.C (test for excess errors)
FAIL: g++.pt/explicit62.C (test for excess errors)
FAIL: g++.pt/explicit63.C (test for excess errors)
FAIL: g++.pt/explicit64.C (test for excess errors)
FAIL: g++.pt/explicit65.C (test for excess errors)
FAIL: g++.pt/explicit66.C (test for excess errors)
FAIL: g++.pt/explicit74.C (test for excess errors)
FAIL: g++.pt/expr1.C (test for excess errors)
FAIL: g++.pt/fntry1.C (test for excess errors)
FAIL: g++.pt/friend1.C (test for excess errors)
FAIL: g++.pt/friend10.C (test for excess errors)
FAIL: g++.pt/friend12.C (test for excess errors)
FAIL: g++.pt/friend13.C (test for excess errors)
FAIL: g++.pt/friend33.C (test for excess errors)
FAIL: g++.pt/friend4.C (test for excess errors)
FAIL: g++.pt/friend5.C (test for excess errors)
FAIL: g++.pt/friend6.C (test for excess errors)
FAIL: g++.pt/friend7.C (test for excess errors)
FAIL: g++.pt/friend8.C (test for excess errors)
FAIL: g++.pt/friend9.C (test for excess errors)
FAIL: g++.pt/inherit1.C (test for excess errors)
FAIL: g++.pt/instantiate4.C (test for excess errors)
FAIL: g++.pt/instantiate5.C (test for excess errors)
FAIL: g++.pt/instantiate6.C (test for excess errors)
FAIL: g++.pt/link1.C (test for excess errors)
FAIL: g++.pt/local1.C (test for excess errors)
FAIL: g++.pt/local2.C (test for excess errors)
FAIL: g++.pt/local3.C (test for excess errors)
FAIL: g++.pt/local4.C (test for excess errors)
FAIL: g++.pt/local5.C (test for excess errors)
FAIL: g++.pt/local6.C (test for excess errors)
FAIL: g++.pt/lookup3.C (test for excess errors)
FAIL: g++.pt/memclass1.C (test for excess errors)
FAIL: g++.pt/memclass2.C (test for excess errors)
FAIL: g++.pt/memclass3.C (test for excess errors)
FAIL: g++.pt/memclass4.C (test for excess errors)
FAIL: g++.pt/memclass5.C (test for excess errors)
FAIL: g++.pt/memclass6.C (test for excess errors)
FAIL: g++.pt/memtemp10.C (test for excess errors)
FAIL: g++.pt/memtemp11.C (test for excess errors)
FAIL: g++.pt/memtemp14.C (test for excess errors)
FAIL: g++.pt/memtemp16.C (test for excess errors)
FAIL: g++.pt/memtemp17.C (test for excess errors)
FAIL: g++.pt/memtemp19.C (test for excess errors)
FAIL: g++.pt/memtemp20.C (test for excess errors)
FAIL: g++.pt/memtemp23.C (test for excess errors)
FAIL: g++.pt/memtemp24.C (test for excess errors)
FAIL: g++.pt/memtemp25.C (test for excess errors)
FAIL: g++.pt/memtemp26.C (test for excess errors)
FAIL: g++.pt/memtemp27.C (test for excess errors)
FAIL: g++.pt/memtemp28.C (test for excess errors)
FAIL: g++.pt/memtemp29.C (test for excess errors)
FAIL: g++.pt/memtemp3.C (test for excess errors)
FAIL: g++.pt/memtemp30.C (test for excess errors)
FAIL: g++.pt/memtemp31.C (test for excess errors)
FAIL: g++.pt/memtemp32.C (test for excess errors)
FAIL: g++.pt/memtemp33.C (test for excess errors)
FAIL: g++.pt/memtemp34.C (test for excess errors)
FAIL: g++.pt/memtemp42.C (test for excess errors)
FAIL: g++.pt/memtemp43.C (test for excess errors)
FAIL: g++.pt/memtemp44.C (test for excess errors)
FAIL: g++.pt/memtemp45.C (test for excess errors)
FAIL: g++.pt/memtemp46.C (test for excess errors)
FAIL: g++.pt/memtemp47.C (test for excess errors)
FAIL: g++.pt/memtemp5.C (test for excess errors)
FAIL: g++.pt/memtemp53.C (test for excess errors)
FAIL: g++.pt/memtemp63.C (test for excess errors)
FAIL: g++.pt/memtemp67.C (test for excess errors)
FAIL: g++.pt/memtemp69.C (test for excess errors)
FAIL: g++.pt/memtemp7.C (test for excess errors)
FAIL: g++.pt/memtemp73.C (test for excess errors)
FAIL: g++.pt/memtemp9.C (test for excess errors)
FAIL: g++.pt/memtemp93.C (test for excess errors)
FAIL: g++.pt/memtemp96.C (test for excess errors)
FAIL: g++.pt/memtemp97.C (test for excess errors)
FAIL: g++.pt/mi1.C (test for excess errors)
FAIL: g++.pt/nttp1.C (test for excess errors)
FAIL: g++.pt/nttp2.C (test for excess errors)
FAIL: g++.pt/overload1.C (test for excess errors)
FAIL: g++.pt/overload10.C (test for excess errors)
FAIL: g++.pt/overload11.C (test for excess errors)
FAIL: g++.pt/overload12.C (test for excess errors)
FAIL: g++.pt/overload6.C (test for excess errors)
FAIL: g++.pt/overload9.C (test for excess errors)
FAIL: g++.pt/parms1.C (test for excess errors)
FAIL: g++.pt/partial3.C (test for excess errors)
FAIL: g++.pt/ptrmem1.C (test for excess errors)
FAIL: g++.pt/ptrmem2.C (test for excess errors)
FAIL: g++.pt/ptrmem4.C (test for excess errors)
FAIL: g++.pt/ref3.C (test for excess errors)
FAIL: g++.pt/repo1.C (test for excess errors)
FAIL: g++.pt/repo2.C (test for excess errors)
FAIL: g++.pt/repo3.C (test for excess errors)
FAIL: g++.pt/sizeof.C (test for excess errors)
FAIL: g++.pt/sizeof2.C (test for excess errors)
FAIL: g++.pt/spec3.C (test for excess errors)
FAIL: g++.pt/spec30.C (test for excess errors)
FAIL: g++.pt/spec8.C (test for excess errors)
FAIL: g++.pt/static3.C (test for excess errors)
FAIL: g++.pt/static6.C (test for excess errors)
FAIL: g++.pt/static8.C (test for excess errors)
FAIL: g++.pt/stmtexpr.C (test for excess errors)
FAIL: g++.pt/stmtexpr2.C (test for excess errors)
FAIL: g++.pt/t16.C (test for excess errors)
FAIL: g++.pt/t39.C (test for excess errors)
FAIL: g++.pt/t42.C (test for excess errors)
FAIL: g++.pt/tiemann2.C (test for excess errors)
FAIL: g++.pt/ttp11.C (test for excess errors)
FAIL: g++.pt/ttp12.C (test for excess errors)
FAIL: g++.pt/ttp13.C (test for excess errors)
FAIL: g++.pt/ttp14.C (test for excess errors)
FAIL: g++.pt/ttp15.C (test for excess errors)
FAIL: g++.pt/ttp16.C (test for excess errors)
FAIL: g++.pt/ttp17.C (test for excess errors)
FAIL: g++.pt/ttp18.C (test for excess errors)
FAIL: g++.pt/ttp19.C (test for excess errors)
FAIL: g++.pt/ttp20.C (test for excess errors)
FAIL: g++.pt/ttp21.C (test for excess errors)
FAIL: g++.pt/ttp22.C (test for excess errors)
FAIL: g++.pt/ttp23.C (test for excess errors)
FAIL: g++.pt/ttp24.C (test for excess errors)
FAIL: g++.pt/ttp25.C (test for excess errors)
FAIL: g++.pt/ttp26.C (test for excess errors)
FAIL: g++.pt/ttp27.C (test for excess errors)
FAIL: g++.pt/ttp28.C (test for excess errors)
FAIL: g++.pt/ttp29.C (test for excess errors)
FAIL: g++.pt/ttp30.C (test for excess errors)
FAIL: g++.pt/ttp31.C (test for excess errors)
FAIL: g++.pt/ttp32.C (test for excess errors)
FAIL: g++.pt/ttp33.C (test for excess errors)
FAIL: g++.pt/ttp34.C (test for excess errors)
FAIL: g++.pt/ttp35.C (test for excess errors)
FAIL: g++.pt/ttp36.C (test for excess errors)
FAIL: g++.pt/ttp37.C (test for excess errors)
FAIL: g++.pt/ttp38.C (test for excess errors)
FAIL: g++.pt/ttp39.C (test for excess errors)
FAIL: g++.pt/ttp40.C (test for excess errors)
FAIL: g++.pt/ttp41.C (test for excess errors)
FAIL: g++.pt/ttp47.C (test for excess errors)
FAIL: g++.pt/ttp48.C (test for excess errors)
FAIL: g++.pt/vaarg.C (test for excess errors)
FAIL: g++.pt/vbase1.C (test for excess errors)
FAIL: g++.pt/virtual1.C (test for excess errors)
FAIL: g++.pt/virtual4.C (test for excess errors)
FAIL: g++.robertl/980310-1.C (test for excess errors)
FAIL: g++.robertl/eb102.C (test for excess errors)
FAIL: g++.robertl/eb104.C (test for excess errors)
FAIL: g++.robertl/eb114.C (test for excess errors)
FAIL: g++.robertl/eb115.C (test for excess errors)
FAIL: g++.robertl/eb116.C (test for excess errors)
FAIL: g++.robertl/eb118.C (test for excess errors)
FAIL: g++.robertl/eb120.C (test for excess errors)
FAIL: g++.robertl/eb126.C (test for excess errors)
FAIL: g++.robertl/eb14.C (test for excess errors)
FAIL: g++.robertl/eb21.C (test for excess errors)
FAIL: g++.robertl/eb26.C (test for excess errors)
FAIL: g++.robertl/eb27.C (test for excess errors)
FAIL: g++.robertl/eb31.C (test for excess errors)
FAIL: g++.robertl/eb41.C (test for excess errors)
FAIL: g++.robertl/eb44.C (test for excess errors)
FAIL: g++.robertl/eb46.C (test for excess errors)
FAIL: g++.robertl/eb50.C (test for excess errors)
FAIL: g++.robertl/eb54.C (test for excess errors)
FAIL: g++.robertl/eb58.C (test for excess errors)
FAIL: g++.robertl/eb59.C (test for excess errors)
FAIL: g++.robertl/eb63.C (test for excess errors)
FAIL: g++.robertl/eb65.C (test for excess errors)
FAIL: g++.robertl/eb66.C (test for excess errors)
FAIL: g++.robertl/eb73.C (test for excess errors)
FAIL: g++.robertl/eb77.C (test for excess errors)
FAIL: g++.robertl/eb83.C (test for excess errors)
FAIL: g++.robertl/eb84.C (test for excess errors)
FAIL: g++.robertl/eb88.C (test for excess errors)
FAIL: g++.robertl/eb91.C (test for excess errors)
FAIL: g++.robertl/eb95.C (test for excess errors)
FAIL: g++.robertl/eb97.C (test for excess errors)
FAIL: g++.robertl/ebnull-cast.C (test for excess errors)
FAIL: g++.robertl/ebnull-oldcast.C (test for excess errors)
FAIL: g++.robertl/ebnull.C (test for excess errors)
FAIL: g++.robertl/eh990323-1.C (test for excess errors)
FAIL: g++.robertl/eh990323-2.C (test for excess errors)
FAIL: g++.robertl/eh990323-3.C (test for excess errors)
FAIL: g++.robertl/eh990323-4.C (test for excess errors)
FAIL: g++.robertl/eh990323-5.C (test for excess errors)
FAIL: g++.robertl/ice990323-2.C (test for excess errors)
=== g++ Summary ===
# of expected passes 4662
# of unexpected failures 699
# of expected failures 722
# of untested testcases 16
/home3/egcs-sunos/gcc/testsuite/../g++ version 2.96 20000904 (experimental)
=== g77 tests ===
Running target unix
FAIL: g77.f-torture/compile/19990218-0.f, -O0
FAIL: g77.f-torture/compile/19990218-0.f, -O1
FAIL: g77.f-torture/compile/19990218-0.f, -O2
FAIL: g77.f-torture/compile/19990218-0.f, -O2 -fomit-frame-pointer -finline-functions
FAIL: g77.f-torture/compile/19990218-0.f, -O3 -g
FAIL: g77.f-torture/compile/19990218-0.f, -O3 -fssa
FAIL: g77.f-torture/compile/19990218-0.f, -Os
FAIL: g77.f-torture/compile/19990305-0.f, -O0
FAIL: g77.f-torture/compile/19990305-0.f, -O1
FAIL: g77.f-torture/compile/19990305-0.f, -O2
FAIL: g77.f-torture/compile/19990305-0.f, -O2 -fomit-frame-pointer -finline-functions
FAIL: g77.f-torture/compile/19990305-0.f, -O3 -g
FAIL: g77.f-torture/compile/19990305-0.f, -O3 -fssa
FAIL: g77.f-torture/compile/19990305-0.f, -Os
FAIL: g77.f-torture/compile/19990419-0.f, -O0
FAIL: g77.f-torture/compile/19990419-0.f, -O1
FAIL: g77.f-torture/compile/19990419-0.f, -O2
FAIL: g77.f-torture/compile/19990419-0.f, -O2 -fomit-frame-pointer -finline-functions
FAIL: g77.f-torture/compile/19990419-0.f, -O3 -g
FAIL: g77.f-torture/compile/19990419-0.f, -O3 -fssa
FAIL: g77.f-torture/compile/19990419-0.f, -Os
FAIL: g77.f-torture/compile/19990502-0.f, -O0
FAIL: g77.f-torture/compile/19990502-0.f, -O1
FAIL: g77.f-torture/compile/19990502-0.f, -O2
FAIL: g77.f-torture/compile/19990502-0.f, -O2 -fomit-frame-pointer -finline-functions
FAIL: g77.f-torture/compile/19990502-0.f, -O3 -g
FAIL: g77.f-torture/compile/19990502-0.f, -O3 -fssa
FAIL: g77.f-torture/compile/19990502-0.f, -Os
FAIL: g77.f-torture/compile/19990502-1.f, -O0
FAIL: g77.f-torture/compile/19990502-1.f, -O1
FAIL: g77.f-torture/compile/19990502-1.f, -O2
FAIL: g77.f-torture/compile/19990502-1.f, -O2 -fomit-frame-pointer -finline-functions
FAIL: g77.f-torture/compile/19990502-1.f, -O2 -fomit-frame-pointer -finline-functions -funroll-loops
FAIL: g77.f-torture/compile/19990502-1.f, -O2 -fomit-frame-pointer -finline-functions -funroll-all-loops
FAIL: g77.f-torture/compile/19990502-1.f, -O3 -g
FAIL: g77.f-torture/compile/19990502-1.f, -O3 -fssa
FAIL: g77.f-torture/compile/19990502-1.f, -Os
FAIL: g77.f-torture/compile/19990525-0.f, -O0
FAIL: g77.f-torture/compile/19990525-0.f, -O1
FAIL: g77.f-torture/compile/19990525-0.f, -O2
FAIL: g77.f-torture/compile/19990525-0.f, -O2 -fomit-frame-pointer -finline-functions
FAIL: g77.f-torture/compile/19990525-0.f, -O3 -g
FAIL: g77.f-torture/compile/19990525-0.f, -O3 -fssa
FAIL: g77.f-torture/compile/19990525-0.f, -Os
FAIL: g77.f-torture/compile/19990826-1.f, -O0
FAIL: g77.f-torture/compile/19990826-1.f, -O1
FAIL: g77.f-torture/compile/19990826-1.f, -O2
FAIL: g77.f-torture/compile/19990826-1.f, -O2 -fomit-frame-pointer -finline-functions
FAIL: g77.f-torture/compile/19990826-1.f, -O3 -g
FAIL: g77.f-torture/compile/19990826-1.f, -O3 -fssa
FAIL: g77.f-torture/compile/19990826-1.f, -Os
FAIL: g77.f-torture/compile/19990826-3.f, -O0
FAIL: g77.f-torture/compile/19990826-3.f, -O1
FAIL: g77.f-torture/compile/19990826-3.f, -O2
FAIL: g77.f-torture/compile/19990826-3.f, -O2 -fomit-frame-pointer -finline-functions
FAIL: g77.f-torture/compile/19990826-3.f, -O2 -fomit-frame-pointer -finline-functions -funroll-loops
FAIL: g77.f-torture/compile/19990826-3.f, -O2 -fomit-frame-pointer -finline-functions -funroll-all-loops
FAIL: g77.f-torture/compile/19990826-3.f, -O3 -g
FAIL: g77.f-torture/compile/19990826-3.f, -O3 -fssa
FAIL: g77.f-torture/compile/19990826-3.f, -Os
FAIL: g77.f-torture/compile/19990905-0.f, -O0
FAIL: g77.f-torture/compile/19990905-0.f, -O1
FAIL: g77.f-torture/compile/19990905-0.f, -O2
FAIL: g77.f-torture/compile/19990905-0.f, -O2 -fomit-frame-pointer -finline-functions
FAIL: g77.f-torture/compile/19990905-0.f, -O3 -g
FAIL: g77.f-torture/compile/19990905-0.f, -O3 -fssa
FAIL: g77.f-torture/compile/19990905-0.f, -Os
FAIL: g77.f-torture/compile/19990905-2.f, -O0
FAIL: g77.f-torture/compile/19990905-2.f, -O1
FAIL: g77.f-torture/compile/19990905-2.f, -O2
FAIL: g77.f-torture/compile/19990905-2.f, -O2 -fomit-frame-pointer -finline-functions
FAIL: g77.f-torture/compile/19990905-2.f, -O3 -g
FAIL: g77.f-torture/compile/19990905-2.f, -O3 -fssa
FAIL: g77.f-torture/compile/19990905-2.f, -Os
FAIL: g77.f-torture/compile/20000412-1.f, -O0
FAIL: g77.f-torture/compile/20000412-1.f, -O1
FAIL: g77.f-torture/compile/20000412-1.f, -O2
FAIL: g77.f-torture/compile/20000412-1.f, -O2 -fomit-frame-pointer -finline-functions
FAIL: g77.f-torture/compile/20000412-1.f, -O3 -g
FAIL: g77.f-torture/compile/20000412-1.f, -O3 -fssa
FAIL: g77.f-torture/compile/20000412-1.f, -Os
FAIL: g77.f-torture/compile/20000511-1.f, -O0
FAIL: g77.f-torture/compile/20000511-1.f, -O1
FAIL: g77.f-torture/compile/20000511-1.f, -O2
FAIL: g77.f-torture/compile/20000511-1.f, -O2 -fomit-frame-pointer -finline-functions
FAIL: g77.f-torture/compile/20000511-1.f, -O2 -fomit-frame-pointer -finline-functions -funroll-loops
FAIL: g77.f-torture/compile/20000511-1.f, -O2 -fomit-frame-pointer -finline-functions -funroll-all-loops
FAIL: g77.f-torture/compile/20000511-1.f, -O3 -g
FAIL: g77.f-torture/compile/20000511-1.f, -O3 -fssa
FAIL: g77.f-torture/compile/20000511-1.f, -Os
FAIL: g77.f-torture/compile/20000511-2.f, -O0
FAIL: g77.f-torture/compile/20000511-2.f, -O1
FAIL: g77.f-torture/compile/20000511-2.f, -O2
FAIL: g77.f-torture/compile/20000511-2.f, -O2 -fomit-frame-pointer -finline-functions
FAIL: g77.f-torture/compile/20000511-2.f, -O2 -fomit-frame-pointer -finline-functions -funroll-loops
FAIL: g77.f-torture/compile/20000511-2.f, -O2 -fomit-frame-pointer -finline-functions -funroll-all-loops
FAIL: g77.f-torture/compile/20000511-2.f, -O3 -g
FAIL: g77.f-torture/compile/20000511-2.f, -O3 -fssa
FAIL: g77.f-torture/compile/20000511-2.f, -Os
FAIL: g77.f-torture/compile/20000518.f, -O0
FAIL: g77.f-torture/compile/20000518.f, -O1
FAIL: g77.f-torture/compile/20000518.f, -O2
FAIL: g77.f-torture/compile/20000518.f, -O2 -fomit-frame-pointer -finline-functions
FAIL: g77.f-torture/compile/20000518.f, -O2 -fomit-frame-pointer -finline-functions -funroll-loops
FAIL: g77.f-torture/compile/20000518.f, -O2 -fomit-frame-pointer -finline-functions -funroll-all-loops
FAIL: g77.f-torture/compile/20000518.f, -O3 -g
FAIL: g77.f-torture/compile/20000518.f, -O3 -fssa
FAIL: g77.f-torture/compile/20000518.f, -Os
FAIL: g77.f-torture/compile/20000601-1.f, -O0
FAIL: g77.f-torture/compile/20000601-1.f, -O1
FAIL: g77.f-torture/compile/20000601-1.f, -O2
FAIL: g77.f-torture/compile/20000601-1.f, -O2 -fomit-frame-pointer -finline-functions
FAIL: g77.f-torture/compile/20000601-1.f, -O2 -fomit-frame-pointer -finline-functions -funroll-loops
FAIL: g77.f-torture/compile/20000601-1.f, -O2 -fomit-frame-pointer -finline-functions -funroll-all-loops
FAIL: g77.f-torture/compile/20000601-1.f, -O3 -g
FAIL: g77.f-torture/compile/20000601-1.f, -O3 -fssa
FAIL: g77.f-torture/compile/20000601-1.f, -Os
FAIL: g77.f-torture/compile/20000629-1.f, -O0
FAIL: g77.f-torture/compile/20000629-1.f, -O1
FAIL: g77.f-torture/compile/20000629-1.f, -O2
FAIL: g77.f-torture/compile/20000629-1.f, -O2 -fomit-frame-pointer -finline-functions
FAIL: g77.f-torture/compile/20000629-1.f, -O2 -fomit-frame-pointer -finline-functions -funroll-loops
FAIL: g77.f-torture/compile/20000629-1.f, -O2 -fomit-frame-pointer -finline-functions -funroll-all-loops
FAIL: g77.f-torture/compile/20000629-1.f, -O3 -g
FAIL: g77.f-torture/compile/20000629-1.f, -O3 -fssa
FAIL: g77.f-torture/compile/20000629-1.f, -Os
FAIL: g77.f-torture/compile/20000630-2.f, -O0
FAIL: g77.f-torture/compile/20000630-2.f, -O1
FAIL: g77.f-torture/compile/20000630-2.f, -O2
FAIL: g77.f-torture/compile/20000630-2.f, -O2 -fomit-frame-pointer -finline-functions
FAIL: g77.f-torture/compile/20000630-2.f, -O3 -g
FAIL: g77.f-torture/compile/20000630-2.f, -O3 -fssa
FAIL: g77.f-torture/compile/20000630-2.f, -Os
FAIL: g77.f-torture/compile/960317-1.f, -O0
FAIL: g77.f-torture/compile/960317-1.f, -O1
FAIL: g77.f-torture/compile/960317-1.f, -O2
FAIL: g77.f-torture/compile/960317-1.f, -O2 -fomit-frame-pointer -finline-functions
FAIL: g77.f-torture/compile/960317-1.f, -O3 -g
FAIL: g77.f-torture/compile/960317-1.f, -O3 -fssa
FAIL: g77.f-torture/compile/960317-1.f, -Os
FAIL: g77.f-torture/compile/970125-0.f, -O0
FAIL: g77.f-torture/compile/970125-0.f, -O1
FAIL: g77.f-torture/compile/970125-0.f, -O2
FAIL: g77.f-torture/compile/970125-0.f, -O2 -fomit-frame-pointer -finline-functions
FAIL: g77.f-torture/compile/970125-0.f, -O3 -g
FAIL: g77.f-torture/compile/970125-0.f, -O3 -fssa
FAIL: g77.f-torture/compile/970125-0.f, -Os
FAIL: g77.f-torture/compile/970915-0.f, -O0
FAIL: g77.f-torture/compile/970915-0.f, -O1
FAIL: g77.f-torture/compile/970915-0.f, -O2
FAIL: g77.f-torture/compile/970915-0.f, -O2 -fomit-frame-pointer -finline-functions
FAIL: g77.f-torture/compile/970915-0.f, -O3 -g
FAIL: g77.f-torture/compile/970915-0.f, -O3 -fssa
FAIL: g77.f-torture/compile/970915-0.f, -Os
FAIL: g77.f-torture/compile/980310-1.f, -O0
FAIL: g77.f-torture/compile/980310-1.f, -O1
FAIL: g77.f-torture/compile/980310-1.f, -O2
FAIL: g77.f-torture/compile/980310-1.f, -O2 -fomit-frame-pointer -finline-functions
FAIL: g77.f-torture/compile/980310-1.f, -O3 -g
FAIL: g77.f-torture/compile/980310-1.f, -O3 -fssa
FAIL: g77.f-torture/compile/980310-1.f, -Os
FAIL: g77.f-torture/compile/980310-2.f, -O0
FAIL: g77.f-torture/compile/980310-2.f, -O1
FAIL: g77.f-torture/compile/980310-2.f, -O2
FAIL: g77.f-torture/compile/980310-2.f, -O2 -fomit-frame-pointer -finline-functions
FAIL: g77.f-torture/compile/980310-2.f, -O3 -g
FAIL: g77.f-torture/compile/980310-2.f, -O3 -fssa
FAIL: g77.f-torture/compile/980310-2.f, -Os
FAIL: g77.f-torture/compile/980310-3.f, -O0
FAIL: g77.f-torture/compile/980310-3.f, -O1
FAIL: g77.f-torture/compile/980310-3.f, -O2
FAIL: g77.f-torture/compile/980310-3.f, -O2 -fomit-frame-pointer -finline-functions
FAIL: g77.f-torture/compile/980310-3.f, -O2 -fomit-frame-pointer -finline-functions -funroll-loops
FAIL: g77.f-torture/compile/980310-3.f, -O2 -fomit-frame-pointer -finline-functions -funroll-all-loops
FAIL: g77.f-torture/compile/980310-3.f, -O3 -g
FAIL: g77.f-torture/compile/980310-3.f, -O3 -fssa
FAIL: g77.f-torture/compile/980310-3.f, -Os
FAIL: g77.f-torture/compile/980310-4.f, -O0
FAIL: g77.f-torture/compile/980310-4.f, -O1
FAIL: g77.f-torture/compile/980310-4.f, -O2
FAIL: g77.f-torture/compile/980310-4.f, -O2 -fomit-frame-pointer -finline-functions
FAIL: g77.f-torture/compile/980310-4.f, -O2 -fomit-frame-pointer -finline-functions -funroll-loops
FAIL: g77.f-torture/compile/980310-4.f, -O2 -fomit-frame-pointer -finline-functions -funroll-all-loops
FAIL: g77.f-torture/compile/980310-4.f, -O3 -g
FAIL: g77.f-torture/compile/980310-4.f, -O3 -fssa
FAIL: g77.f-torture/compile/980310-4.f, -Os
FAIL: g77.f-torture/compile/980310-6.f, -O0
FAIL: g77.f-torture/compile/980310-6.f, -O1
FAIL: g77.f-torture/compile/980310-6.f, -O2
FAIL: g77.f-torture/compile/980310-6.f, -O2 -fomit-frame-pointer -finline-functions
FAIL: g77.f-torture/compile/980310-6.f, -O3 -g
FAIL: g77.f-torture/compile/980310-6.f, -O3 -fssa
FAIL: g77.f-torture/compile/980310-6.f, -Os
FAIL: g77.f-torture/compile/980310-7.f, -O0
FAIL: g77.f-torture/compile/980310-7.f, -O1
FAIL: g77.f-torture/compile/980310-7.f, -O2
FAIL: g77.f-torture/compile/980310-7.f, -O2 -fomit-frame-pointer -finline-functions
FAIL: g77.f-torture/compile/980310-7.f, -O2 -fomit-frame-pointer -finline-functions -funroll-loops
FAIL: g77.f-torture/compile/980310-7.f, -O2 -fomit-frame-pointer -finline-functions -funroll-all-loops
FAIL: g77.f-torture/compile/980310-7.f, -O3 -g
FAIL: g77.f-torture/compile/980310-7.f, -O3 -fssa
FAIL: g77.f-torture/compile/980310-7.f, -Os
FAIL: g77.f-torture/compile/980310-8.f, -O0
FAIL: g77.f-torture/compile/980310-8.f, -O1
FAIL: g77.f-torture/compile/980310-8.f, -O2
FAIL: g77.f-torture/compile/980310-8.f, -O2 -fomit-frame-pointer -finline-functions
FAIL: g77.f-torture/compile/980310-8.f, -O2 -fomit-frame-pointer -finline-functions -funroll-loops
FAIL: g77.f-torture/compile/980310-8.f, -O2 -fomit-frame-pointer -finline-functions -funroll-all-loops
FAIL: g77.f-torture/compile/980310-8.f, -O3 -g
FAIL: g77.f-torture/compile/980310-8.f, -O3 -fssa
FAIL: g77.f-torture/compile/980310-8.f, -Os
FAIL: g77.f-torture/compile/980419-2.f, -O0
FAIL: g77.f-torture/compile/980419-2.f, -O1
FAIL: g77.f-torture/compile/980419-2.f, -O2
FAIL: g77.f-torture/compile/980419-2.f, -O2 -fomit-frame-pointer -finline-functions
FAIL: g77.f-torture/compile/980419-2.f, -O2 -fomit-frame-pointer -finline-functions -funroll-loops
FAIL: g77.f-torture/compile/980419-2.f, -O2 -fomit-frame-pointer -finline-functions -funroll-all-loops
FAIL: g77.f-torture/compile/980419-2.f, -O3 -g
FAIL: g77.f-torture/compile/980419-2.f, -O3 -fssa
FAIL: g77.f-torture/compile/980419-2.f, -Os
FAIL: g77.f-torture/compile/980424-0.f, -O0
FAIL: g77.f-torture/compile/980424-0.f, -O1
FAIL: g77.f-torture/compile/980424-0.f, -O2
FAIL: g77.f-torture/compile/980424-0.f, -O2 -fomit-frame-pointer -finline-functions
FAIL: g77.f-torture/compile/980424-0.f, -O3 -g
FAIL: g77.f-torture/compile/980424-0.f, -O3 -fssa
FAIL: g77.f-torture/compile/980424-0.f, -Os
FAIL: g77.f-torture/compile/980427-0.f, -O0
FAIL: g77.f-torture/compile/980427-0.f, -O1
FAIL: g77.f-torture/compile/980427-0.f, -O2
FAIL: g77.f-torture/compile/980427-0.f, -O2 -fomit-frame-pointer -finline-functions
FAIL: g77.f-torture/compile/980427-0.f, -O3 -g
FAIL: g77.f-torture/compile/980427-0.f, -O3 -fssa
FAIL: g77.f-torture/compile/980427-0.f, -Os
FAIL: g77.f-torture/compile/980519-2.f, -O0
FAIL: g77.f-torture/compile/980519-2.f, -O1
FAIL: g77.f-torture/compile/980519-2.f, -O2
FAIL: g77.f-torture/compile/980519-2.f, -O2 -fomit-frame-pointer -finline-functions
FAIL: g77.f-torture/compile/980519-2.f, -O3 -g
FAIL: g77.f-torture/compile/980519-2.f, -O3 -fssa
FAIL: g77.f-torture/compile/980519-2.f, -Os
FAIL: g77.f-torture/compile/980729-0.f, -O0
FAIL: g77.f-torture/compile/980729-0.f, -O1
FAIL: g77.f-torture/compile/980729-0.f, -O2
FAIL: g77.f-torture/compile/980729-0.f, -O2 -fomit-frame-pointer -finline-functions
FAIL: g77.f-torture/compile/980729-0.f, -O3 -g
FAIL: g77.f-torture/compile/980729-0.f, -O3 -fssa
FAIL: g77.f-torture/compile/980729-0.f, -Os
FAIL: g77.f-torture/compile/981117-1.f, -O0
FAIL: g77.f-torture/compile/981117-1.f, -O1
FAIL: g77.f-torture/compile/981117-1.f, -O2
FAIL: g77.f-torture/compile/981117-1.f, -O2 -fomit-frame-pointer -finline-functions
FAIL: g77.f-torture/compile/981117-1.f, -O2 -fomit-frame-pointer -finline-functions -funroll-loops
FAIL: g77.f-torture/compile/981117-1.f, -O2 -fomit-frame-pointer -finline-functions -funroll-all-loops
FAIL: g77.f-torture/compile/981117-1.f, -O3 -g
FAIL: g77.f-torture/compile/981117-1.f, -O3 -fssa
FAIL: g77.f-torture/compile/981117-1.f, -Os
FAIL: g77.f-torture/compile/990115-1.f, -O0
FAIL: g77.f-torture/compile/990115-1.f, -O1
FAIL: g77.f-torture/compile/990115-1.f, -O2
FAIL: g77.f-torture/compile/990115-1.f, -O2 -fomit-frame-pointer -finline-functions
FAIL: g77.f-torture/compile/990115-1.f, -O2 -fomit-frame-pointer -finline-functions -funroll-loops
FAIL: g77.f-torture/compile/990115-1.f, -O2 -fomit-frame-pointer -finline-functions -funroll-all-loops
FAIL: g77.f-torture/compile/990115-1.f, -O3 -g
FAIL: g77.f-torture/compile/990115-1.f, -O3 -fssa
FAIL: g77.f-torture/compile/990115-1.f, -Os
FAIL: g77.f-torture/compile/alpha1.f, -O0
FAIL: g77.f-torture/compile/alpha1.f, -O1
FAIL: g77.f-torture/compile/alpha1.f, -O2
FAIL: g77.f-torture/compile/alpha1.f, -O2 -fomit-frame-pointer -finline-functions
FAIL: g77.f-torture/compile/alpha1.f, -O3 -g
FAIL: g77.f-torture/compile/alpha1.f, -O3 -fssa
FAIL: g77.f-torture/compile/alpha1.f, -Os
FAIL: g77.f-torture/compile/toon_1.f, -O0
FAIL: g77.f-torture/compile/toon_1.f, -O1
FAIL: g77.f-torture/compile/toon_1.f, -O2
FAIL: g77.f-torture/compile/toon_1.f, -O2 -fomit-frame-pointer -finline-functions
FAIL: g77.f-torture/compile/toon_1.f, -O3 -g
FAIL: g77.f-torture/compile/toon_1.f, -O3 -fssa
FAIL: g77.f-torture/compile/toon_1.f, -Os
FAIL: g77.f-torture/execute/19981119-0.f compilation, -O0
FAIL: g77.f-torture/execute/19981119-0.f compilation, -O1
FAIL: g77.f-torture/execute/19981119-0.f compilation, -O2
FAIL: g77.f-torture/execute/19981119-0.f compilation, -O2 -fomit-frame-pointer -finline-functions
FAIL: g77.f-torture/execute/19981119-0.f compilation, -O3 -g
FAIL: g77.f-torture/execute/19981119-0.f compilation, -O3 -fssa
FAIL: g77.f-torture/execute/19981119-0.f compilation, -Os
FAIL: g77.f-torture/execute/19990313-0.f compilation, -O0
FAIL: g77.f-torture/execute/19990313-0.f compilation, -O1
FAIL: g77.f-torture/execute/19990313-0.f compilation, -O2
FAIL: g77.f-torture/execute/19990313-0.f compilation, -O2 -fomit-frame-pointer -finline-functions
FAIL: g77.f-torture/execute/19990313-0.f compilation, -O3 -g
FAIL: g77.f-torture/execute/19990313-0.f compilation, -O3 -fssa
FAIL: g77.f-torture/execute/19990313-0.f compilation, -Os
FAIL: g77.f-torture/execute/19990313-1.f compilation, -O0
FAIL: g77.f-torture/execute/19990313-1.f compilation, -O1
FAIL: g77.f-torture/execute/19990313-1.f compilation, -O2
FAIL: g77.f-torture/execute/19990313-1.f compilation, -O2 -fomit-frame-pointer -finline-functions
FAIL: g77.f-torture/execute/19990313-1.f compilation, -O3 -g
FAIL: g77.f-torture/execute/19990313-1.f compilation, -O3 -fssa
FAIL: g77.f-torture/execute/19990313-1.f compilation, -Os
FAIL: g77.f-torture/execute/19990313-2.f compilation, -O0
FAIL: g77.f-torture/execute/19990313-2.f compilation, -O1
FAIL: g77.f-torture/execute/19990313-2.f compilation, -O2
FAIL: g77.f-torture/execute/19990313-2.f compilation, -O2 -fomit-frame-pointer -finline-functions
FAIL: g77.f-torture/execute/19990313-2.f compilation, -O3 -g
FAIL: g77.f-torture/execute/19990313-2.f compilation, -O3 -fssa
FAIL: g77.f-torture/execute/19990313-2.f compilation, -Os
FAIL: g77.f-torture/execute/19990313-3.f compilation, -O0
FAIL: g77.f-torture/execute/19990313-3.f compilation, -O1
FAIL: g77.f-torture/execute/19990313-3.f compilation, -O2
FAIL: g77.f-torture/execute/19990313-3.f compilation, -O2 -fomit-frame-pointer -finline-functions
FAIL: g77.f-torture/execute/19990313-3.f compilation, -O3 -g
FAIL: g77.f-torture/execute/19990313-3.f compilation, -O3 -fssa
FAIL: g77.f-torture/execute/19990313-3.f compilation, -Os
FAIL: g77.f-torture/execute/19990325-0.f compilation, -O0
FAIL: g77.f-torture/execute/19990325-0.f compilation, -O1
FAIL: g77.f-torture/execute/19990325-0.f compilation, -O2
FAIL: g77.f-torture/execute/19990325-0.f compilation, -O2 -fomit-frame-pointer -finline-functions
FAIL: g77.f-torture/execute/19990325-0.f compilation, -O3 -g
FAIL: g77.f-torture/execute/19990325-0.f compilation, -O3 -fssa
FAIL: g77.f-torture/execute/19990325-0.f compilation, -Os
FAIL: g77.f-torture/execute/19990325-1.f compilation, -O0
FAIL: g77.f-torture/execute/19990325-1.f compilation, -O1
FAIL: g77.f-torture/execute/19990325-1.f compilation, -O2
FAIL: g77.f-torture/execute/19990325-1.f compilation, -O2 -fomit-frame-pointer -finline-functions
FAIL: g77.f-torture/execute/19990325-1.f compilation, -O3 -g
FAIL: g77.f-torture/execute/19990325-1.f compilation, -O3 -fssa
FAIL: g77.f-torture/execute/19990325-1.f compilation, -Os
FAIL: g77.f-torture/execute/19990419-1.f compilation, -O0
FAIL: g77.f-torture/execute/19990419-1.f compilation, -O1
FAIL: g77.f-torture/execute/19990419-1.f compilation, -O2
FAIL: g77.f-torture/execute/19990419-1.f compilation, -O2 -fomit-frame-pointer -finline-functions
FAIL: g77.f-torture/execute/19990419-1.f compilation, -O2 -fomit-frame-pointer -finline-functions -funroll-loops
FAIL: g77.f-torture/execute/19990419-1.f compilation, -O2 -fomit-frame-pointer -finline-functions -funroll-all-loops
FAIL: g77.f-torture/execute/19990419-1.f compilation, -O3 -g
FAIL: g77.f-torture/execute/19990419-1.f compilation, -O3 -fssa
FAIL: g77.f-torture/execute/19990419-1.f compilation, -Os
FAIL: g77.f-torture/execute/19990826-0.f compilation, -O0
FAIL: g77.f-torture/execute/19990826-0.f compilation, -O1
FAIL: g77.f-torture/execute/19990826-0.f compilation, -O2
FAIL: g77.f-torture/execute/19990826-0.f compilation, -O2 -fomit-frame-pointer -finline-functions
FAIL: g77.f-torture/execute/19990826-0.f compilation, -O3 -g
FAIL: g77.f-torture/execute/19990826-0.f compilation, -O3 -fssa
FAIL: g77.f-torture/execute/19990826-0.f compilation, -Os
FAIL: g77.f-torture/execute/19990826-2.f compilation, -O0
FAIL: g77.f-torture/execute/19990826-2.f compilation, -O1
FAIL: g77.f-torture/execute/19990826-2.f compilation, -O2
FAIL: g77.f-torture/execute/19990826-2.f compilation, -O2 -fomit-frame-pointer -finline-functions
FAIL: g77.f-torture/execute/19990826-2.f compilation, -O3 -g
FAIL: g77.f-torture/execute/19990826-2.f compilation, -O3 -fssa
FAIL: g77.f-torture/execute/19990826-2.f compilation, -Os
FAIL: g77.f-torture/execute/20000503-1.f compilation, -O0
FAIL: g77.f-torture/execute/20000503-1.f compilation, -O1
FAIL: g77.f-torture/execute/20000503-1.f compilation, -O2
FAIL: g77.f-torture/execute/20000503-1.f compilation, -O2 -fomit-frame-pointer -finline-functions
FAIL: g77.f-torture/execute/20000503-1.f compilation, -O2 -fomit-frame-pointer -finline-functions -funroll-loops
FAIL: g77.f-torture/execute/20000503-1.f compilation, -O2 -fomit-frame-pointer -finline-functions -funroll-all-loops
FAIL: g77.f-torture/execute/20000503-1.f compilation, -O3 -g
FAIL: g77.f-torture/execute/20000503-1.f compilation, -O3 -fssa
FAIL: g77.f-torture/execute/20000503-1.f compilation, -Os
FAIL: g77.f-torture/execute/970625-2.f compilation, -O0
FAIL: g77.f-torture/execute/970625-2.f compilation, -O1
FAIL: g77.f-torture/execute/970625-2.f compilation, -O2
FAIL: g77.f-torture/execute/970625-2.f compilation, -O2 -fomit-frame-pointer -finline-functions
FAIL: g77.f-torture/execute/970625-2.f compilation, -O2 -fomit-frame-pointer -finline-functions -funroll-loops
FAIL: g77.f-torture/execute/970625-2.f compilation, -O2 -fomit-frame-pointer -finline-functions -funroll-all-loops
FAIL: g77.f-torture/execute/970625-2.f compilation, -O3 -g
FAIL: g77.f-torture/execute/970625-2.f compilation, -O3 -fssa
FAIL: g77.f-torture/execute/970625-2.f compilation, -Os
FAIL: g77.f-torture/execute/970816-3.f compilation, -O0
FAIL: g77.f-torture/execute/970816-3.f compilation, -O1
FAIL: g77.f-torture/execute/970816-3.f compilation, -O2
FAIL: g77.f-torture/execute/970816-3.f compilation, -O2 -fomit-frame-pointer -finline-functions
FAIL: g77.f-torture/execute/970816-3.f compilation, -O3 -g
FAIL: g77.f-torture/execute/970816-3.f compilation, -O3 -fssa
FAIL: g77.f-torture/execute/970816-3.f compilation, -Os
FAIL: g77.f-torture/execute/971102-1.f compilation, -O0
FAIL: g77.f-torture/execute/971102-1.f compilation, -O1
FAIL: g77.f-torture/execute/971102-1.f compilation, -O2
FAIL: g77.f-torture/execute/971102-1.f compilation, -O2 -fomit-frame-pointer -finline-functions
FAIL: g77.f-torture/execute/971102-1.f compilation, -O2 -fomit-frame-pointer -finline-functions -funroll-loops
FAIL: g77.f-torture/execute/971102-1.f compilation, -O2 -fomit-frame-pointer -finline-functions -funroll-all-loops
FAIL: g77.f-torture/execute/971102-1.f compilation, -O3 -g
FAIL: g77.f-torture/execute/971102-1.f compilation, -O3 -fssa
FAIL: g77.f-torture/execute/971102-1.f compilation, -Os
FAIL: g77.f-torture/execute/980520-1.f compilation, -O0
FAIL: g77.f-torture/execute/980520-1.f compilation, -O1
FAIL: g77.f-torture/execute/980520-1.f compilation, -O2
FAIL: g77.f-torture/execute/980520-1.f compilation, -O2 -fomit-frame-pointer -finline-functions
FAIL: g77.f-torture/execute/980520-1.f compilation, -O3 -g
FAIL: g77.f-torture/execute/980520-1.f compilation, -O3 -fssa
FAIL: g77.f-torture/execute/980520-1.f compilation, -Os
FAIL: g77.f-torture/execute/980628-0.f compilation, -O0
FAIL: g77.f-torture/execute/980628-0.f compilation, -O1
FAIL: g77.f-torture/execute/980628-0.f compilation, -O2
FAIL: g77.f-torture/execute/980628-0.f compilation, -O2 -fomit-frame-pointer -finline-functions
FAIL: g77.f-torture/execute/980628-0.f compilation, -O3 -g
FAIL: g77.f-torture/execute/980628-0.f compilation, -O3 -fssa
FAIL: g77.f-torture/execute/980628-0.f compilation, -Os
FAIL: g77.f-torture/execute/980628-1.f compilation, -O0
FAIL: g77.f-torture/execute/980628-1.f compilation, -O1
FAIL: g77.f-torture/execute/980628-1.f compilation, -O2
FAIL: g77.f-torture/execute/980628-1.f compilation, -O2 -fomit-frame-pointer -finline-functions
FAIL: g77.f-torture/execute/980628-1.f compilation, -O3 -g
FAIL: g77.f-torture/execute/980628-1.f compilation, -O3 -fssa
FAIL: g77.f-torture/execute/980628-1.f compilation, -Os
FAIL: g77.f-torture/execute/980628-10.f compilation, -O0
FAIL: g77.f-torture/execute/980628-10.f compilation, -O1
FAIL: g77.f-torture/execute/980628-10.f compilation, -O2
FAIL: g77.f-torture/execute/980628-10.f compilation, -O2 -fomit-frame-pointer -finline-functions
FAIL: g77.f-torture/execute/980628-10.f compilation, -O3 -g
FAIL: g77.f-torture/execute/980628-10.f compilation, -O3 -fssa
FAIL: g77.f-torture/execute/980628-10.f compilation, -Os
FAIL: g77.f-torture/execute/980628-2.f compilation, -O0
FAIL: g77.f-torture/execute/980628-2.f compilation, -O1
FAIL: g77.f-torture/execute/980628-2.f compilation, -O2
FAIL: g77.f-torture/execute/980628-2.f compilation, -O2 -fomit-frame-pointer -finline-functions
FAIL: g77.f-torture/execute/980628-2.f compilation, -O3 -g
FAIL: g77.f-torture/execute/980628-2.f compilation, -O3 -fssa
FAIL: g77.f-torture/execute/980628-2.f compilation, -Os
FAIL: g77.f-torture/execute/980628-3.f compilation, -O0
FAIL: g77.f-torture/execute/980628-3.f compilation, -O1
FAIL: g77.f-torture/execute/980628-3.f compilation, -O2
FAIL: g77.f-torture/execute/980628-3.f compilation, -O2 -fomit-frame-pointer -finline-functions
FAIL: g77.f-torture/execute/980628-3.f compilation, -O3 -g
FAIL: g77.f-torture/execute/980628-3.f compilation, -O3 -fssa
FAIL: g77.f-torture/execute/980628-3.f compilation, -Os
FAIL: g77.f-torture/execute/980628-4.f compilation, -O0
FAIL: g77.f-torture/execute/980628-4.f compilation, -O1
FAIL: g77.f-torture/execute/980628-4.f compilation, -O2
FAIL: g77.f-torture/execute/980628-4.f compilation, -O2 -fomit-frame-pointer -finline-functions
FAIL: g77.f-torture/execute/980628-4.f compilation, -O3 -g
FAIL: g77.f-torture/execute/980628-4.f compilation, -O3 -fssa
FAIL: g77.f-torture/execute/980628-4.f compilation, -Os
FAIL: g77.f-torture/execute/980628-5.f compilation, -O0
FAIL: g77.f-torture/execute/980628-5.f compilation, -O1
FAIL: g77.f-torture/execute/980628-5.f compilation, -O2
FAIL: g77.f-torture/execute/980628-5.f compilation, -O2 -fomit-frame-pointer -finline-functions
FAIL: g77.f-torture/execute/980628-5.f compilation, -O3 -g
FAIL: g77.f-torture/execute/980628-5.f compilation, -O3 -fssa
FAIL: g77.f-torture/execute/980628-5.f compilation, -Os
FAIL: g77.f-torture/execute/980628-6.f compilation, -O0
FAIL: g77.f-torture/execute/980628-6.f compilation, -O1
FAIL: g77.f-torture/execute/980628-6.f compilation, -O2
FAIL: g77.f-torture/execute/980628-6.f compilation, -O2 -fomit-frame-pointer -finline-functions
FAIL: g77.f-torture/execute/980628-6.f compilation, -O3 -g
FAIL: g77.f-torture/execute/980628-6.f compilation, -O3 -fssa
FAIL: g77.f-torture/execute/980628-6.f compilation, -Os
FAIL: g77.f-torture/execute/980628-7.f compilation, -O0
FAIL: g77.f-torture/execute/980628-7.f compilation, -O1
FAIL: g77.f-torture/execute/980628-7.f compilation, -O2
FAIL: g77.f-torture/execute/980628-7.f compilation, -O2 -fomit-frame-pointer -finline-functions
FAIL: g77.f-torture/execute/980628-7.f compilation, -O3 -g
FAIL: g77.f-torture/execute/980628-7.f compilation, -O3 -fssa
FAIL: g77.f-torture/execute/980628-7.f compilation, -Os
FAIL: g77.f-torture/execute/980628-8.f compilation, -O0
FAIL: g77.f-torture/execute/980628-8.f compilation, -O1
FAIL: g77.f-torture/execute/980628-8.f compilation, -O2
FAIL: g77.f-torture/execute/980628-8.f compilation, -O2 -fomit-frame-pointer -finline-functions
FAIL: g77.f-torture/execute/980628-8.f compilation, -O3 -g
FAIL: g77.f-torture/execute/980628-8.f compilation, -O3 -fssa
FAIL: g77.f-torture/execute/980628-8.f compilation, -Os
FAIL: g77.f-torture/execute/980628-9.f compilation, -O0
FAIL: g77.f-torture/execute/980628-9.f compilation, -O1
FAIL: g77.f-torture/execute/980628-9.f compilation, -O2
FAIL: g77.f-torture/execute/980628-9.f compilation, -O2 -fomit-frame-pointer -finline-functions
FAIL: g77.f-torture/execute/980628-9.f compilation, -O3 -g
FAIL: g77.f-torture/execute/980628-9.f compilation, -O3 -fssa
FAIL: g77.f-torture/execute/980628-9.f compilation, -Os
FAIL: g77.f-torture/execute/980701-0.f compilation, -O0
FAIL: g77.f-torture/execute/980701-0.f compilation, -O1
FAIL: g77.f-torture/execute/980701-0.f compilation, -O2
FAIL: g77.f-torture/execute/980701-0.f compilation, -O2 -fomit-frame-pointer -finline-functions
FAIL: g77.f-torture/execute/980701-0.f compilation, -O3 -g
FAIL: g77.f-torture/execute/980701-0.f compilation, -O3 -fssa
FAIL: g77.f-torture/execute/980701-0.f compilation, -Os
FAIL: g77.f-torture/execute/980701-1.f compilation, -O0
FAIL: g77.f-torture/execute/980701-1.f compilation, -O1
FAIL: g77.f-torture/execute/980701-1.f compilation, -O2
FAIL: g77.f-torture/execute/980701-1.f compilation, -O2 -fomit-frame-pointer -finline-functions
FAIL: g77.f-torture/execute/980701-1.f compilation, -O3 -g
FAIL: g77.f-torture/execute/980701-1.f compilation, -O3 -fssa
FAIL: g77.f-torture/execute/980701-1.f compilation, -Os
FAIL: g77.f-torture/execute/alpha2.f compilation, -O0
FAIL: g77.f-torture/execute/alpha2.f compilation, -O1
FAIL: g77.f-torture/execute/alpha2.f compilation, -O2
FAIL: g77.f-torture/execute/alpha2.f compilation, -O2 -fomit-frame-pointer -finline-functions
FAIL: g77.f-torture/execute/alpha2.f compilation, -O3 -g
FAIL: g77.f-torture/execute/alpha2.f compilation, -O3 -fssa
FAIL: g77.f-torture/execute/alpha2.f compilation, -Os
FAIL: g77.f-torture/execute/auto0.f compilation, -O0
FAIL: g77.f-torture/execute/auto0.f compilation, -O1
FAIL: g77.f-torture/execute/auto0.f compilation, -O2
FAIL: g77.f-torture/execute/auto0.f compilation, -O2 -fomit-frame-pointer -finline-functions
FAIL: g77.f-torture/execute/auto0.f compilation, -O2 -fomit-frame-pointer -finline-functions -funroll-loops
FAIL: g77.f-torture/execute/auto0.f compilation, -O2 -fomit-frame-pointer -finline-functions -funroll-all-loops
FAIL: g77.f-torture/execute/auto0.f compilation, -O3 -g
FAIL: g77.f-torture/execute/auto0.f compilation, -O3 -fssa
FAIL: g77.f-torture/execute/auto0.f compilation, -Os
FAIL: g77.f-torture/execute/auto1.f compilation, -O0
FAIL: g77.f-torture/execute/auto1.f compilation, -O1
FAIL: g77.f-torture/execute/auto1.f compilation, -O2
FAIL: g77.f-torture/execute/auto1.f compilation, -O2 -fomit-frame-pointer -finline-functions
FAIL: g77.f-torture/execute/auto1.f compilation, -O2 -fomit-frame-pointer -finline-functions -funroll-loops
FAIL: g77.f-torture/execute/auto1.f compilation, -O2 -fomit-frame-pointer -finline-functions -funroll-all-loops
FAIL: g77.f-torture/execute/auto1.f compilation, -O3 -g
FAIL: g77.f-torture/execute/auto1.f compilation, -O3 -fssa
FAIL: g77.f-torture/execute/auto1.f compilation, -Os
FAIL: g77.f-torture/execute/cabs.f compilation, -O0
FAIL: g77.f-torture/execute/cabs.f compilation, -O1
FAIL: g77.f-torture/execute/cabs.f compilation, -O2
FAIL: g77.f-torture/execute/cabs.f compilation, -O2 -fomit-frame-pointer -finline-functions
FAIL: g77.f-torture/execute/cabs.f compilation, -O3 -g
FAIL: g77.f-torture/execute/cabs.f compilation, -O3 -fssa
FAIL: g77.f-torture/execute/cabs.f compilation, -Os
FAIL: g77.f-torture/execute/claus.f compilation, -O0
FAIL: g77.f-torture/execute/claus.f compilation, -O1
FAIL: g77.f-torture/execute/claus.f compilation, -O2
FAIL: g77.f-torture/execute/claus.f compilation, -O2 -fomit-frame-pointer -finline-functions
FAIL: g77.f-torture/execute/claus.f compilation, -O2 -fomit-frame-pointer -finline-functions -funroll-loops
FAIL: g77.f-torture/execute/claus.f compilation, -O2 -fomit-frame-pointer -finline-functions -funroll-all-loops
FAIL: g77.f-torture/execute/claus.f compilation, -O3 -g
FAIL: g77.f-torture/execute/claus.f compilation, -O3 -fssa
FAIL: g77.f-torture/execute/claus.f compilation, -Os
FAIL: g77.f-torture/execute/complex_1.f compilation, -O0
FAIL: g77.f-torture/execute/complex_1.f compilation, -O1
FAIL: g77.f-torture/execute/complex_1.f compilation, -O2
FAIL: g77.f-torture/execute/complex_1.f compilation, -O2 -fomit-frame-pointer -finline-functions
FAIL: g77.f-torture/execute/complex_1.f compilation, -O3 -g
FAIL: g77.f-torture/execute/complex_1.f compilation, -O3 -fssa
FAIL: g77.f-torture/execute/complex_1.f compilation, -Os
FAIL: g77.f-torture/execute/dcomplex.f compilation, -O0
FAIL: g77.f-torture/execute/dcomplex.f compilation, -O1
FAIL: g77.f-torture/execute/dcomplex.f compilation, -O2
FAIL: g77.f-torture/execute/dcomplex.f compilation, -O2 -fomit-frame-pointer -finline-functions
FAIL: g77.f-torture/execute/dcomplex.f compilation, -O3 -g
FAIL: g77.f-torture/execute/dcomplex.f compilation, -O3 -fssa
FAIL: g77.f-torture/execute/dcomplex.f compilation, -Os
FAIL: g77.f-torture/execute/dnrm2.f compilation, -O0
FAIL: g77.f-torture/execute/dnrm2.f compilation, -O1
FAIL: g77.f-torture/execute/dnrm2.f compilation, -O2
FAIL: g77.f-torture/execute/dnrm2.f compilation, -O2 -fomit-frame-pointer -finline-functions
FAIL: g77.f-torture/execute/dnrm2.f compilation, -O2 -fomit-frame-pointer -finline-functions -funroll-loops
FAIL: g77.f-torture/execute/dnrm2.f compilation, -O2 -fomit-frame-pointer -finline-functions -funroll-all-loops
FAIL: g77.f-torture/execute/dnrm2.f compilation, -O3 -g
FAIL: g77.f-torture/execute/dnrm2.f compilation, -O3 -fssa
FAIL: g77.f-torture/execute/dnrm2.f compilation, -Os
FAIL: g77.f-torture/execute/erfc.f compilation, -O0
FAIL: g77.f-torture/execute/erfc.f compilation, -O1
FAIL: g77.f-torture/execute/erfc.f compilation, -O2
FAIL: g77.f-torture/execute/erfc.f compilation, -O2 -fomit-frame-pointer -finline-functions
FAIL: g77.f-torture/execute/erfc.f compilation, -O3 -g
FAIL: g77.f-torture/execute/erfc.f compilation, -O3 -fssa
FAIL: g77.f-torture/execute/erfc.f compilation, -Os
FAIL: g77.f-torture/execute/exp.f compilation, -O0
FAIL: g77.f-torture/execute/exp.f compilation, -O1
FAIL: g77.f-torture/execute/exp.f compilation, -O2
FAIL: g77.f-torture/execute/exp.f compilation, -O2 -fomit-frame-pointer -finline-functions
FAIL: g77.f-torture/execute/exp.f compilation, -O3 -g
FAIL: g77.f-torture/execute/exp.f compilation, -O3 -fssa
FAIL: g77.f-torture/execute/exp.f compilation, -Os
FAIL: g77.f-torture/execute/io0.f compilation, -O0
FAIL: g77.f-torture/execute/io0.f compilation, -O1
FAIL: g77.f-torture/execute/io0.f compilation, -O2
FAIL: g77.f-torture/execute/io0.f compilation, -O2 -fomit-frame-pointer -finline-functions
FAIL: g77.f-torture/execute/io0.f compilation, -O3 -g
FAIL: g77.f-torture/execute/io0.f compilation, -O3 -fssa
FAIL: g77.f-torture/execute/io0.f compilation, -Os
FAIL: g77.f-torture/execute/io1.f compilation, -O0
FAIL: g77.f-torture/execute/io1.f compilation, -O1
FAIL: g77.f-torture/execute/io1.f compilation, -O2
FAIL: g77.f-torture/execute/io1.f compilation, -O2 -fomit-frame-pointer -finline-functions
FAIL: g77.f-torture/execute/io1.f compilation, -O3 -g
FAIL: g77.f-torture/execute/io1.f compilation, -O3 -fssa
FAIL: g77.f-torture/execute/io1.f compilation, -Os
FAIL: g77.f-torture/execute/labug1.f compilation, -O0
FAIL: g77.f-torture/execute/labug1.f compilation, -O1
FAIL: g77.f-torture/execute/labug1.f compilation, -O2
FAIL: g77.f-torture/execute/labug1.f compilation, -O2 -fomit-frame-pointer -finline-functions
FAIL: g77.f-torture/execute/labug1.f compilation, -O2 -fomit-frame-pointer -finline-functions -funroll-loops
FAIL: g77.f-torture/execute/labug1.f compilation, -O2 -fomit-frame-pointer -finline-functions -funroll-all-loops
FAIL: g77.f-torture/execute/labug1.f compilation, -O3 -g
FAIL: g77.f-torture/execute/labug1.f compilation, -O3 -fssa
FAIL: g77.f-torture/execute/labug1.f compilation, -Os
FAIL: g77.f-torture/execute/large_vec.f compilation, -O0
FAIL: g77.f-torture/execute/large_vec.f compilation, -O1
FAIL: g77.f-torture/execute/large_vec.f compilation, -O2
FAIL: g77.f-torture/execute/large_vec.f compilation, -O2 -fomit-frame-pointer -finline-functions
FAIL: g77.f-torture/execute/large_vec.f compilation, -O3 -g
FAIL: g77.f-torture/execute/large_vec.f compilation, -O3 -fssa
FAIL: g77.f-torture/execute/large_vec.f compilation, -Os
FAIL: g77.f-torture/execute/le.f compilation, -O0
FAIL: g77.f-torture/execute/le.f compilation, -O1
FAIL: g77.f-torture/execute/le.f compilation, -O2
FAIL: g77.f-torture/execute/le.f compilation, -O2 -fomit-frame-pointer -finline-functions
FAIL: g77.f-torture/execute/le.f compilation, -O3 -g
FAIL: g77.f-torture/execute/le.f compilation, -O3 -fssa
FAIL: g77.f-torture/execute/le.f compilation, -Os
FAIL: g77.f-torture/execute/short.f compilation, -O0
FAIL: g77.f-torture/execute/short.f compilation, -O1
FAIL: g77.f-torture/execute/short.f compilation, -O2
FAIL: g77.f-torture/execute/short.f compilation, -O2 -fomit-frame-pointer -finline-functions
FAIL: g77.f-torture/execute/short.f compilation, -O2 -fomit-frame-pointer -finline-functions -funroll-loops
FAIL: g77.f-torture/execute/short.f compilation, -O2 -fomit-frame-pointer -finline-functions -funroll-all-loops
FAIL: g77.f-torture/execute/short.f compilation, -O3 -g
FAIL: g77.f-torture/execute/short.f compilation, -O3 -fssa
FAIL: g77.f-torture/execute/short.f compilation, -Os
FAIL: g77.f-torture/execute/u77-test.f compilation, -O0
FAIL: g77.f-torture/execute/u77-test.f compilation, -O1
FAIL: g77.f-torture/execute/u77-test.f compilation, -O2
FAIL: g77.f-torture/execute/u77-test.f compilation, -O2 -fomit-frame-pointer -finline-functions
FAIL: g77.f-torture/execute/u77-test.f compilation, -O2 -fomit-frame-pointer -finline-functions -funroll-loops
FAIL: g77.f-torture/execute/u77-test.f compilation, -O2 -fomit-frame-pointer -finline-functions -funroll-all-loops
FAIL: g77.f-torture/execute/u77-test.f compilation, -O3 -g
FAIL: g77.f-torture/execute/u77-test.f compilation, -O3 -fssa
FAIL: g77.f-torture/execute/u77-test.f compilation, -Os
FAIL: g77.f-torture/execute/cpp.F compilation, -O0
FAIL: g77.f-torture/execute/cpp.F compilation, -O1
FAIL: g77.f-torture/execute/cpp.F compilation, -O2
FAIL: g77.f-torture/execute/cpp.F compilation, -O2 -fomit-frame-pointer -finline-functions
FAIL: g77.f-torture/execute/cpp.F compilation, -O3 -g
FAIL: g77.f-torture/execute/cpp.F compilation, -O3 -fssa
FAIL: g77.f-torture/execute/cpp.F compilation, -Os
FAIL: g77.f-torture/execute/cpp2.F compilation, -O0
FAIL: g77.f-torture/execute/cpp2.F compilation, -O1
FAIL: g77.f-torture/execute/cpp2.F compilation, -O2
FAIL: g77.f-torture/execute/cpp2.F compilation, -O2 -fomit-frame-pointer -finline-functions
FAIL: g77.f-torture/execute/cpp2.F compilation, -O3 -g
FAIL: g77.f-torture/execute/cpp2.F compilation, -O3 -fssa
FAIL: g77.f-torture/execute/cpp2.F compilation, -Os
FAIL: g77.f-torture/noncompile/check0.f
=== g77 Summary ===
# of unexpected failures 632
# of untested testcases 351
=== objc tests ===
Running target unix
FAIL: objc/execute/bf-1.m compilation, -O
FAIL: objc/execute/bf-10.m compilation, -O
FAIL: objc/execute/bf-11.m compilation, -O
FAIL: objc/execute/bf-12.m compilation, -O
FAIL: objc/execute/bf-13.m compilation, -O
FAIL: objc/execute/bf-14.m compilation, -O
FAIL: objc/execute/bf-15.m compilation, -O
FAIL: objc/execute/bf-16.m compilation, -O
FAIL: objc/execute/bf-17.m compilation, -O
FAIL: objc/execute/bf-18.m compilation, -O
FAIL: objc/execute/bf-19.m compilation, -O
FAIL: objc/execute/bf-2.m compilation, -O
FAIL: objc/execute/bf-20.m compilation, -O
FAIL: objc/execute/bf-3.m compilation, -O
FAIL: objc/execute/bf-4.m compilation, -O
FAIL: objc/execute/bf-5.m compilation, -O
FAIL: objc/execute/bf-6.m compilation, -O
FAIL: objc/execute/bf-7.m compilation, -O
FAIL: objc/execute/bf-8.m compilation, -O
FAIL: objc/execute/bf-9.m compilation, -O
FAIL: objc/execute/string1.m compilation, -O
FAIL: objc/execute/string2.m compilation, -O
=== objc Summary ===
# of unexpected failures 22
# of untested testcases 22
/home3/egcs-sunos/gcc/xgcc version 2.96 20000904 (experimental)
Compiler version: 2.96 20000904 (experimental)
Platform: sparc-sun-sunos4.1.4
configure flags: --host=sparc-sun-sunos4.1.4 --prefix=/afs/btv.ibm.com/data/n37v/software/gnu-sunos/egcs --with-gnu-as --with-gnu-ld --enable-haifa --enable-multilib
Counting all warnings,
there are 1441 warnings in stage3 of this bootstrap.
Number of warnings per file:
67 ../../egcs/gcc/config/sparc/sparc.c
52 ../../egcs/gcc/dbxout.c
50 ../../egcs/gcc/unroll.c
46 ../../egcs/gcc/loop.c
44 ../../egcs/gcc/flow.c
43 ../../egcs/gcc/varasm.c
38 ../../egcs/gcc/collect2.c
35 ../../egcs/gcc/genrecog.c
34 ../../egcs/gcc/genattrtab.c
32 ../../egcs/gcc/combine.c
31 ../../egcs/gcc/final.c
30 ../../egcs/gcc/gcc.c
29 ../../egcs/gcc/dwarf2out.c
27 ../../egcs/gcc/cpperror.c
26 ../../egcs/gcc/haifa-sched.c
26 ../../egcs/gcc/fix-header.c
23 ../../egcs/gcc/gcse.c
22 ../../egcs/gcc/tradcpp.c
22 ../../egcs/gcc/toplev.c
21 ../../egcs/gcc/print-rtl.c
20 ../../../egcs/gcc/f/fini.c
18 cxxmain.c
18 ../../egcs/gcc/libgcc2.c
18 ../../egcs/gcc/graph.c
17 ../../egcs/gcc/cpplex.c
16 ../../egcs/gcc/genemit.c
15 ../../egcs/gcc/gcov.c
15 ../../egcs/gcc/expr.c
15 ../../egcs/gcc/cppinit.c
14 ../../egcs/gcc/tlink.c
14 ../../egcs/gcc/ggc-page.c
14 ../../egcs/gcc/cppfiles.c
13 ../../egcs/gcc/rtl.c
13 ../../egcs/gcc/genoutput.c
12 ../../egcs/gcc/profile.c
12 ../../egcs/gcc/gcov-io.h
12 ../../egcs/gcc/bb-reorder.c
11 ../../egcs/gcc/objc/objc-act.c
10 ../../egcs/gcc/ssa.c
10 ../../egcs/gcc/scan.c
10 ../../egcs/gcc/regrename.c
10 ../../egcs/gcc/diagnostic.c
10 ../../../egcs/gcc/intl/gettext.h
9 ../../egcs/gcc/tree.c
9 ../../egcs/gcc/print-tree.c
9 ../../egcs/gcc/gengenrtl.c
9 ../../egcs/gcc/genflags.c
9 ../../egcs/gcc/errors.c
8 ../../egcs/gcc/reload1.c
8 ../../egcs/gcc/mkdeps.c
8 ../../egcs/gcc/genpeep.c
8 ../../egcs/gcc/genattr.c
8 ../../egcs/gcc/cse.c
8 ../../egcs/gcc/cpphash.h
8 ../../egcs/gcc/bitmap.c
8 ../../../egcs/gcc/java/lex.c
7 ../../egcs/gcc/ifcvt.c
7 ../../egcs/gcc/gensupport.c
7 ../../egcs/gcc/genopinit.c
7 ../../../egcs/gcc/java/jcf-reader.c
7 ../../../egcs/gcc/f/com.c
6 ../../egcs/gcc/genextract.c
6 ../../egcs/gcc/dependence.c
6 ../../egcs/gcc/cpplib.c
6 ../../../egcs/gcc/java/jcf-dump.c
6 ../../../egcs/gcc/java/gjavah.c
6 ../../../egcs/gcc/intl/localealias.c
6 ../../../egcs/gcc/intl/loadmsgcat.c
6 ../../../egcs/gcc/f/target.c
6 ../../../egcs/gcc/cp/ptree.c
6 ../../../egcs/gcc/cp/decl.c
5 /afs/btv.ibm.com/data/n37v/software/gnu-sunos/share/bison.simple
5 ../../egcs/gcc/gen-protos.c
5 ../../egcs/gcc/cppmacro.c
5 ../../egcs/gcc/conflict.c
5 ../../../egcs/gcc/java/jv-scan.c
5 ../../../egcs/gcc/java/jcf-parse.c
5 ../../../egcs/gcc/java/jcf-io.c
5 ../../../egcs/gcc/intl/l10nflist.c
5 ../../../egcs/gcc/ch/lex.c
4 ../../egcs/gcc/sbitmap.c
4 ../../egcs/gcc/regmove.c
4 ../../egcs/gcc/frame-dwarf2.c
4 ../../egcs/gcc/cppmain.c
4 ../../egcs/gcc/c-lex.c
4 ../../egcs/gcc/c-common.c
4 ../../../egcs/gcc/java/jvgenmain.c
4 ../../../egcs/gcc/java/jcf-depend.c
4 ../../../egcs/gcc/f/bad.c
4 ../../../egcs/gcc/cp/repo.c
4 ../../../egcs/gcc/cp/lex.c
4 ../../../egcs/gcc/ch/decl.c
3 ../../egcs/gcc/timevar.c
3 ../../egcs/gcc/ggc-common.c
3 ../../egcs/gcc/gencodes.c
3 ../../egcs/gcc/fold-const.c
3 ../../egcs/gcc/f/g77spec.c
3 ../../egcs/gcc/except.c
3 ../../egcs/gcc/emit-rtl.c
3 ../../../egcs/gcc/java/parse.y
3 ../../../egcs/gcc/java/lang.c
3 ../../../egcs/gcc/java/jcf-write.c
3 ../../../egcs/gcc/f/stw.c
3 ../../../egcs/gcc/f/storag.c
3 ../../../egcs/gcc/f/proj.c
3 ../../../egcs/gcc/f/lex.c
3 ../../../egcs/gcc/ch/grant.c
2 ../../egcs/include/md5.h
2 ../../egcs/gcc/reorg.c
2 ../../egcs/gcc/reload.c
2 ../../egcs/gcc/regclass.c
2 ../../egcs/gcc/real.c
2 ../../egcs/gcc/global.c
2 ../../egcs/gcc/genconfig.c
2 ../../egcs/gcc/gencheck.c
2 ../../egcs/gcc/function.c
2 ../../egcs/gcc/cpphash.c
2 ../../egcs/gcc/cppexp.c
2 ../../egcs/gcc/c-aux-info.c
2 ../../egcs/gcc/alias.c
2 ../../../egcs/gcc/java/check-init.c
2 ../../../egcs/gcc/f/where.c
2 ../../../egcs/gcc/f/src.c
2 ../../../egcs/gcc/f/intrin.c
2 ../../../egcs/gcc/f/bld.c
2 ../../../egcs/gcc/cp/xref.c
2 ../../../egcs/gcc/cp/search.c
2 ../../../egcs/gcc/cp/method.c
2 ../../../egcs/gcc/cp/mangle.c
2 ../../../egcs/gcc/cp/error.c
2 ../../../egcs/gcc/cp/dump.c
2 ../../../egcs/gcc/ch/lang.c
2 ../../../egcs/gcc/ch/expr.c
1 obstack.c
1 insn-extract.c
1 genrtl.c
1 /usr/include/machine/a.out.h
1 ../../egcs/gcc/stor-layout.c
1 ../../egcs/gcc/recog.c
1 ../../egcs/gcc/optabs.c
1 ../../egcs/gcc/local-alloc.c
1 ../../egcs/gcc/java/jvspec.c
1 ../../egcs/gcc/hash.c
1 ../../egcs/gcc/f/lang-specs.h
1 ../../egcs/gcc/expmed.c
1 ../../egcs/gcc/c-lang.c
1 ../../../egcs/gcc/java/typeck.c
1 ../../../egcs/gcc/java/mangle.c
1 ../../../egcs/gcc/java/javaop.def
1 ../../../egcs/gcc/java/class.c
1 ../../../egcs/gcc/intl/textdomain.c
1 ../../../egcs/gcc/intl/explodename.c
1 ../../../egcs/gcc/intl/dcgettext.c
1 ../../../egcs/gcc/f/sts.c
1 ../../../egcs/gcc/f/stb.c
1 ../../../egcs/gcc/f/parse.c
1 ../../../egcs/gcc/f/malloc.c
1 ../../../egcs/gcc/f/data.c
1 ../../../egcs/gcc/cp/tree.c
1 ../../../egcs/gcc/cp/spew.c
1 ../../../egcs/gcc/cp/pt.c
1 ../../../egcs/gcc/cp/optimize.c
1 ../../../egcs/gcc/cp/input.c
1 ../../../egcs/gcc/cp/errfn.c
1 ../../../egcs/gcc/cp/class.c
Number of warning types:
779 function ??? was previously declared within a block
527 implicit declaration of function ???
58 comparison between signed and unsigned
19 ??? format, ??? arg (arg ???)
16 signed and unsigned type in conditional expression
15 traditional C rejects the ??? suffix
8 function declaration isnt a prototype
4 string length ??? is greater than the minimum length ??? ISO C89 is required to support
4 ??? defined but not used
3 ??? might be used uninitialized in this function
2 no previous prototype for ???
2 format argument is not a pointer (arg ???)
1 unused parameter ???
1 pointer targets in passing arg ??? of ??? differ in signedness
1 comma at end of enumerator list
1 alignment of ??? is greater than maximum object file alignment. Using 8.