This is the mail archive of the
gcc-testresults@gcc.gnu.org
mailing list for the GCC project.
Results for gcc testsuite on i386-unknown-freebsd2.2.7
- To: gcc-testresults at gcc dot gnu dot org
- Subject: Results for gcc testsuite on i386-unknown-freebsd2.2.7
- From: Alexandre Oliva <oliva at marker dot cs dot utah dot edu>
- Date: Thu, 31 Aug 2000 01:46:51 -0600 (MDT)
Native configuration is i386-unknown-freebsd2.2.7
=== libg++ tests ===
Running target unix
FAIL: tBag.cc compilation
FAIL: tBitSet.cc compilation
FAIL: tInteger.cc compilation
FAIL: tBitString.cc compilation
FAIL: tDeque.cc compilation
FAIL: tFile.cc compilation
FAIL: tFix.cc compilation
FAIL: tFix16.cc compilation
FAIL: tFix24.cc compilation
FAIL: tLList.cc compilation
FAIL: tList.cc compilation
FAIL: tMap.cc compilation
FAIL: tObstack.cc compilation
FAIL: tPQ.cc compilation
FAIL: tPlex.cc compilation
FAIL: tQueue.cc compilation
FAIL: tRandom.cc compilation
FAIL: tRational.cc compilation
FAIL: tSet.cc compilation
FAIL: tStack.cc compilation
FAIL: tString.cc compilation
FAIL: tVec.cc compilation
FAIL: tiLList.cc compilation
=== libg++ Summary ===
# of expected passes 3
# of unexpected failures 23
# of expected failures 46
=== libstdc++ tests ===
Running target unix
FAIL: tcomplex.cc compilation
FAIL: tcomplex.cc -O compilation
FAIL: tlist.cc compilation
FAIL: tlist.cc -O compilation
FAIL: tmap.cc compilation
FAIL: tmap.cc -O compilation
FAIL: tstring.cc compilation
FAIL: tstring.cc -O compilation
FAIL: tvector.cc compilation
FAIL: tvector.cc -O compilation
=== libstdc++ Summary ===
# of unexpected failures 10
# of expected failures 20
Compiler version: gcc
Platform: i386-unknown-freebsd2.2.7
BOOT_CFLAGS: -g -O9 -W -Wall
Counting all warnings,
there are 0 warnings in stage3 of this bootstrap.
Number of warnings per file:
Number of warning types: