This is the mail archive of the
gcc-testresults@gcc.gnu.org
mailing list for the GCC project.
Results for 2.96 20000821 (experimental) testsuite on hppa1.1-hp-hpux10.20
- To: gcc-testresults at gcc dot gnu dot org
- Subject: Results for 2.96 20000821 (experimental) testsuite on hppa1.1-hp-hpux10.20
- From: Alexandre Oliva <oliva at lsd dot ic dot unicamp dot br>
- Date: Thu, 24 Aug 2000 23:31:21 -0300
Native configuration is hppa1.1-hp-hpux10.20
=== binutils tests ===
Running target unix
=== binutils Summary ===
# of expected passes 23
# of expected failures 1
# of untested testcases 4
=== g++ tests ===
Running target unix
FAIL: g++.eh/catchptr1.C Execution test
FAIL: g++.eh/crash4.C caused compiler crash
FAIL: g++.eh/spec1.C Execution test
FAIL: g++.eh/spec2.C Execution test
FAIL: g++.eh/spec3.C Execution test
FAIL: g++.ext/attrib5.C (test for excess errors)
FAIL: g++.ext/instantiate1.C not instantiated (test for errors, line 18)
FAIL: g++.ext/instantiate1.C not instantiated (test for errors, line 20)
FAIL: g++.ext/instantiate2.C not instantiated (test for errors, line 16)
FAIL: g++.ext/instantiate3.C not instantiated (test for errors, line 13)
FAIL: g++.mike/dyncast1.C Execution test
FAIL: g++.mike/dyncast2.C Execution test
FAIL: g++.mike/eh21.C Execution test
XPASS: g++.mike/eh33.C (test for excess errors)
FAIL: g++.mike/eh34.C Execution test
FAIL: g++.mike/eh38.C Execution test
FAIL: g++.mike/eh44.C Execution test
FAIL: g++.mike/eh5.C Execution test
XPASS: g++.mike/eh50.C (test for excess errors)
FAIL: g++.mike/eh51.C Execution test
FAIL: g++.mike/eh8.C Execution test
FAIL: g++.ns/koenig7.C (test for excess errors)
FAIL: g++.other/crash18.C (test for excess errors)
XPASS: g++.pt/static3.C (test for excess errors)
XPASS: g++.pt/static3.C Execution test
XPASS: g++.pt/static6.C (test for excess errors)
FAIL: g++.robertl/eh990323-4.C Execution test
=== g++ Summary ===
# of expected passes 5942
# of unexpected failures 22
# of unexpected successes 5
# of expected failures 98
# of untested testcases 18
/home/oliva/egcs/gcc/testsuite/../g++ version 2.96 20000821 (experimental)
=== g77 tests ===
Running target unix
=== g77 Summary ===
# of expected passes 983
=== gas tests ===
Running target unix
=== gas Summary ===
# of expected passes 170
# of expected failures 4
=== gcc tests ===
Running target unix
FAIL: gcc.c-torture/compile/941019-1.c, -O3 -fssa
FAIL: gcc.c-torture/compile/20000804-1.c, -O0
FAIL: gcc.c-torture/compile/20000804-1.c, -O1
FAIL: gcc.c-torture/compile/20000804-1.c, -O2
FAIL: gcc.c-torture/compile/20000804-1.c, -O3 -fomit-frame-pointer
FAIL: gcc.c-torture/compile/20000804-1.c, -O3 -g
FAIL: gcc.c-torture/compile/20000804-1.c, -O3 -fssa
FAIL: gcc.c-torture/compile/20000804-1.c, -Os
FAIL: gcc.c-torture/compile/20000606-1.c, -O0
FAIL: gcc.c-torture/compile/20000606-1.c, -O1
FAIL: gcc.c-torture/compile/20000606-1.c, -O2
FAIL: gcc.c-torture/compile/20000606-1.c, -O3 -fomit-frame-pointer
FAIL: gcc.c-torture/compile/20000606-1.c, -O3 -g
FAIL: gcc.c-torture/compile/20000606-1.c, -O3 -fssa
FAIL: gcc.c-torture/compile/20000606-1.c, -Os
FAIL: gcc.c-torture/execute/20000225-1.c execution, -O2
FAIL: gcc.c-torture/execute/20000225-1.c execution, -O3 -fomit-frame-pointer
FAIL: gcc.c-torture/execute/20000225-1.c execution, -O3 -fomit-frame-pointer -funroll-loops
FAIL: gcc.c-torture/execute/20000225-1.c execution, -O3 -fomit-frame-pointer -funroll-all-loops -finline-functions
FAIL: gcc.c-torture/execute/20000225-1.c execution, -O3 -g
FAIL: gcc.c-torture/execute/20000225-1.c execution, -O3 -fssa
FAIL: gcc.c-torture/execute/20000225-1.c execution, -Os
FAIL: gcc.c-torture/execute/20000731-2.c execution, -O3 -fomit-frame-pointer -funroll-all-loops -finline-functions
FAIL: gcc.c-torture/execute/20000801-1.c execution, -O2
FAIL: gcc.c-torture/execute/20000801-1.c execution, -O3 -fomit-frame-pointer
FAIL: gcc.c-torture/execute/20000801-1.c execution, -O3 -fomit-frame-pointer -funroll-loops
FAIL: gcc.c-torture/execute/20000801-1.c execution, -O3 -fomit-frame-pointer -funroll-all-loops -finline-functions
FAIL: gcc.c-torture/execute/20000801-1.c compilation, -O3 -g
FAIL: gcc.c-torture/execute/20000801-1.c execution, -Os
FAIL: gcc.c-torture/execute/20000801-2.c execution, -O3 -fomit-frame-pointer -funroll-all-loops -finline-functions
FAIL: gcc.c-torture/execute/20000818-1.c compilation, -O3 -fomit-frame-pointer -funroll-all-loops -finline-functions
FAIL: gcc.c-torture/execute/930622-2.c compilation, -O3 -fssa
FAIL: gcc.c-torture/execute/960215-1.c compilation, -O3 -fssa
FAIL: gcc.c-torture/execute/960405-1.c compilation, -O3 -fssa
FAIL: gcc.c-torture/execute/960513-1.c compilation, -O3 -fssa
FAIL: gcc.c-torture/execute/regstack-1.c compilation, -O3 -fssa
FAIL: gcc.c-torture/execute/strct-stdarg-1.c execution, -O0
FAIL: gcc.c-torture/execute/strct-stdarg-1.c execution, -O1
FAIL: gcc.c-torture/execute/strct-stdarg-1.c execution, -O2
FAIL: gcc.c-torture/execute/strct-stdarg-1.c execution, -O3 -fomit-frame-pointer
FAIL: gcc.c-torture/execute/strct-stdarg-1.c execution, -O3 -fomit-frame-pointer -funroll-loops
FAIL: gcc.c-torture/execute/strct-stdarg-1.c execution, -O3 -fomit-frame-pointer -funroll-all-loops -finline-functions
FAIL: gcc.c-torture/execute/strct-stdarg-1.c execution, -O3 -g
FAIL: gcc.c-torture/execute/strct-stdarg-1.c execution, -O3 -fssa
FAIL: gcc.c-torture/execute/strct-stdarg-1.c execution, -Os
FAIL: gcc.c-torture/execute/va-arg-5.c compilation, -O3 -fssa
FAIL: gcc.c-torture/execute/va-arg-6.c compilation, -O3 -fssa
FAIL: gcc.c-torture/execute/ieee/fp-cmp-1.c execution, -O0
FAIL: gcc.c-torture/execute/ieee/fp-cmp-1.c execution, -O1
FAIL: gcc.c-torture/execute/ieee/fp-cmp-1.c execution, -O2
FAIL: gcc.c-torture/execute/ieee/fp-cmp-1.c execution, -O3 -fomit-frame-pointer
FAIL: gcc.c-torture/execute/ieee/fp-cmp-1.c execution, -O3 -fomit-frame-pointer -funroll-loops
FAIL: gcc.c-torture/execute/ieee/fp-cmp-1.c execution, -O3 -fomit-frame-pointer -funroll-all-loops -finline-functions
FAIL: gcc.c-torture/execute/ieee/fp-cmp-1.c execution, -O3 -g
FAIL: gcc.c-torture/execute/ieee/fp-cmp-1.c execution, -O3 -fssa
FAIL: gcc.c-torture/execute/ieee/fp-cmp-1.c execution, -Os
FAIL: gcc.c-torture/execute/ieee/fp-cmp-2.c execution, -O0
FAIL: gcc.c-torture/execute/ieee/fp-cmp-2.c execution, -O1
FAIL: gcc.c-torture/execute/ieee/fp-cmp-2.c execution, -O2
FAIL: gcc.c-torture/execute/ieee/fp-cmp-2.c execution, -O3 -fomit-frame-pointer
FAIL: gcc.c-torture/execute/ieee/fp-cmp-2.c execution, -O3 -fomit-frame-pointer -funroll-loops
FAIL: gcc.c-torture/execute/ieee/fp-cmp-2.c execution, -O3 -fomit-frame-pointer -funroll-all-loops -finline-functions
FAIL: gcc.c-torture/execute/ieee/fp-cmp-2.c execution, -O3 -g
FAIL: gcc.c-torture/execute/ieee/fp-cmp-2.c execution, -O3 -fssa
FAIL: gcc.c-torture/execute/ieee/fp-cmp-2.c execution, -Os
FAIL: gcc.c-torture/execute/ieee/fp-cmp-3.c compilation, -O3 -fssa
FAIL: gcc.c-torture/execute/ieee/fp-cmp-4.c compilation, -O0
FAIL: gcc.c-torture/execute/ieee/fp-cmp-4.c compilation, -O1
FAIL: gcc.c-torture/execute/ieee/fp-cmp-4.c compilation, -O2
FAIL: gcc.c-torture/execute/ieee/fp-cmp-4.c compilation, -O3 -fomit-frame-pointer
FAIL: gcc.c-torture/execute/ieee/fp-cmp-4.c compilation, -O3 -fomit-frame-pointer -funroll-loops
FAIL: gcc.c-torture/execute/ieee/fp-cmp-4.c compilation, -O3 -fomit-frame-pointer -funroll-all-loops -finline-functions
FAIL: gcc.c-torture/execute/ieee/fp-cmp-4.c compilation, -O3 -g
FAIL: gcc.c-torture/execute/ieee/fp-cmp-4.c compilation, -O3 -fssa
FAIL: gcc.c-torture/execute/ieee/fp-cmp-4.c compilation, -Os
FAIL: gcc.c-torture/execute/ieee/hugeval.c execution, -O0
FAIL: gcc.c-torture/execute/ieee/hugeval.c execution, -O1
FAIL: gcc.c-torture/execute/ieee/hugeval.c execution, -O2
FAIL: gcc.c-torture/execute/ieee/hugeval.c execution, -O3 -fomit-frame-pointer
FAIL: gcc.c-torture/execute/ieee/hugeval.c execution, -O3 -g
FAIL: gcc.c-torture/execute/ieee/hugeval.c execution, -O3 -fssa
FAIL: gcc.c-torture/execute/ieee/hugeval.c execution, -Os
FAIL: gcc.c-torture/execute/ieee/mzero2.c execution, -O1
FAIL: gcc.c-torture/execute/ieee/mzero2.c execution, -O2
FAIL: gcc.c-torture/execute/ieee/mzero2.c execution, -O3 -fomit-frame-pointer
FAIL: gcc.c-torture/execute/ieee/mzero2.c execution, -O3 -g
FAIL: gcc.c-torture/execute/ieee/mzero2.c execution, -O3 -fssa
FAIL: gcc.c-torture/execute/ieee/mzero2.c execution, -Os
FAIL: gcc.dg/20000419-2.c (test for excess errors)
FAIL: gcc.dg/20000629-1.c (test for excess errors)
FAIL: gcc.dg/c90-array-lval-1.c (test for excess errors)
FAIL: gcc.dg/c99-array-lval-1.c (test for excess errors)
FAIL: gcc.dg/format-va-1.c wrong type in format warning (test for bogus messages, line 11)
FAIL: gcc.dg/format-va-1.c format error (test for warnings, line 11)
FAIL: gcc.dg/noreturn-2.c noreturn does return (test for bogus messages, line 12)
=== gcc Summary ===
# of expected passes 13243
# of unexpected failures 95
# of expected failures 66
# of unresolved testcases 22
# of unsupported tests 42
/home/oliva/egcs/gcc/xgcc version 2.96 20000821 (experimental)
=== libg++ tests ===
Running target unix
=== libg++ Summary ===
# of expected passes 72
=== libio tests ===
Running target unix
FAIL: tFile.cc compilation
FAIL: tFile.cc compilation -b0
FAIL: tFile.cc compilation -b3
FAIL: tfformat.c compilation
=== libio Summary ===
# of expected passes 29
# of unexpected failures 4
# of expected failures 7
=== libstdc++ tests ===
Running target unix
=== libstdc++ Summary ===
# of expected passes 30
=== objc tests ===
Running target unix
FAIL: objc/execute/bf-1.m execution, -O
FAIL: objc/execute/bf-10.m execution, -O
FAIL: objc/execute/bf-11.m execution, -O
FAIL: objc/execute/bf-12.m execution, -O
FAIL: objc/execute/bf-13.m execution, -O
FAIL: objc/execute/bf-14.m execution, -O
FAIL: objc/execute/bf-15.m execution, -O
FAIL: objc/execute/bf-16.m execution, -O
FAIL: objc/execute/bf-17.m execution, -O
FAIL: objc/execute/bf-18.m execution, -O
FAIL: objc/execute/bf-19.m execution, -O
FAIL: objc/execute/bf-2.m execution, -O
FAIL: objc/execute/bf-20.m execution, -O
FAIL: objc/execute/bf-3.m execution, -O
FAIL: objc/execute/bf-4.m execution, -O
FAIL: objc/execute/bf-5.m execution, -O
FAIL: objc/execute/bf-6.m execution, -O
FAIL: objc/execute/bf-7.m execution, -O
FAIL: objc/execute/bf-8.m execution, -O
FAIL: objc/execute/bf-9.m execution, -O
FAIL: objc/execute/string1.m compilation, -O
FAIL: objc/execute/string2.m compilation, -O
=== objc Summary ===
# of expected passes 20
# of unexpected failures 22
# of untested testcases 2
/home/oliva/egcs/gcc/xgcc version 2.96 20000821 (experimental)
Compiler version: 2.96 20000821 (experimental)
Platform: hppa1.1-hp-hpux10.20
BOOT_CFLAGS: -g -O9 -W -Wall
Counting all warnings,
there are 565 warnings in stage3 of this bootstrap.
Number of warnings per file:
172 Makefile
53 configure
32 /home/oliva/src/egcs/gcc/combine.c
27 /home/oliva/src/egcs/gcc/expr.c
22 /home/oliva/src/egcs/gcc/config/pa/pa.c
20 /home/oliva/src/egcs/libjava/include/jvm.h
13 /home/oliva/src/egcs/gcc/libgcc2.c
11 /home/oliva/src/egcs/gcc/reload.c
11 /home/oliva/src/egcs/gcc/recog.c
11 /home/oliva/src/egcs/gcc/calls.c
10 /home/oliva/src/egcs/gcc/intl/gettext.h
8 quadlib.c
8 insn-attrtab.c
8 /home/oliva/src/egcs/gcc/varasm.c
7 /home/oliva/src/egcs/librx/rx.c
7 /home/oliva/src/egcs/gcc/loop.c
7 /home/oliva/src/egcs/gcc/function.c
6 /home/oliva/src/egcs/gcc/reload1.c
6 /home/oliva/src/egcs/gcc/cse.c
5 /home/oliva/src/egcs/gcc/diagnostic.c
4 cxxmain.c
4 /home/oliva/src/egcs/libjava/jni.cc
4 /home/oliva/src/egcs/libjava/java/lang/natClassLoader.cc
4 /home/oliva/src/egcs/libjava/gnu/gcj/convert/natIconv.cc
4 /home/oliva/src/egcs/libiberty/getopt.c
4 /home/oliva/src/egcs/libg++/src/AllocRing.cc
4 /home/oliva/src/egcs/gcc/jump.c
4 /home/oliva/src/egcs/gcc/gcc.c
4 /home/oliva/src/egcs/gcc/fold-const.c
3 /home/oliva/src/egcs/libiberty/cplus-dem.c
3 /home/oliva/src/egcs/gcc/tree.c
3 /home/oliva/src/egcs/gcc/toplev.c
3 /home/oliva/src/egcs/gcc/java/jv-scan.c
3 /home/oliva/src/egcs/gcc/collect2.c
2 insn-output.c
2 alloca.c
2 /usr/include/alloca.h
2 /home/oliva/src/egcs/libjava/prims.cc
2 /home/oliva/src/egcs/libiberty/strsignal.c
2 /home/oliva/src/egcs/gcc/tradcpp.c
2 /home/oliva/src/egcs/gcc/java/jcf-reader.c
2 /home/oliva/src/egcs/gcc/java/jcf-dump.c
2 /home/oliva/src/egcs/gcc/java/gjavah.c
2 /home/oliva/src/egcs/gcc/java/expr.c
2 /home/oliva/src/egcs/gcc/ggc-callbacks.c
2 /home/oliva/src/egcs/gcc/gengenrtl.c
2 /home/oliva/src/egcs/gcc/gcov.c
2 /home/oliva/src/egcs/gcc/final.c
2 /home/oliva/src/egcs/gcc/cpplex.c
2 /home/oliva/src/egcs/gcc/config/pa/pa.md
2 /home/oliva/src/egcs/gcc/alias.c
1 libtool
1 /home/oliva/src/egcs/zlib/trees.c
1 /home/oliva/src/egcs/libjava/name-finder.cc
1 /home/oliva/src/egcs/libjava/gnu/gcj/runtime/natFirstThread.cc
1 /home/oliva/src/egcs/libjava/gnu/gcj/io/shs.cc
1 /home/oliva/src/egcs/libjava/exception.cc
1 /home/oliva/src/egcs/gcc/varray.c
1 /home/oliva/src/egcs/gcc/unroll.c
1 /home/oliva/src/egcs/gcc/stor-layout.c
1 /home/oliva/src/egcs/gcc/ssa.c
1 /home/oliva/src/egcs/gcc/rtl.c
1 /home/oliva/src/egcs/gcc/reorg.c
1 /home/oliva/src/egcs/gcc/regmove.c
1 /home/oliva/src/egcs/gcc/regclass.c
1 /home/oliva/src/egcs/gcc/real.c
1 /home/oliva/src/egcs/gcc/objc/objc-act.c
1 /home/oliva/src/egcs/gcc/java/jvspec.c
1 /home/oliva/src/egcs/gcc/java/jvgenmain.c
1 /home/oliva/src/egcs/gcc/java/jcf-parse.c
1 /home/oliva/src/egcs/gcc/java/jcf-io.c
1 /home/oliva/src/egcs/gcc/genrecog.c
1 /home/oliva/src/egcs/gcc/gcse.c
1 /home/oliva/src/egcs/gcc/flow.c
1 /home/oliva/src/egcs/gcc/fix-header.c
1 /home/oliva/src/egcs/gcc/f/lang-specs.h
1 /home/oliva/src/egcs/gcc/expmed.c
1 /home/oliva/src/egcs/gcc/errors.c
1 /home/oliva/src/egcs/gcc/emit-rtl.c
1 /home/oliva/src/egcs/gcc/cp/typeck2.c
1 /home/oliva/src/egcs/gcc/cp/error.c
1 /home/oliva/src/egcs/gcc/cp/errfn.c
1 /home/oliva/src/egcs/gcc/cp/decl.c
1 /home/oliva/src/egcs/gcc/ch/typeck.c
1 /home/oliva/src/egcs/gcc/ch/decl.c
1 /home/oliva/src/egcs/boehm-gc/mark_rts.c
1 /home/oliva/src/egcs/boehm-gc/mark.c
Number of warning types:
86 overriding commands for target `???'
86 ignoring old commands for target `???'
72 comparison between signed and unsigned
43 `noreturn' function does return
39 integer constant larger than the maximum value of an unsigned long int
37 control reaches end of non-void function
28 ***********************************************************
27 signed and unsigned type in conditional expression
21 cast from pointer to integer of different size
17 unused parameter `???'
12 traditional C rejects the `???' suffix
11 `???' script is too old or missing
10 ICE: would have deleted prologue/epilogue insn
9 no previous prototype for `???'
9 function declaration isn't a prototype
7 then use the most recent one - libffi-1.20.
7 This is beta code. If you're looking for a stable release
6 unused variable `???'
5 return discards qualifiers from pointer target type
4 deleting `???' is undefined
4 comparison of distinct pointer types lacks a cast
4 ??? format, ??? arg (arg ???)
3 string length `???' is greater than the minimum length `???' ISO C89 is required to support
3 `???' might be used uninitialized in this function
2 pointer targets in passing arg ??? of `???' differ in signedness
2 `???' not in PREDICATE_CODES
2 `???' defined but not used
1 unused parameter `java::lang::String
1 this platform does not like uninstalled shared libraries
1 non-static declaration for `???' follows static
1 new declaration `???'
1 implicit declaration of function `???'
1 ignoring pragma:
1 function returns address of local variable
1 ambiguates built-in declaration `void
1 `???' declared `static' but never