This is the mail archive of the
gcc-testresults@gcc.gnu.org
mailing list for the GCC project.
Results for 2.96 20000814 (experimental) testsuite on alpha-unknown-linux-gnu
- To: gcc-testresults at gcc dot gnu dot org
- Subject: Results for 2.96 20000814 (experimental) testsuite on alpha-unknown-linux-gnu
- From: Alexandre Oliva <oliva at lsd dot ic dot unicamp dot br>
- Date: Wed, 16 Aug 2000 13:34:02 -0300
Native configuration is alpha-unknown-linux-gnu
=== binutils tests ===
Running target unix
=== binutils Summary ===
# of expected passes 25
# of expected failures 1
=== g++ tests ===
Running target unix
FAIL: g++.eh/badalloc1.C Execution test
FAIL: g++.ns/koenig7.C (test for excess errors)
FAIL: g++.other/crash18.C caused compiler crash
=== g++ Summary ===
# of expected passes 5941
# of unexpected failures 3
# of expected failures 99
# of untested testcases 18
/l/tmp/egcs/gcc/testsuite/../g++ version 2.96 20000814 (experimental)
=== g77 tests ===
Running target unix
=== g77 Summary ===
# of expected passes 983
=== gas tests ===
Running target unix
FAIL: vtable inherit0
FAIL: vtable entry1
=== gas Summary ===
# of expected passes 62
# of unexpected failures 2
=== gcc tests ===
Running target unix
FAIL: gcc.c-torture/compile/920501-18.c, -O3 -fssa
FAIL: gcc.c-torture/compile/20000804-1.c, -O1
FAIL: gcc.c-torture/compile/20000804-1.c, -O2
FAIL: gcc.c-torture/compile/20000804-1.c, -O3 -fomit-frame-pointer
FAIL: gcc.c-torture/compile/20000804-1.c, -O3 -g
FAIL: gcc.c-torture/compile/20000804-1.c, -O3 -fssa
FAIL: gcc.c-torture/compile/20000804-1.c, -Os
FAIL: gcc.c-torture/execute/ieee/20000320-1.c execution, -O0
FAIL: gcc.c-torture/execute/ieee/20000320-1.c execution, -O1
FAIL: gcc.c-torture/execute/ieee/20000320-1.c execution, -O2
FAIL: gcc.c-torture/execute/ieee/20000320-1.c execution, -O3 -fomit-frame-pointer
FAIL: gcc.c-torture/execute/ieee/20000320-1.c execution, -O3 -g
FAIL: gcc.c-torture/execute/ieee/20000320-1.c execution, -O3 -fssa
FAIL: gcc.c-torture/execute/ieee/20000320-1.c execution, -Os
FAIL: gcc.c-torture/execute/ieee/fp-cmp-2.c execution, -O0
FAIL: gcc.c-torture/execute/ieee/fp-cmp-2.c execution, -O1
FAIL: gcc.c-torture/execute/ieee/fp-cmp-2.c execution, -O2
FAIL: gcc.c-torture/execute/ieee/fp-cmp-2.c execution, -O3 -fomit-frame-pointer
FAIL: gcc.c-torture/execute/ieee/fp-cmp-2.c execution, -O3 -fomit-frame-pointer -funroll-loops
FAIL: gcc.c-torture/execute/ieee/fp-cmp-2.c execution, -O3 -fomit-frame-pointer -funroll-all-loops -finline-functions
FAIL: gcc.c-torture/execute/ieee/fp-cmp-2.c execution, -O3 -g
FAIL: gcc.c-torture/execute/ieee/fp-cmp-2.c execution, -O3 -fssa
FAIL: gcc.c-torture/execute/ieee/fp-cmp-2.c execution, -Os
FAIL: gcc.c-torture/execute/ieee/fp-cmp-4.c execution, -O0
FAIL: gcc.c-torture/execute/ieee/fp-cmp-4.c execution, -O1
FAIL: gcc.c-torture/execute/ieee/fp-cmp-4.c execution, -O2
FAIL: gcc.c-torture/execute/ieee/fp-cmp-4.c execution, -O3 -fomit-frame-pointer
FAIL: gcc.c-torture/execute/ieee/fp-cmp-4.c execution, -O3 -fomit-frame-pointer -funroll-loops
FAIL: gcc.c-torture/execute/ieee/fp-cmp-4.c execution, -O3 -fomit-frame-pointer -funroll-all-loops -finline-functions
FAIL: gcc.c-torture/execute/ieee/fp-cmp-4.c execution, -O3 -g
FAIL: gcc.c-torture/execute/ieee/fp-cmp-4.c execution, -O3 -fssa
FAIL: gcc.c-torture/execute/ieee/fp-cmp-4.c execution, -Os
FAIL: gcc.c-torture/execute/ieee/hugeval.c execution, -O0
FAIL: gcc.c-torture/execute/ieee/mzero2.c execution, -O0
FAIL: gcc.c-torture/execute/ieee/mzero2.c execution, -O1
FAIL: gcc.c-torture/execute/ieee/mzero2.c execution, -O2
FAIL: gcc.c-torture/execute/ieee/mzero2.c execution, -O3 -fomit-frame-pointer
FAIL: gcc.c-torture/execute/ieee/mzero2.c execution, -O3 -g
FAIL: gcc.c-torture/execute/ieee/mzero2.c execution, -O3 -fssa
FAIL: gcc.c-torture/execute/ieee/mzero2.c execution, -Os
XPASS: gcc.c-torture/execute/memcheck/blkarg.c execution, -O0
XPASS: gcc.c-torture/execute/memcheck/blkarg.c execution, -O1
XPASS: gcc.c-torture/execute/memcheck/blkarg.c execution, -O2
XPASS: gcc.c-torture/execute/memcheck/blkarg.c execution, -Os
FAIL: gcc.dg/c90-array-lval-1.c (test for excess errors)
FAIL: gcc.dg/c99-array-lval-1.c (test for excess errors)
FAIL: gcc.dg/noreturn-1.c this function should not get any warnings (test for bogus messages, line 52)
FAIL: gcc.dg/noreturn-1.c detect return from tail call (test for warnings, line 59)
FAIL: gcov failed:
=== gcc Summary ===
# of expected passes 12925
# of unexpected failures 45
# of unexpected successes 4
# of expected failures 55
# of unsupported tests 36
/l/tmp/egcs/gcc/xgcc version 2.96 20000814 (experimental)
=== ld tests ===
Running target unix
FAIL: selective3
=== ld Summary ===
# of expected passes 44
# of unexpected failures 1
# of expected failures 2
# of unresolved testcases 1
=== libg++ tests ===
Running target unix
FAIL: tBag.cc compilation
FAIL: tDeque.cc compilation
FAIL: tMap.cc compilation
FAIL: tPQ.cc compilation
FAIL: tPlex.cc compilation
FAIL: tQueue.cc compilation
FAIL: tSet.cc compilation
FAIL: tStack.cc compilation
=== libg++ Summary ===
# of expected passes 48
# of unexpected failures 8
# of expected failures 16
=== libio tests ===
Running target unix
=== libio Summary ===
# of expected passes 40
=== libjava tests ===
Running target unix
FAIL: G19990217_01 compilation from bytecode
XPASS: G19990217_01 -O compilation from source
FAIL: G19990217_01 -O compilation from bytecode
XPASS: BlankFinal compilation from source
FAIL: BlankFinal byte compilation
FAIL: BlankFinal byte compilation
FAIL: Case byte compilation
FAIL: Case byte compilation
FAIL: G19990210_1 compilation from bytecode
XPASS: G19990210_1 -O compilation from source
FAIL: G19990210_1 -O compilation from bytecode
XPASS: G19990210_2 compilation from source
FAIL: G19990210_2 compilation from bytecode
XPASS: G19990210_2 -O compilation from source
FAIL: G19990210_2 -O compilation from bytecode
XPASS: G19990210_3 compilation from source
FAIL: G19990210_3 compilation from bytecode
XPASS: G19990210_3 -O compilation from source
FAIL: G19990210_3 -O compilation from bytecode
XPASS: OperatorBenchmark compilation from source
FAIL: OperatorBenchmark compilation from bytecode
XPASS: OperatorBenchmark -O compilation from source
FAIL: OperatorBenchmark -O compilation from bytecode
FAIL: G19990217_02 compilation from bytecode
FAIL: G19990217_02 -O compilation from bytecode
XPASS: G19990225_01 compilation from source
FAIL: G19990225_01 compilation from bytecode
XPASS: G19990225_01 -O compilation from source
FAIL: G19990225_01 -O compilation from bytecode
XPASS: MethodFailure4 compilation from source
FAIL: assignment compilation from source
FAIL: assignment compilation from bytecode
FAIL: assignment -O compilation from bytecode
XPASS: PR124 compilation from source
FAIL: PR129_B compilation from source
FAIL: PR129_B byte compilation
FAIL: PR129_B -O compilation from source
FAIL: PR129_B byte compilation
FAIL: PR163 compilation from source
FAIL: PR163 -O compilation from source
FAIL: PR206 byte compilation
FAIL: PR206 byte compilation
FAIL: PR207 compilation from source
FAIL: PR207 byte compilation
FAIL: PR207 -O compilation from source
FAIL: PR207 byte compilation
FAIL: PR208 compilation from bytecode
XPASS: PR208 -O compilation from source
FAIL: PR208 -O compilation from bytecode
XPASS: PR209 compilation from source
FAIL: PR209 compilation from bytecode
XPASS: PR209 -O compilation from source
FAIL: PR209 -O compilation from bytecode
XPASS: PR224 compilation from source
FAIL: PR232 compilation from source
FAIL: PR232 compilation from bytecode
FAIL: PR232 -O compilation from bytecode
XPASS: PR232B compilation from source
FAIL: PR232B compilation from bytecode
XPASS: PR232B -O compilation from source
FAIL: PR232B -O compilation from bytecode
XPASS: PR234 compilation from source
FAIL: PR234 compilation from bytecode
XPASS: PR234 -O compilation from source
FAIL: PR234 -O compilation from bytecode
XPASS: PR235 compilation from source
FAIL: PR235 compilation from bytecode
XPASS: PR235 -O compilation from source
FAIL: PR235 -O compilation from bytecode
XPASS: PR238 compilation from source
FAIL: PR238 compilation from bytecode
XPASS: PR238 -O compilation from source
FAIL: PR238 -O compilation from bytecode
XPASS: Semi compilation from source
FAIL: Semi compilation from bytecode
XPASS: Semi -O compilation from source
FAIL: Semi -O compilation from bytecode
XPASS: Statics compilation from source
FAIL: Statics compilation from bytecode
XPASS: Statics -O compilation from source
FAIL: Statics -O compilation from bytecode
XPASS: Twice compilation from source
FAIL: Twice compilation from bytecode
XPASS: Twice -O compilation from source
FAIL: Twice -O compilation from bytecode
FAIL: Where byte compilation
FAIL: Where byte compilation
FAIL: assignment_2 compilation from source
FAIL: assignment_2 compilation from bytecode
FAIL: assignment_2 -O compilation from bytecode
XPASS: block compilation from source
FAIL: comment compilation from bytecode
XPASS: comment -O compilation from source
FAIL: comment -O compilation from bytecode
XPASS: euc_comment1 compilation from source
FAIL: iface compilation from bytecode
XPASS: iface -O compilation from source
FAIL: iface -O compilation from bytecode
FAIL: inner_1 compilation from bytecode
FAIL: inner_1 -O compilation from bytecode
XPASS: inner_data compilation from source
FAIL: inner_data compilation from bytecode
XPASS: inner_data -O compilation from source
FAIL: inner_data -O compilation from bytecode
XPASS: inner_inherit compilation from source
FAIL: inner_inherit compilation from bytecode
XPASS: inner_inherit -O compilation from source
FAIL: inner_inherit -O compilation from bytecode
XPASS: inner_priv compilation from source
FAIL: inner_priv compilation from bytecode
XPASS: inner_priv -O compilation from source
FAIL: inner_priv -O compilation from bytecode
XPASS: inner_pub compilation from source
FAIL: inner_pub compilation from bytecode
XPASS: inner_pub -O compilation from source
FAIL: inner_pub -O compilation from bytecode
FAIL: not_a_redef compilation from bytecode
FAIL: not_a_redef -O compilation from bytecode
XPASS: perc compilation from source
FAIL: pr172 compilation from bytecode
XPASS: pr172 -O compilation from source
FAIL: pr172 -O compilation from bytecode
XPASS: pr174 compilation from source
FAIL: pr174 compilation from bytecode
XPASS: pr174 -O compilation from source
FAIL: pr174 -O compilation from bytecode
XPASS: pr176 compilation from source
FAIL: pr176 compilation from bytecode
XPASS: pr176 -O compilation from source
FAIL: pr176 -O compilation from bytecode
XPASS: redef1 compilation from source
FAIL: redef1 byte compilation
FAIL: redef1 byte compilation
FAIL: redef2 byte compilation
FAIL: redef2 byte compilation
FAIL: redef4 byte compilation
FAIL: redef4 byte compilation
FAIL: redef5 byte compilation
FAIL: redef5 byte compilation
FAIL: redef6 byte compilation
FAIL: redef6 byte compilation
FAIL: static_2 compilation from source
FAIL: static_2 compilation from bytecode
FAIL: static_2 -O compilation from bytecode
FAIL: static_3 compilation from bytecode
FAIL: static_3 -O compilation from bytecode
XPASS: static_init compilation from source
FAIL: static_inner compilation from bytecode
XPASS: static_inner -O compilation from source
FAIL: static_inner -O compilation from bytecode
XPASS: static_init2 compilation from source
FAIL: static_init2 compilation from bytecode
XPASS: static_init2 -O compilation from source
FAIL: static_init2 -O compilation from bytecode
FAIL: PR295 -O compilation from source
FAIL: PR310 compilation from source
FAIL: PR310 -O compilation from source
FAIL: Class_1 output from source compiled test
FAIL: Class_1 byte compilation
FAIL: Class_1 -O output from source compiled test
FAIL: Class_1 byte compilation
XPASS: Final output from source compiled test
XPASS: Final output from bytecode->native test
XPASS: Final -O output from source compiled test
XPASS: Final -O output from bytecode->native test
FAIL: G19990301_01 compilation from bytecode
FAIL: G19990301_01 -O compilation from bytecode
FAIL: InterfaceDispatch compilation from bytecode
FAIL: InterfaceDispatch -O compilation from bytecode
FAIL: N19990310_02 output from source compiled test
FAIL: N19990310_02 output from bytecode->native test
FAIL: N19990310_02 -O output from source compiled test
FAIL: N19990310_02 -O output from bytecode->native test
FAIL: N19990310_5 output from source compiled test
FAIL: N19990310_5 -O output from source compiled test
FAIL: PR141 output from source compiled test
FAIL: PR141 output from bytecode->native test
FAIL: PR141 -O output from source compiled test
FAIL: PR141 -O output from bytecode->native test
FAIL: PR162 compilation from bytecode
FAIL: PR162 -O compilation from bytecode
FAIL: PR242 compilation from bytecode
FAIL: PR242 -O compilation from bytecode
FAIL: StringBuffer_1 byte compilation
FAIL: StringBuffer_1 byte compilation
FAIL: Thread_1 output from source compiled test
FAIL: Thread_1 output from bytecode->native test
FAIL: Thread_1 -O output from source compiled test
FAIL: Thread_1 -O output from bytecode->native test
FAIL: Thread_Interrupt compilation from bytecode
FAIL: Thread_Interrupt -O compilation from bytecode
FAIL: Thread_Join compilation from bytecode
FAIL: Thread_Join -O compilation from bytecode
FAIL: Thread_Monitor compilation from bytecode
FAIL: Thread_Monitor -O compilation from bytecode
FAIL: Thread_Wait_2 compilation from bytecode
FAIL: Thread_Wait_2 -O compilation from bytecode
FAIL: anfi compilation from bytecode
FAIL: anfi -O compilation from bytecode
FAIL: Thread_Wait_Interrupt compilation from bytecode
FAIL: Thread_Wait_Interrupt -O compilation from bytecode
FAIL: anon compilation from bytecode
FAIL: anon -O compilation from bytecode
FAIL: anon2 compilation from bytecode
FAIL: anon2 -O compilation from bytecode
FAIL: anon3 output from source compiled test
FAIL: anon3 compilation from bytecode
FAIL: anon3 -O output from source compiled test
FAIL: anon3 -O compilation from bytecode
FAIL: anon4 compilation from bytecode
FAIL: anon4 -O compilation from bytecode
FAIL: anonarray output from source compiled test
FAIL: anonarray -O output from source compiled test
FAIL: anonarray3 output from source compiled test
FAIL: anonarray3 -O output from source compiled test
FAIL: direct_read compilation from bytecode
FAIL: direct_read -O compilation from bytecode
FAIL: direct_write compilation from bytecode
FAIL: direct_write -O compilation from bytecode
FAIL: err1 compilation from bytecode
FAIL: err1 -O compilation from bytecode
FAIL: err11 output from bytecode->native test
FAIL: err11 -O output from bytecode->native test
FAIL: err4 output from source compiled test
FAIL: err4 -O output from source compiled test
FAIL: err6 output from source compiled test
FAIL: err6 -O output from source compiled test
FAIL: final_inner compilation from bytecode
FAIL: final_inner -O compilation from bytecode
FAIL: final_int compilation from bytecode
FAIL: final_int -O compilation from bytecode
FAIL: indirect compilation from bytecode
FAIL: indirect -O compilation from bytecode
FAIL: indirect_read compilation from bytecode
FAIL: indirect_read -O compilation from bytecode
FAIL: indirect_write compilation from bytecode
FAIL: indirect_write -O compilation from bytecode
FAIL: inner1 compilation from bytecode
FAIL: inner1 -O compilation from bytecode
FAIL: inner3 compilation from bytecode
FAIL: inner3 -O compilation from bytecode
FAIL: inner4 compilation from bytecode
FAIL: inner4 -O compilation from bytecode
FAIL: inner_array compilation from bytecode
FAIL: inner_array -O compilation from bytecode
FAIL: inner_interface compilation from bytecode
FAIL: inner_interface -O compilation from bytecode
FAIL: instinit compilation from source
FAIL: instinit byte compilation
FAIL: instinit -O compilation from source
FAIL: instinit byte compilation
FAIL: instinit2 compilation from source
FAIL: instinit2 output from bytecode->native test
FAIL: instinit2 -O compilation from source
FAIL: instinit2 -O output from bytecode->native test
FAIL: multiple_finit compilation from bytecode
FAIL: multiple_finit -O compilation from bytecode
FAIL: nested_with_ctor compilation from bytecode
FAIL: nested_with_ctor -O compilation from bytecode
FAIL: pr179 compilation from bytecode
FAIL: pr179 -O compilation from bytecode
FAIL: private_direct_read compilation from bytecode
FAIL: private_direct_read -O compilation from bytecode
FAIL: stub compilation from source
FAIL: stub compilation from bytecode
FAIL: stub -O compilation from source
FAIL: stub -O compilation from bytecode
FAIL: search_outer compilation from bytecode
FAIL: search_outer -O compilation from bytecode
FAIL: stringconst output from source compiled test
FAIL: stringconst compilation from bytecode
FAIL: stringconst -O output from source compiled test
FAIL: stringconst -O compilation from bytecode
FAIL: test_long output from bytecode->native test
FAIL: test_long -O output from bytecode->native test
FAIL: tmi compilation from bytecode
FAIL: tmi -O compilation from bytecode
FAIL: tp compilation from bytecode
FAIL: tp -O compilation from bytecode
FAIL: update_outer compilation from bytecode
FAIL: update_outer -O compilation from bytecode
=== libjava Summary ===
# of expected passes 1230
# of unexpected failures 223
# of unexpected successes 58
# of expected failures 211
=== libstdc++ tests ===
Running target unix
=== libstdc++ Summary ===
# of expected passes 30
=== objc tests ===
Running target unix
=== objc Summary ===
# of expected passes 44
/l/tmp/egcs/gcc/xgcc version 2.96 20000814 (experimental)
Compiler version: 2.96 20000814 (experimental)
Platform: alpha-unknown-linux-gnu
BOOT_CFLAGS: standard
Counting all warnings,
there are 525 warnings in stage3 of this bootstrap.
Number of warnings per file:
76 /home/lsd/oliva/src/egcs/libjava/include/jvm.h
72 /usr/include/sys/cdefs.h
72 /home/lsd/oliva/src/egcs/libjava/java/lang/fdlibm.h
46 /usr/include/bits/stdio_lim.h
46 /home/lsd/oliva/src/egcs/libio/stdio/stdio.h
38 /home/lsd/oliva/src/egcs/libjava/java/lang/mprec.c
20 configure
20 Makefile
14 /home/lsd/oliva/src/egcs/libjava/java/lang/dtoa.c
10 /home/lsd/oliva/src/egcs/gcc/intl/gettext.h
8 /home/lsd/oliva/src/egcs/libjava/jni.cc
8 /home/lsd/oliva/src/egcs/libjava/java/lang/strtod.c
8 /home/lsd/oliva/src/egcs/libjava/java/lang/natClassLoader.cc
8 /home/lsd/oliva/src/egcs/libjava/gnu/gcj/convert/natIconv.cc
7 /home/lsd/oliva/src/egcs/gcc/reload.c
6 /home/lsd/oliva/src/egcs/libjava/java/lang/e_exp.c
6 /home/lsd/oliva/src/egcs/gcc/combine.c
4 /usr/include/bits/mathinline.h
4 /home/lsd/oliva/src/egcs/libjava/prims.cc
4 /home/lsd/oliva/src/egcs/libjava/java/net/natPlainDatagramSocketImpl.cc
4 /home/lsd/oliva/src/egcs/libg++/src/AllocRing.cc
4 /home/lsd/oliva/src/egcs/gcc/libgcc2.c
4 /home/lsd/oliva/src/egcs/gcc/java/jcf-reader.c
3 /home/lsd/oliva/src/egcs/gcc/loop.c
3 /home/lsd/oliva/src/egcs/gcc/config/alpha/alpha.c
2 /home/lsd/oliva/src/egcs/libjava/java/lang/natSystem.cc
2 /home/lsd/oliva/src/egcs/libjava/java/lang/e_rem_pio2.c
2 /home/lsd/oliva/src/egcs/libjava/java/lang/e_log.c
2 /home/lsd/oliva/src/egcs/libjava/java/lang/e_asin.c
2 /home/lsd/oliva/src/egcs/libjava/gnu/gcj/io/shs.cc
2 /home/lsd/oliva/src/egcs/libjava/exception.cc
2 /home/lsd/oliva/src/egcs/gcc/gcc.c
2 /home/lsd/oliva/src/egcs/gcc/cpplex.c
2 /home/lsd/oliva/src/egcs/boehm-gc/mark_rts.c
1 /home/lsd/oliva/src/egcs/gcc/regclass.c
1 /home/lsd/oliva/src/egcs/gcc/print-tree.c
1 /home/lsd/oliva/src/egcs/gcc/java/jvspec.c
1 /home/lsd/oliva/src/egcs/gcc/java/jcf-write.c
1 /home/lsd/oliva/src/egcs/gcc/gcse.c
1 /home/lsd/oliva/src/egcs/gcc/fold-const.c
1 /home/lsd/oliva/src/egcs/gcc/final.c
1 /home/lsd/oliva/src/egcs/gcc/f/lang-specs.h
1 /home/lsd/oliva/src/egcs/gcc/cse.c
1 /home/lsd/oliva/src/egcs/gcc/cppexp.c
1 /home/lsd/oliva/src/egcs/gcc/cp/error.c
1 /home/lsd/oliva/src/egcs/gcc/cp/errfn.c
Number of warning types:
118 this is the location of the previous definition
76 cast from pointer to integer of different
72 `__P' redefined
30 `FOPEN_MAX' redefined
27 `???' might be used uninitialized in this function
24 suggest parentheses around + or - inside shift
13 traditional C rejects the `???' suffix
12 unused parameter `???'
12 signed and unsigned type in conditional expression
10 overriding commands for target `???'
10 ignoring old commands for target `???'
9 comparison between signed and unsigned
8 suggest parentheses around assignment used as truth value
8 `TMP_MAX' redefined
8 `FILENAME_MAX' redefined
8 `???' script is too old or missing
8 ***********************************************************
7 unused variable `???'
6 suggest parentheses around arithmetic in operand of |
6 no previous prototype for `???'
6 implicit declaration of function `???'
4 unused parameter `
4 label `???'
4 function declaration isn't a prototype
4 deleting `???' is undefined
4 `???' defined but not used
3 string length `???' is greater than the minimum length `???' ISO C89 is required to support
2 unused variable `jint origpos
2 unused variable `jint
2 unused parameter `jint offset
2 unused parameter `jint length
2 unused parameter `const JNINativeMethod *methods
2 then use the most recent one - libffi-1.20.
2 function returns address of local variable
2 division: function singularity
2 `???' declared `static'
2 This is beta code. If you're looking for a stable release
1 traditional C rejects string concatenation
1 pointer targets in passing arg ??? of `???' differ in signedness
1 `long' switch expression not converted to `int' in ISO C
1 ??? format, ??? arg (arg ???)