This is the mail archive of the
gcc-testresults@gcc.gnu.org
mailing list for the GCC project.
Results for 2.96 20000815 (experimental) testsuite on i586-redhat6-linux-gnu
- To: gcc-testresults at gcc dot gnu dot org
- Subject: Results for 2.96 20000815 (experimental) testsuite on i586-redhat6-linux-gnu
- From: Manfred Hollstein <manfredh at redhat dot com>
- Date: Wed, 16 Aug 2000 12:06:37 +0200 (MEST)
- Reply-To: Manfred Hollstein <manfred dot h at gmx dot net>
Compiler version: 2.96 20000815 (experimental)
Platform: i586-redhat6-linux-gnu
Sources: - gcc mainline from CVS last updated at
2000/08/11 17:02:52 +0200
- libg++-2.8.1.3
- libg++-2.8.1.3-20000312.diff.gz
- libg++-2.8.1.3-20000419.diff.gz
- libg++-2.8.1.3-20000816.diff.gz
Patches: [1] `BUG: -funroll-all-loops generates unresolved externals'
from <manfredh@redhat.com>
[2] `flow cond_exec bug'
from <rth@cygnus.com>
Environment: - autoconf-2.13-5
- automake-1.4-6
- binutils-20000815 via anonymous CVS from
anoncvs.cygnus.com
- dejagnu-20000815 via anonymous CVS from
anoncvs.cygnus.com
- Red Hat Linux 6.2
+ recommended updates as of today
- Kernel 2.2.16-20 (RH 7.0 beta) (compiled by "gcc version
egcs-2.91.66 19990314/Linux (egcs-1.1.2 release)")
- glibc-2.1.3-15
- glibc-devel-2.1.3-15
Remarks: None.
configure flags: --host=i586-redhat6-linux-gnu --target=i586-redhat6-linux-gnu --srcdir=../egcs-20000815 --prefix=/opt/gnu --exec-prefix=/opt/gnu/H-ia32-linux --with-gnu-as --with-gnu-ld --disable-checking --enable-shared --enable-version-specific-runtime-libs --enable-java-gc=boehm --enable-fast-character --enable-threads=posix --with-local-prefix=/opt/gnu --enable-nls --verbose
BOOT_CC: gcc version 2.95.3 19991030 (prerelease)
BOOT_CFLAGS: -O9 -march=pentium -fomit-frame-pointer
CFLAGS: -O9 -march=pentium -fomit-frame-pointer
CXXFLAGS: -O9 -march=pentium -g
Native configuration is i586-redhat6-linux-gnu
=== libio tests ===
Running target unix
=== libio Summary ===
# of expected passes 40
=== libstdc++ tests ===
Running target unix
=== libstdc++ Summary ===
# of expected passes 30
=== libg++ tests ===
Running target unix
=== libg++ Summary ===
# of expected passes 72
=== gcc tests ===
Running target unix
FAIL: gcc.c-torture/compile/20000804-1.c, -O2
FAIL: gcc.c-torture/compile/20000804-1.c, -O3 -fomit-frame-pointer
FAIL: gcc.c-torture/compile/20000804-1.c, -O3 -g
FAIL: gcc.c-torture/compile/20000804-1.c, -O3 -fssa
FAIL: gcc.c-torture/compile/20000804-1.c, -Os
FAIL: gcc.c-torture/execute/20000225-1.c execution, -O2
FAIL: gcc.c-torture/execute/20000225-1.c execution, -O3 -fomit-frame-pointer
FAIL: gcc.c-torture/execute/20000225-1.c execution, -O3 -fomit-frame-pointer -funroll-loops
FAIL: gcc.c-torture/execute/20000225-1.c execution, -O3 -fomit-frame-pointer -funroll-all-loops -finline-functions
FAIL: gcc.c-torture/execute/20000225-1.c execution, -O3 -g
FAIL: gcc.c-torture/execute/20000225-1.c execution, -O3 -fssa
FAIL: gcc.c-torture/execute/20000225-1.c execution, -Os
FAIL: gcc.c-torture/execute/20000731-2.c execution, -O3 -fomit-frame-pointer -funroll-all-loops -finline-functions
FAIL: gcc.c-torture/execute/960608-1.c execution, -O3 -fomit-frame-pointer
FAIL: gcc.c-torture/execute/960608-1.c execution, -O3 -g
FAIL: gcc.c-torture/execute/960608-1.c execution, -O3 -fssa
FAIL: gcc.dg/20000503-1.c (test for excess errors)
FAIL: gcc.dg/20000614-1.c execution test
FAIL: gcc.dg/20000614-2.c execution test
FAIL: gcc.dg/20000803-1.c (test for excess errors)
FAIL: gcc.dg/991214-1.c (test for excess errors)
FAIL: gcc.dg/noreturn-1.c this function should not get any warnings (test for bogus messages, line 52)
FAIL: gcc.dg/noreturn-1.c detect return from tail call (test for warnings, line 59)
FAIL: gcc.dg/noreturn-2.c noreturn does return (test for bogus messages, line 12)
=== gcc Summary ===
# of expected passes 12988
# of unexpected failures 24
# of expected failures 61
# of unsupported tests 15
/home/gnu/work/GNU/egcs-20000815-i586-redhat6-linux-gnu/gcc/xgcc version 2.96 20000815 (experimental)
=== g++ tests ===
Running target unix
FAIL: g++.eh/spec2.C Execution test
FAIL: g++.eh/spec3.C Execution test
FAIL: g++.eh/spec4.C Execution test
FAIL: g++.ext/instantiate1.C not instantiated (test for errors, line 18)
FAIL: g++.ext/instantiate1.C not instantiated (test for errors, line 20)
FAIL: g++.mike/dyncast1.C Execution test
FAIL: g++.mike/dyncast2.C Execution test
FAIL: g++.mike/eh33.C Execution test
FAIL: g++.mike/eh50.C Execution test
FAIL: g++.mike/eh51.C Execution test
FAIL: g++.ns/koenig7.C (test for excess errors)
=== g++ Summary ===
# of expected passes 5899
# of unexpected failures 11
# of expected failures 99
# of untested testcases 7
/home/gnu/work/GNU/egcs-20000815-i586-redhat6-linux-gnu/gcc/testsuite/../g++ version 2.96 20000815 (experimental)
=== g77 tests ===
Running target unix
FAIL: g77.f-torture/execute/short.f execution, -Os
=== g77 Summary ===
# of expected passes 980
# of unexpected failures 1
# of expected failures 2
=== objc tests ===
Running target unix
=== objc Summary ===
# of expected passes 44
/home/gnu/work/GNU/egcs-20000815-i586-redhat6-linux-gnu/gcc/xgcc version 2.96 20000815 (experimental)
Counting all warnings,
there are 132 warnings in stage3 of this bootstrap.
Number of warnings per file:
33 ../../egcs-20000815/gcc/combine.c
13 ../../egcs-20000815/gcc/expr.c
10 ../../egcs-20000815/gcc/reg-stack.c
10 ../../../egcs-20000815/gcc/intl/gettext.h
6 ../../egcs-20000815/gcc/cse.c
4 cxxmain.c
4 ../../egcs-20000815/gcc/gcc.c
4 ../../egcs-20000815/gcc/diagnostic.c
4 ../../../../egcs-20000815/libg++/src/AllocRing.cc
3 ../../egcs-20000815/gcc/loop.c
2 /usr/include/bits/mathinline.h
2 ../../egcs-20000815/gcc/regmove.c
2 ../../egcs-20000815/gcc/libgcc2.c
2 ../../egcs-20000815/gcc/gengenrtl.c
2 ../../egcs-20000815/gcc/function.c
2 ../../egcs-20000815/gcc/fold-const.c
2 ../../egcs-20000815/gcc/cpplex.c
2 ../../egcs-20000815/gcc/alias.c
2 ../../../egcs-20000815/libiberty/cplus-dem.c
2 ../../../egcs-20000815/gcc/java/jcf-reader.c
2 ../../../egcs-20000815/gcc/java/jcf-parse.c
2 ../../../egcs-20000815/gcc/java/expr.c
1 ../../egcs-20000815/gcc/tradcpp.c
1 ../../egcs-20000815/gcc/java/jvspec.c
1 ../../egcs-20000815/gcc/gcse.c
1 ../../egcs-20000815/gcc/final.c
1 ../../egcs-20000815/gcc/f/lang-specs.h
1 ../../egcs-20000815/gcc/expmed.c
1 ../../egcs-20000815/gcc/emit-rtl.c
1 ../../egcs-20000815/gcc/dwarfout.c
1 ../../egcs-20000815/gcc/collect2.c
1 ../../../egcs-20000815/libiberty/xexit.c
1 ../../../egcs-20000815/libiberty/cp-demangle.c
1 ../../../egcs-20000815/gcc/java/jvgenmain.c
1 ../../../egcs-20000815/gcc/java/jcf-io.c
1 ../../../egcs-20000815/gcc/cp/typeck2.c
1 ../../../egcs-20000815/gcc/cp/error.c
1 ../../../egcs-20000815/gcc/cp/errfn.c
1 ../../../egcs-20000815/gcc/ch/decl.c
Number of warning types:
63 comparison between signed and unsigned
14 `noreturn' function does return
13 control reaches end of non-void function
12 traditional C rejects the `???' suffix
10 signed and unsigned type in conditional expression
4 string length `???' is greater than the minimum length `???' ISO C89 is required to support
4 deleting `???' is undefined
3 function declaration isn't a prototype
2 traditional C rejects initialization of unions
2 `???' defined but not used
1 unused variable `???'
1 pointer targets in passing arg ??? of `???' differ in signedness
1 passing arg ??? of `???' discards qualifiers from pointer target type
1 no previous prototype for `???'
1 `???' might be used uninitialized in this function