This is the mail archive of the
gcc-testresults@gcc.gnu.org
mailing list for the GCC project.
Results for 2.96 20000814 (experimental) testsuite on i586-sco-sysv5uw7.1.0
- To: gcc-testresults at gcc dot gnu dot org
- Subject: Results for 2.96 20000814 (experimental) testsuite on i586-sco-sysv5uw7.1.0
- From: Rodney Brown <rdb at localhost>
- Date: Tue, 15 Aug 2000 23:08:50 +1000
Native configuration is i586-sco-sysv5uw7.1.0
=== libio tests ===
Running target unix
=== libio Summary for unix ===
# of expected passes 40
Running target unix/-march=i486
=== libio Summary for unix/-march=i486 ===
# of expected passes 40
Running target unix/-march=i386
=== libio Summary for unix/-march=i386 ===
# of expected passes 40
=== libio Summary ===
# of expected passes 120
=== libstdc++ tests ===
Running target unix
=== libstdc++ Summary for unix ===
# of expected passes 30
Running target unix/-march=i486
=== libstdc++ Summary for unix/-march=i486 ===
# of expected passes 30
Running target unix/-march=i386
=== libstdc++ Summary for unix/-march=i386 ===
# of expected passes 30
=== libstdc++ Summary ===
# of expected passes 90
=== gcc tests ===
Running target unix
FAIL: gcc.c-torture/compile/920928-2.c, -O0
FAIL: gcc.c-torture/compile/920928-2.c, -O1
FAIL: gcc.c-torture/compile/920928-2.c, -O2
FAIL: gcc.c-torture/compile/920928-2.c, -O3 -fomit-frame-pointer
FAIL: gcc.c-torture/compile/920928-2.c, -O3 -fomit-frame-pointer -funroll-loops
FAIL: gcc.c-torture/compile/920928-2.c, -O3 -fomit-frame-pointer -funroll-all-loops -finline-functions
FAIL: gcc.c-torture/compile/920928-2.c, -O3 -g
FAIL: gcc.c-torture/compile/920928-2.c, -O3 -fssa
FAIL: gcc.c-torture/compile/920928-2.c, -Os
FAIL: gcc.c-torture/compile/950816-1.c, -O0
FAIL: gcc.c-torture/compile/950816-2.c, -O0
FAIL: gcc.c-torture/compile/20000804-1.c, -O2
FAIL: gcc.c-torture/compile/20000804-1.c, -O3 -fomit-frame-pointer
FAIL: gcc.c-torture/compile/20000804-1.c, -O3 -g
FAIL: gcc.c-torture/compile/20000804-1.c, -O3 -fssa
FAIL: gcc.c-torture/compile/20000804-1.c, -Os
FAIL: gcc.c-torture/execute/20000225-1.c execution, -O2
FAIL: gcc.c-torture/execute/20000225-1.c execution, -O3 -fomit-frame-pointer
FAIL: gcc.c-torture/execute/20000225-1.c execution, -O3 -fomit-frame-pointer -funroll-loops
FAIL: gcc.c-torture/execute/20000225-1.c execution, -O3 -fomit-frame-pointer -funroll-all-loops -finline-functions
FAIL: gcc.c-torture/execute/20000225-1.c execution, -O3 -g
FAIL: gcc.c-torture/execute/20000225-1.c execution, -O3 -fssa
FAIL: gcc.c-torture/execute/20000225-1.c execution, -Os
FAIL: gcc.c-torture/execute/20000731-2.c execution, -O3 -fomit-frame-pointer -funroll-all-loops -finline-functions
FAIL: gcc.c-torture/execute/960608-1.c execution, -O3 -fomit-frame-pointer
FAIL: gcc.c-torture/execute/960608-1.c execution, -O3 -g
FAIL: gcc.c-torture/execute/960608-1.c execution, -O3 -fssa
FAIL: gcc.c-torture/execute/eeprof-1.c compilation, -O0
FAIL: gcc.c-torture/execute/eeprof-1.c compilation, -O1
FAIL: gcc.c-torture/execute/eeprof-1.c compilation, -O2
FAIL: gcc.c-torture/execute/eeprof-1.c compilation, -O3 -fomit-frame-pointer
FAIL: gcc.c-torture/execute/eeprof-1.c compilation, -O3 -g
FAIL: gcc.c-torture/execute/eeprof-1.c compilation, -O3 -fssa
FAIL: gcc.c-torture/execute/eeprof-1.c compilation, -Os
FAIL: gcc.dg/20000503-1.c (test for excess errors)
FAIL: gcc.dg/20000609-1.c (test for excess errors)
FAIL: gcc.dg/20000614-1.c execution test
FAIL: gcc.dg/20000614-2.c execution test
FAIL: gcc.dg/991214-1.c (test for excess errors)
FAIL: gcc.dg/c90-array-lval-1.c (test for excess errors)
FAIL: gcc.dg/c99-array-lval-1.c (test for excess errors)
FAIL: gcc.dg/noreturn-1.c this function should not get any warnings (test for bogus messages, line 52)
FAIL: gcc.dg/noreturn-1.c detect return from tail call (test for warnings, line 59)
FAIL: gcc.dg/noreturn-2.c noreturn does return (test for bogus messages, line 12)
FAIL: gcc.dg/special/weak-1.c (test for excess errors)
FAIL: gcc.dg/special/weak-2.c (test for excess errors)
FAIL: gcc.dg/special/wkali-2.c (test for excess errors)
=== gcc Summary ===
# of expected passes 12937
# of unexpected failures 47
# of expected failures 61
# of unresolved testcases 7
# of unsupported tests 15
/devel/src/egcs-20000814.obj/gcc/xgcc version 2.96 20000814 (experimental)
=== g++ tests ===
Running target unix
FAIL: g++.dg/special/conpr-1.C execution test
FAIL: g++.dg/special/conpr-2.C execution test
FAIL: g++.dg/special/conpr-3.C execution test
FAIL: g++.dg/special/conpr-3.C execution test
FAIL: g++.ext/initp1.C Execution test
FAIL: g++.ext/instantiate1.C not instantiated (test for errors, line 18)
FAIL: g++.ext/instantiate1.C not instantiated (test for errors, line 20)
FAIL: g++.ext/instantiate2.C not instantiated (test for errors, line 16)
FAIL: g++.ext/instantiate3.C not instantiated (test for errors, line 13)
FAIL: g++.law/profile1.C (test for excess errors)
FAIL: g++.ns/koenig7.C (test for excess errors)
FAIL: g++.other/crash18.C (test for excess errors)
FAIL: g++.other/ptrmem6.C (test for excess errors)
XPASS: g++.pt/decl2.C ICE - (test for errors, line 8)
FAIL: g++.pt/explicit31.C (test for excess errors)
=== g++ Summary for unix ===
# of expected passes 5938
# of unexpected failures 14
# of unexpected successes 1
# of expected failures 97
# of untested testcases 14
Running target unix/-march=i486
FAIL: g++.dg/special/conpr-1.C execution test
FAIL: g++.dg/special/conpr-2.C execution test
FAIL: g++.dg/special/conpr-3.C execution test
FAIL: g++.dg/special/conpr-3.C execution test
FAIL: g++.ext/initp1.C Execution test
FAIL: g++.ext/instantiate1.C not instantiated (test for errors, line 18)
FAIL: g++.ext/instantiate1.C not instantiated (test for errors, line 20)
FAIL: g++.ext/instantiate2.C not instantiated (test for errors, line 16)
FAIL: g++.ext/instantiate3.C not instantiated (test for errors, line 13)
FAIL: g++.law/profile1.C (test for excess errors)
FAIL: g++.ns/koenig7.C (test for excess errors)
FAIL: g++.other/crash18.C (test for excess errors)
FAIL: g++.other/ptrmem6.C (test for excess errors)
XPASS: g++.pt/decl2.C ICE - (test for errors, line 8)
FAIL: g++.pt/explicit31.C (test for excess errors)
=== g++ Summary for unix/-march=i486 ===
# of expected passes 5938
# of unexpected failures 14
# of unexpected successes 1
# of expected failures 97
# of untested testcases 14
Running target unix/-march=i386
FAIL: g++.dg/special/conpr-1.C execution test
FAIL: g++.dg/special/conpr-2.C execution test
FAIL: g++.dg/special/conpr-3.C execution test
FAIL: g++.dg/special/conpr-3.C execution test
FAIL: g++.ext/initp1.C Execution test
FAIL: g++.ext/instantiate1.C not instantiated (test for errors, line 18)
FAIL: g++.ext/instantiate1.C not instantiated (test for errors, line 20)
FAIL: g++.ext/instantiate2.C not instantiated (test for errors, line 16)
FAIL: g++.ext/instantiate3.C not instantiated (test for errors, line 13)
FAIL: g++.law/profile1.C (test for excess errors)
FAIL: g++.ns/koenig7.C (test for excess errors)
FAIL: g++.other/crash18.C (test for excess errors)
FAIL: g++.other/ptrmem6.C (test for excess errors)
XPASS: g++.pt/decl2.C ICE - (test for errors, line 8)
FAIL: g++.pt/explicit31.C (test for excess errors)
=== g++ Summary for unix/-march=i386 ===
# of expected passes 5938
# of unexpected failures 14
# of unexpected successes 1
# of expected failures 97
# of untested testcases 14
=== g++ Summary ===
# of expected passes 17814
# of unexpected failures 42
# of unexpected successes 3
# of expected failures 291
# of untested testcases 42
/devel/src/egcs-20000814.obj/gcc/testsuite/../g++ version 2.96 20000814 (experimental)
=== g77 tests ===
Running target unix
FAIL: g77.f-torture/compile/20000629-1.f, -O2 -fomit-frame-pointer -finline-functions -funroll-loops
FAIL: g77.f-torture/compile/20000629-1.f, -O2 -fomit-frame-pointer -finline-functions -funroll-all-loops
FAIL: g77.f-torture/execute/short.f execution, -Os
=== g77 Summary for unix ===
# of expected passes 980
# of unexpected failures 3
Running target unix/-march=i486
FAIL: g77.f-torture/compile/20000629-1.f, -O2 -fomit-frame-pointer -finline-functions -funroll-loops
FAIL: g77.f-torture/compile/20000629-1.f, -O2 -fomit-frame-pointer -finline-functions -funroll-all-loops
FAIL: g77.f-torture/execute/short.f execution, -Os
=== g77 Summary for unix/-march=i486 ===
# of expected passes 980
# of unexpected failures 3
Running target unix/-march=i386
FAIL: g77.f-torture/compile/20000629-1.f, -O2 -fomit-frame-pointer -finline-functions -funroll-loops
FAIL: g77.f-torture/compile/20000629-1.f, -O2 -fomit-frame-pointer -finline-functions -funroll-all-loops
FAIL: g77.f-torture/execute/short.f execution, -Os
=== g77 Summary for unix/-march=i386 ===
# of expected passes 980
# of unexpected failures 3
=== g77 Summary ===
# of expected passes 2940
# of unexpected failures 9
=== objc tests ===
Running target unix
=== objc Summary for unix ===
# of expected passes 44
Running target unix/-march=i486
=== objc Summary for unix/-march=i486 ===
# of expected passes 44
Running target unix/-march=i386
=== objc Summary for unix/-march=i386 ===
# of expected passes 44
=== objc Summary ===
# of expected passes 132
/devel/src/egcs-20000814.obj/gcc/xgcc version 2.96 20000814 (experimental)
Compiler version: 2.96 20000814 (experimental)
Platform: i586-sco-sysv5uw7.1.0
configure flags: --host=i586-sco-sysv5uw7.1.0 --with-gnu-as --with-gnu-ld
Counting all warnings,
there are 1006 warnings in stage3 of this bootstrap.
Number of warnings per file:
143 ../../egcs-20000814/gcc/flow.c
114 ../../egcs-20000814/gcc/expr.c
78 ../../egcs-20000814/gcc/config/i386/i386.c
66 ../../egcs-20000814/gcc/haifa-sched.c
65 ../../egcs-20000814/gcc/stmt.c
50 ../../egcs-20000814/gcc/bb-reorder.c
38 ../../egcs-20000814/gcc/gcse.c
35 ../../egcs-20000814/gcc/basic-block.h
33 ../../egcs-20000814/gcc/combine.c
27 ../../egcs-20000814/gcc/except.c
23 ../../egcs-20000814/gcc/c-typeck.c
22 ../../egcs-20000814/gcc/varasm.c
20 ../../egcs-20000814/gcc/stor-layout.c
20 ../../egcs-20000814/gcc/lcm.c
19 ../../egcs-20000814/gcc/regrename.c
19 ../../egcs-20000814/gcc/ifcvt.c
19 ../../egcs-20000814/gcc/dwarfout.c
16 ../../egcs-20000814/gcc/cpphash.c
14 ../../egcs-20000814/gcc/toplev.c
12 ../../egcs-20000814/gcc/reg-stack.c
11 ../../egcs-20000814/gcc/sbitmap.c
11 ../../egcs-20000814/gcc/profile.c
11 ../../egcs-20000814/gcc/objc/objc-act.c
11 ../../egcs-20000814/gcc/genrecog.c
10 ../../egcs-20000814/gcc/ssa.c
10 ../../../egcs-20000814/gcc/intl/gettext.h
8 ../../egcs-20000814/gcc/genoutput.c
7 ../../egcs-20000814/gcc/predict.c
7 ../../egcs-20000814/gcc/dce.c
7 ../../egcs-20000814/gcc/cpplex.c
6 ../../egcs-20000814/gcc/tree.c
6 ../../egcs-20000814/gcc/regclass.c
6 ../../egcs-20000814/gcc/jump.c
6 ../../egcs-20000814/gcc/genattrtab.c
6 ../../egcs-20000814/gcc/cse.c
6 ../../egcs-20000814/gcc/c-lex.c
5 ../../egcs-20000814/gcc/hash.c
4 ../../egcs-20000814/gcc/optabs.c
4 ../../egcs-20000814/gcc/dwarf2out.c
4 ../../../egcs-20000814/gcc/java/jcf-reader.c
3 ../../egcs-20000814/gcc/loop.c
3 ../../egcs-20000814/gcc/libgcc2.c
2 ../../egcs-20000814/gcc/regmove.c
2 ../../egcs-20000814/gcc/integrate.c
2 ../../egcs-20000814/gcc/gcc.c
2 ../../egcs-20000814/gcc/function.c
2 ../../egcs-20000814/gcc/fold-const.c
2 ../../egcs-20000814/gcc/final.c
2 ../../egcs-20000814/gcc/alias.c
1 ../../egcs-20000814/gcc/print-rtl.c
1 ../../egcs-20000814/gcc/java/jvspec.c
1 ../../egcs-20000814/gcc/f/lang-specs.h
1 ../../egcs-20000814/gcc/expmed.c
1 ../../../egcs-20000814/gcc/intl/localealias.c
1 ../../../egcs-20000814/gcc/cp/error.c
1 ../../../egcs-20000814/gcc/cp/errfn.c
Number of warning types:
874 function macro index must be used with arguments in traditional C
86 comparison between signed and unsigned
12 traditional C rejects the \`???' suffix
10 signed and unsigned type in conditional expression
6 ??? format, ??? arg (arg ???)
4 string length \`???' is greater than the minimum length \`???' ISO C89 is required to support
4 \`???' defined but not used
3 function declaration isn't a prototype
2 implicit declaration of function \`???'
1 unused variable \`???'
1 pointer targets in passing arg ??? of \`???' differ in signedness
1 passing arg ??? of \`???' discards qualifiers from pointer target type
1 no previous prototype for \`???'
1 \`???' might be used uninitialized in this function