This is the mail archive of the
gcc-testresults@gcc.gnu.org
mailing list for the GCC project.
Results for 2.96 20000809 (experimental) testsuite on i686-pc-linux-gnu
- To: gcc-testresults at gcc dot gnu dot org
- Subject: Results for 2.96 20000809 (experimental) testsuite on i686-pc-linux-gnu
- From: Christian Jönsson <c dot christian dot joensson at telia dot com>
- Date: Wed, 09 Aug 2000 17:35:46 +0200
This was on an up to date Red Hat Linux 6.2/Intel system
using kernel-2.2.16-3 and binutils-2.9.5.0.22-6.
Native configuration is i686-pc-linux-gnu
=== gcc tests ===
Running target unix/-fPIC
FAIL: gcc.c-torture/compile/20000803-1.c, -O2
FAIL: gcc.c-torture/compile/20000803-1.c, -O3 -fomit-frame-pointer
FAIL: gcc.c-torture/compile/20000803-1.c, -O3 -fomit-frame-pointer
-funroll-loops
FAIL: gcc.c-torture/compile/20000803-1.c, -O3 -fomit-frame-pointer
-funroll-all-loops -finline-functions
FAIL: gcc.c-torture/compile/20000803-1.c, -O3 -g
FAIL: gcc.c-torture/compile/20000803-1.c, -O3 -fssa
FAIL: gcc.c-torture/compile/20000804-1.c, -O0
FAIL: gcc.c-torture/compile/20000804-1.c, -O1
FAIL: gcc.c-torture/compile/20000804-1.c, -O2
FAIL: gcc.c-torture/compile/20000804-1.c, -O3 -fomit-frame-pointer
FAIL: gcc.c-torture/compile/20000804-1.c, -O3 -g
FAIL: gcc.c-torture/compile/20000804-1.c, -O3 -fssa
FAIL: gcc.c-torture/compile/20000804-1.c, -Os
FAIL: gcc.c-torture/execute/20000225-1.c execution, -O2
FAIL: gcc.c-torture/execute/20000225-1.c execution, -O3
-fomit-frame-pointer
FAIL: gcc.c-torture/execute/20000225-1.c execution, -O3
-fomit-frame-pointer -funroll-loops
FAIL: gcc.c-torture/execute/20000225-1.c execution, -O3
-fomit-frame-pointer -funroll-all-loops -finline-functions
FAIL: gcc.c-torture/execute/20000225-1.c execution, -O3 -g
FAIL: gcc.c-torture/execute/20000225-1.c execution, -O3 -fssa
FAIL: gcc.c-torture/execute/20000225-1.c execution, -Os
FAIL: gcc.c-torture/execute/20000412-2.c execution, -O2
FAIL: gcc.c-torture/execute/20000412-2.c execution, -O3
-fomit-frame-pointer
FAIL: gcc.c-torture/execute/20000412-2.c execution, -O3 -g
FAIL: gcc.c-torture/execute/20000412-2.c execution, -O3 -fssa
FAIL: gcc.c-torture/execute/20000412-2.c execution, -Os
FAIL: gcc.c-torture/execute/20000731-2.c execution, -O3
-fomit-frame-pointer -funroll-all-loops -finline-functions
FAIL: gcc.c-torture/execute/20000808-1.c execution, -O0
FAIL: gcc.c-torture/execute/20000808-1.c execution, -O1
FAIL: gcc.c-torture/execute/20000808-1.c execution, -O2
FAIL: gcc.c-torture/execute/20000808-1.c execution, -O3
-fomit-frame-pointer
FAIL: gcc.c-torture/execute/20000808-1.c execution, -O3 -g
FAIL: gcc.c-torture/execute/20000808-1.c execution, -O3 -fssa
FAIL: gcc.c-torture/execute/20000808-1.c execution, -Os
FAIL: gcc.c-torture/execute/920501-3.c compilation, -O1
FAIL: gcc.c-torture/execute/920501-3.c compilation, -O2
FAIL: gcc.c-torture/execute/920501-3.c compilation, -O3
-fomit-frame-pointer
FAIL: gcc.c-torture/execute/920501-3.c compilation, -O3
-fomit-frame-pointer -funroll-loops
FAIL: gcc.c-torture/execute/920501-3.c compilation, -O3
-fomit-frame-pointer -funroll-all-loops -finline-functions
FAIL: gcc.c-torture/execute/920501-3.c compilation, -O3 -g
FAIL: gcc.c-torture/execute/920501-3.c compilation, -O3 -fssa
FAIL: gcc.c-torture/execute/920501-3.c compilation, -Os
FAIL: gcc.c-torture/execute/960117-1.c compilation, -O1
FAIL: gcc.c-torture/execute/960117-1.c compilation, -O2
FAIL: gcc.c-torture/execute/960117-1.c compilation, -O3
-fomit-frame-pointer
FAIL: gcc.c-torture/execute/960117-1.c compilation, -O3 -g
FAIL: gcc.c-torture/execute/960117-1.c compilation, -O3 -fssa
FAIL: gcc.c-torture/execute/960117-1.c compilation, -Os
FAIL: gcc.c-torture/execute/960608-1.c execution, -O3
-fomit-frame-pointer
FAIL: gcc.c-torture/execute/960608-1.c execution, -O3 -g
FAIL: gcc.c-torture/execute/960608-1.c execution, -O3 -fssa
FAIL: gcc.c-torture/execute/990127-2.c execution, -O3
-fomit-frame-pointer
FAIL: gcc.c-torture/execute/990127-2.c execution, -O3 -g
FAIL: gcc.c-torture/execute/990127-2.c execution, -O3 -fssa
FAIL: gcc.c-torture/execute/conversion.c execution, -O3
-fomit-frame-pointer
FAIL: gcc.c-torture/execute/conversion.c execution, -O3 -g
FAIL: gcc.c-torture/execute/conversion.c execution, -O3 -fssa
FAIL: gcc.dg/20000503-1.c (test for excess errors)
FAIL: gcc.dg/20000614-1.c execution test
FAIL: gcc.dg/20000614-2.c execution test
FAIL: gcc.dg/991214-1.c (test for excess errors)
=== gcc Summary for unix/-fPIC ===
# of expected passes 12920
# of unexpected failures 60
# of expected failures 57
# of unresolved testcases 14
# of unsupported tests 15
Running target unix/-fpic
FAIL: gcc.c-torture/compile/20000803-1.c, -O2
FAIL: gcc.c-torture/compile/20000803-1.c, -O3 -fomit-frame-pointer
FAIL: gcc.c-torture/compile/20000803-1.c, -O3 -fomit-frame-pointer
-funroll-loops
FAIL: gcc.c-torture/compile/20000803-1.c, -O3 -fomit-frame-pointer
-funroll-all-loops -finline-functions
FAIL: gcc.c-torture/compile/20000803-1.c, -O3 -g
FAIL: gcc.c-torture/compile/20000803-1.c, -O3 -fssa
FAIL: gcc.c-torture/compile/20000804-1.c, -O0
FAIL: gcc.c-torture/compile/20000804-1.c, -O1
FAIL: gcc.c-torture/compile/20000804-1.c, -O2
FAIL: gcc.c-torture/compile/20000804-1.c, -O3 -fomit-frame-pointer
FAIL: gcc.c-torture/compile/20000804-1.c, -O3 -g
FAIL: gcc.c-torture/compile/20000804-1.c, -O3 -fssa
FAIL: gcc.c-torture/compile/20000804-1.c, -Os
FAIL: gcc.c-torture/execute/20000225-1.c execution, -O2
FAIL: gcc.c-torture/execute/20000225-1.c execution, -O3
-fomit-frame-pointer
FAIL: gcc.c-torture/execute/20000225-1.c execution, -O3
-fomit-frame-pointer -funroll-loops
FAIL: gcc.c-torture/execute/20000225-1.c execution, -O3
-fomit-frame-pointer -funroll-all-loops -finline-functions
FAIL: gcc.c-torture/execute/20000225-1.c execution, -O3 -g
FAIL: gcc.c-torture/execute/20000225-1.c execution, -O3 -fssa
FAIL: gcc.c-torture/execute/20000225-1.c execution, -Os
FAIL: gcc.c-torture/execute/20000412-2.c execution, -O2
FAIL: gcc.c-torture/execute/20000412-2.c execution, -O3
-fomit-frame-pointer
FAIL: gcc.c-torture/execute/20000412-2.c execution, -O3 -g
FAIL: gcc.c-torture/execute/20000412-2.c execution, -O3 -fssa
FAIL: gcc.c-torture/execute/20000412-2.c execution, -Os
FAIL: gcc.c-torture/execute/20000731-2.c execution, -O3
-fomit-frame-pointer -funroll-all-loops -finline-functions
FAIL: gcc.c-torture/execute/20000808-1.c execution, -O0
FAIL: gcc.c-torture/execute/20000808-1.c execution, -O1
FAIL: gcc.c-torture/execute/20000808-1.c execution, -O2
FAIL: gcc.c-torture/execute/20000808-1.c execution, -O3
-fomit-frame-pointer
FAIL: gcc.c-torture/execute/20000808-1.c execution, -O3 -g
FAIL: gcc.c-torture/execute/20000808-1.c execution, -O3 -fssa
FAIL: gcc.c-torture/execute/20000808-1.c execution, -Os
FAIL: gcc.c-torture/execute/920501-3.c compilation, -O1
FAIL: gcc.c-torture/execute/920501-3.c compilation, -O2
FAIL: gcc.c-torture/execute/920501-3.c compilation, -O3
-fomit-frame-pointer
FAIL: gcc.c-torture/execute/920501-3.c compilation, -O3
-fomit-frame-pointer -funroll-loops
FAIL: gcc.c-torture/execute/920501-3.c compilation, -O3
-fomit-frame-pointer -funroll-all-loops -finline-functions
FAIL: gcc.c-torture/execute/920501-3.c compilation, -O3 -g
FAIL: gcc.c-torture/execute/920501-3.c compilation, -O3 -fssa
FAIL: gcc.c-torture/execute/920501-3.c compilation, -Os
FAIL: gcc.c-torture/execute/960117-1.c compilation, -O1
FAIL: gcc.c-torture/execute/960117-1.c compilation, -O2
FAIL: gcc.c-torture/execute/960117-1.c compilation, -O3
-fomit-frame-pointer
FAIL: gcc.c-torture/execute/960117-1.c compilation, -O3 -g
FAIL: gcc.c-torture/execute/960117-1.c compilation, -O3 -fssa
FAIL: gcc.c-torture/execute/960117-1.c compilation, -Os
FAIL: gcc.c-torture/execute/960608-1.c execution, -O3
-fomit-frame-pointer
FAIL: gcc.c-torture/execute/960608-1.c execution, -O3 -g
FAIL: gcc.c-torture/execute/960608-1.c execution, -O3 -fssa
FAIL: gcc.c-torture/execute/990127-2.c execution, -O3
-fomit-frame-pointer
FAIL: gcc.c-torture/execute/990127-2.c execution, -O3 -g
FAIL: gcc.c-torture/execute/990127-2.c execution, -O3 -fssa
FAIL: gcc.c-torture/execute/conversion.c execution, -O3
-fomit-frame-pointer
FAIL: gcc.c-torture/execute/conversion.c execution, -O3 -g
FAIL: gcc.c-torture/execute/conversion.c execution, -O3 -fssa
FAIL: gcc.dg/20000503-1.c (test for excess errors)
FAIL: gcc.dg/20000614-1.c execution test
FAIL: gcc.dg/20000614-2.c execution test
FAIL: gcc.dg/991214-1.c (test for excess errors)
=== gcc Summary for unix/-fpic ===
# of expected passes 12920
# of unexpected failures 60
# of expected failures 57
# of unresolved testcases 14
# of unsupported tests 15
Running target unix
FAIL: gcc.c-torture/compile/20000804-1.c, -O2
FAIL: gcc.c-torture/compile/20000804-1.c, -O3 -fomit-frame-pointer
FAIL: gcc.c-torture/compile/20000804-1.c, -O3 -g
FAIL: gcc.c-torture/compile/20000804-1.c, -O3 -fssa
FAIL: gcc.c-torture/compile/20000804-1.c, -Os
FAIL: gcc.c-torture/execute/20000225-1.c execution, -O2
FAIL: gcc.c-torture/execute/20000225-1.c execution, -O3
-fomit-frame-pointer
FAIL: gcc.c-torture/execute/20000225-1.c execution, -O3
-fomit-frame-pointer -funroll-loops
FAIL: gcc.c-torture/execute/20000225-1.c execution, -O3
-fomit-frame-pointer -funroll-all-loops -finline-functions
FAIL: gcc.c-torture/execute/20000225-1.c execution, -O3 -g
FAIL: gcc.c-torture/execute/20000225-1.c execution, -O3 -fssa
FAIL: gcc.c-torture/execute/20000225-1.c execution, -Os
FAIL: gcc.c-torture/execute/20000412-2.c execution, -O2
FAIL: gcc.c-torture/execute/20000412-2.c execution, -O3
-fomit-frame-pointer
FAIL: gcc.c-torture/execute/20000412-2.c execution, -O3 -g
FAIL: gcc.c-torture/execute/20000412-2.c execution, -O3 -fssa
FAIL: gcc.c-torture/execute/20000412-2.c execution, -Os
FAIL: gcc.c-torture/execute/20000731-2.c execution, -O3
-fomit-frame-pointer -funroll-all-loops -finline-functions
FAIL: gcc.c-torture/execute/20000808-1.c execution, -O0
FAIL: gcc.c-torture/execute/20000808-1.c execution, -O1
FAIL: gcc.c-torture/execute/20000808-1.c execution, -O2
FAIL: gcc.c-torture/execute/20000808-1.c execution, -O3
-fomit-frame-pointer
FAIL: gcc.c-torture/execute/20000808-1.c execution, -O3 -g
FAIL: gcc.c-torture/execute/20000808-1.c execution, -O3 -fssa
FAIL: gcc.c-torture/execute/20000808-1.c execution, -Os
FAIL: gcc.c-torture/execute/960608-1.c execution, -O3
-fomit-frame-pointer
FAIL: gcc.c-torture/execute/960608-1.c execution, -O3 -g
FAIL: gcc.c-torture/execute/960608-1.c execution, -O3 -fssa
FAIL: gcc.dg/20000503-1.c (test for excess errors)
FAIL: gcc.dg/20000614-1.c execution test
FAIL: gcc.dg/20000614-2.c execution test
FAIL: gcc.dg/991214-1.c (test for excess errors)
FAIL: gcc.dg/noreturn-1.c this function should not get any warnings
(test for bogus messages, line 52)
FAIL: gcc.dg/noreturn-1.c detect return from tail call (test for
warnings, line 59)
FAIL: gcc.dg/noreturn-2.c noreturn does return (test for bogus messages,
line 12)
=== gcc Summary for unix ===
# of expected passes 12959
# of unexpected failures 35
# of expected failures 57
# of unsupported tests 15
=== gcc Summary ===
# of expected passes 38799
# of unexpected failures 155
# of expected failures 171
# of unresolved testcases 28
# of unsupported tests 45
/usr/local/src/objdir-gcc-20000809/gcc/xgcc version 2.96 20000809
(experimental)
=== g++ tests ===
Running target unix/-fPIC
FAIL: g++.brendan/err-msg3.C (test for excess errors)
XPASS: g++.jason/template18.C Execution test
FAIL: g++.law/code-gen5.C (test for excess errors)
FAIL: g++.law/ctors10.C (test for excess errors)
FAIL: g++.law/ctors17.C (test for excess errors)
FAIL: g++.law/cvt2.C (test for excess errors)
FAIL: g++.law/virtual3.C (test for excess errors)
FAIL: g++.law/weak.C (test for excess errors)
FAIL: g++.mike/p755.C Execution test
FAIL: g++.mike/p9706.C Execution test
FAIL: g++.ns/new1.C (test for excess errors)
FAIL: g++.other/crash18.C (test for excess errors)
FAIL: g++.other/crash20.C (test for excess errors)
FAIL: g++.other/headers1.C (test for excess errors)
FAIL: g++.other/null2.C (test for excess errors)
FAIL: g++.pt/asm1.C (test for excess errors)
FAIL: g++.pt/asm2.C (test for excess errors)
FAIL: g++.robertl/eb124.C (test for excess errors)
FAIL: g++.robertl/eb28.C (test for excess errors)
FAIL: g++.robertl/eb29.C (test for excess errors)
FAIL: g++.robertl/eb30.C (test for excess errors)
FAIL: g++.robertl/eb33.C (test for excess errors)
FAIL: g++.robertl/eb43.C (test for excess errors)
FAIL: g++.robertl/eb44.C (test for excess errors)
XPASS: g++.robertl/eb55.C (test for excess errors)
FAIL: g++.robertl/eb77.C (test for excess errors)
=== g++ Summary for unix/-fPIC ===
# of expected passes 5910
# of unexpected failures 24
# of unexpected successes 2
# of expected failures 104
# of untested testcases 8
Running target unix/-fpic
FAIL: g++.brendan/err-msg3.C (test for excess errors)
XPASS: g++.jason/template18.C Execution test
FAIL: g++.law/code-gen5.C (test for excess errors)
FAIL: g++.law/ctors10.C (test for excess errors)
FAIL: g++.law/ctors17.C (test for excess errors)
FAIL: g++.law/cvt2.C (test for excess errors)
FAIL: g++.law/virtual3.C (test for excess errors)
FAIL: g++.law/weak.C (test for excess errors)
FAIL: g++.mike/p755.C Execution test
FAIL: g++.mike/p9706.C Execution test
FAIL: g++.ns/new1.C (test for excess errors)
FAIL: g++.other/crash18.C (test for excess errors)
FAIL: g++.other/crash20.C (test for excess errors)
FAIL: g++.other/headers1.C (test for excess errors)
FAIL: g++.other/null2.C (test for excess errors)
FAIL: g++.pt/asm1.C (test for excess errors)
FAIL: g++.pt/asm2.C (test for excess errors)
FAIL: g++.robertl/eb124.C (test for excess errors)
FAIL: g++.robertl/eb28.C (test for excess errors)
FAIL: g++.robertl/eb29.C (test for excess errors)
FAIL: g++.robertl/eb30.C (test for excess errors)
FAIL: g++.robertl/eb33.C (test for excess errors)
FAIL: g++.robertl/eb43.C (test for excess errors)
FAIL: g++.robertl/eb44.C (test for excess errors)
XPASS: g++.robertl/eb55.C (test for excess errors)
FAIL: g++.robertl/eb77.C (test for excess errors)
=== g++ Summary for unix/-fpic ===
# of expected passes 5910
# of unexpected failures 24
# of unexpected successes 2
# of expected failures 104
# of untested testcases 8
Running target unix
FAIL: g++.brendan/err-msg3.C (test for excess errors)
FAIL: g++.ext/instantiate1.C not instantiated (test for errors, line 18)
FAIL: g++.ext/instantiate1.C not instantiated (test for errors, line 20)
XPASS: g++.jason/template18.C Execution test
FAIL: g++.law/code-gen5.C (test for excess errors)
FAIL: g++.law/ctors10.C (test for excess errors)
FAIL: g++.law/ctors17.C (test for excess errors)
FAIL: g++.law/cvt2.C (test for excess errors)
FAIL: g++.law/virtual3.C (test for excess errors)
FAIL: g++.law/weak.C (test for excess errors)
FAIL: g++.mike/p755.C Execution test
FAIL: g++.mike/p9706.C Execution test
FAIL: g++.ns/new1.C (test for excess errors)
FAIL: g++.other/crash20.C (test for excess errors)
FAIL: g++.other/headers1.C (test for excess errors)
FAIL: g++.other/null2.C (test for excess errors)
FAIL: g++.robertl/eb124.C (test for excess errors)
FAIL: g++.robertl/eb28.C (test for excess errors)
FAIL: g++.robertl/eb29.C (test for excess errors)
FAIL: g++.robertl/eb30.C (test for excess errors)
FAIL: g++.robertl/eb33.C (test for excess errors)
FAIL: g++.robertl/eb43.C (test for excess errors)
FAIL: g++.robertl/eb44.C (test for excess errors)
XPASS: g++.robertl/eb55.C (test for excess errors)
FAIL: g++.robertl/eb77.C (test for excess errors)
=== g++ Summary for unix ===
# of expected passes 5911
# of unexpected failures 23
# of unexpected successes 2
# of expected failures 104
# of untested testcases 8
=== g++ Summary ===
# of expected passes 17731
# of unexpected failures 71
# of unexpected successes 6
# of expected failures 312
# of untested testcases 24
/usr/local/src/objdir-gcc-20000809/gcc/testsuite/../g++ version 2.96
20000809 (experimental)
=== g77 tests ===
Running target unix/-fPIC
XPASS: g77.f-torture/compile/20000629-1.f, -O0
XPASS: g77.f-torture/compile/20000629-1.f, -O1
XPASS: g77.f-torture/compile/20000629-1.f, -O2
XPASS: g77.f-torture/compile/20000629-1.f, -O2 -fomit-frame-pointer
-finline-functions
XPASS: g77.f-torture/compile/20000629-1.f, -O3 -g
XPASS: g77.f-torture/compile/20000629-1.f, -O3 -fssa
XPASS: g77.f-torture/compile/20000629-1.f, -Os
=== g77 Summary for unix/-fPIC ===
# of expected passes 974
# of unexpected successes 7
# of expected failures 2
Running target unix/-fpic
XPASS: g77.f-torture/compile/20000629-1.f, -O0
XPASS: g77.f-torture/compile/20000629-1.f, -O1
XPASS: g77.f-torture/compile/20000629-1.f, -O2
XPASS: g77.f-torture/compile/20000629-1.f, -O2 -fomit-frame-pointer
-finline-functions
XPASS: g77.f-torture/compile/20000629-1.f, -O3 -g
XPASS: g77.f-torture/compile/20000629-1.f, -O3 -fssa
XPASS: g77.f-torture/compile/20000629-1.f, -Os
=== g77 Summary for unix/-fpic ===
# of expected passes 974
# of unexpected successes 7
# of expected failures 2
Running target unix
XPASS: g77.f-torture/compile/20000629-1.f, -O0
XPASS: g77.f-torture/compile/20000629-1.f, -O1
XPASS: g77.f-torture/compile/20000629-1.f, -O2
XPASS: g77.f-torture/compile/20000629-1.f, -O2 -fomit-frame-pointer
-finline-functions
XPASS: g77.f-torture/compile/20000629-1.f, -O3 -g
XPASS: g77.f-torture/compile/20000629-1.f, -O3 -fssa
XPASS: g77.f-torture/compile/20000629-1.f, -Os
FAIL: g77.f-torture/execute/short.f execution, -Os
=== g77 Summary for unix ===
# of expected passes 973
# of unexpected failures 1
# of unexpected successes 7
# of expected failures 2
=== g77 Summary ===
# of expected passes 2921
# of unexpected failures 1
# of unexpected successes 21
# of expected failures 6
=== objc tests ===
Running target unix/-fPIC
=== objc Summary for unix/-fPIC ===
# of expected passes 44
Running target unix/-fpic
=== objc Summary for unix/-fpic ===
# of expected passes 44
Running target unix
=== objc Summary for unix ===
# of expected passes 44
=== objc Summary ===
# of expected passes 132
/usr/local/src/objdir-gcc-20000809/gcc/xgcc version 2.96 20000809
(experimental)
Compiler version: 2.96 20000809 (experimental)
Platform: i686-pc-linux-gnu
configure flags: --host=i686-pc-linux --enable-threads=posix
--enable-shared --enable-libstdcxx-v3
Counting all warnings,
there are 90 warnings in stage3 of this bootstrap.
Number of warnings per file:
33 ../../gcc/gcc/combine.c
13 ../../gcc/gcc/expr.c
10 ../../gcc/gcc/reg-stack.c
6 ../../gcc/gcc/cse.c
4 ../../../gcc/gcc/java/jcf-reader.c
3 ../../gcc/gcc/loop.c
2 ../../gcc/gcc/regmove.c
2 ../../gcc/gcc/libgcc2.c
2 ../../gcc/gcc/gcc.c
2 ../../gcc/gcc/function.c
2 ../../gcc/gcc/fold-const.c
2 ../../gcc/gcc/alias.c
1 ../../gcc/gcc/java/jvspec.c
1 ../../gcc/gcc/gcse.c
1 ../../gcc/gcc/f/lang-specs.h
1 ../../gcc/gcc/final.c
1 ../../gcc/gcc/expmed.c
1 ../../gcc/gcc/dwarfout.c
1 ../../gcc/gcc/dwarf2out.c
1 ../../../gcc/gcc/cp/error.c
1 ../../../gcc/gcc/cp/errfn.c
Number of warning types:
63 comparison between signed and unsigned
10 signed and unsigned type in conditional expression
4 string length \`???' is greater than the minimum length \`???'
ISO C89 is required to support
4 \`???' defined but not used
3 function declaration isn't a prototype
1 pointer targets in passing arg ??? of \`???' differ in
signedness
1 passing arg ??? of \`???' discards qualifiers from pointer
target type
1 no previous prototype for \`???'
1 \`???' might be used uninitialized in this function
1 empty body in an if-statement
1 empty body in an else-statement