This is the mail archive of the gcc-testresults@gcc.gnu.org mailing list for the GCC project.
Index Nav: | [Date Index] [Subject Index] [Author Index] [Thread Index] | |
---|---|---|
Message Nav: | [Date Prev] [Date Next] | [Thread Prev] [Thread Next] |
Native configuration is rs6000-ibm-aix4.2.0.0 === libstdc++ tests === Running target unix === libstdc++ Summary === # of expected passes 30 === gcc tests === Running target unix FAIL: gcc.c-torture/compile/981001-2.c, -O3 -fomit-frame-pointer FAIL: gcc.c-torture/compile/981001-2.c, -O3 -g FAIL: gcc.c-torture/compile/981001-2.c, -O3 -fssa FAIL: gcc.c-torture/execute/20000225-1.c execution, -O2 FAIL: gcc.c-torture/execute/20000225-1.c execution, -O3 -fomit-frame-pointer FAIL: gcc.c-torture/execute/20000225-1.c execution, -O3 -fomit-frame-pointer -funroll-loops FAIL: gcc.c-torture/execute/20000225-1.c execution, -O3 -fomit-frame-pointer -funroll-all-loops -finline-functions FAIL: gcc.c-torture/execute/20000225-1.c execution, -O3 -g FAIL: gcc.c-torture/execute/20000225-1.c execution, -O3 -fssa FAIL: gcc.c-torture/execute/20000225-1.c execution, -Os FAIL: gcc.c-torture/execute/20000412-2.c execution, -O2 FAIL: gcc.c-torture/execute/20000412-2.c execution, -O3 -fomit-frame-pointer FAIL: gcc.c-torture/execute/20000412-2.c execution, -O3 -g FAIL: gcc.c-torture/execute/20000412-2.c execution, -O3 -fssa FAIL: gcc.c-torture/execute/20000412-2.c execution, -Os FAIL: gcc.c-torture/execute/20000412-3.c execution, -O0 FAIL: gcc.c-torture/execute/20000412-3.c execution, -O1 FAIL: gcc.c-torture/execute/20000412-3.c execution, -O2 FAIL: gcc.c-torture/execute/20000412-3.c execution, -O3 -fomit-frame-pointer FAIL: gcc.c-torture/execute/20000412-3.c execution, -O3 -g FAIL: gcc.c-torture/execute/20000412-3.c execution, -O3 -fssa FAIL: gcc.c-torture/execute/20000412-3.c execution, -Os FAIL: gcc.c-torture/execute/930921-1.c compilation, -O0 FAIL: gcc.c-torture/execute/930921-1.c compilation, -O1 FAIL: gcc.c-torture/execute/930921-1.c compilation, -O2 FAIL: gcc.c-torture/execute/930921-1.c compilation, -O3 -fomit-frame-pointer FAIL: gcc.c-torture/execute/930921-1.c compilation, -O3 -fomit-frame-pointer -funroll-loops FAIL: gcc.c-torture/execute/930921-1.c compilation, -O3 -fomit-frame-pointer -funroll-all-loops -finline-functions FAIL: gcc.c-torture/execute/930921-1.c compilation, -O3 -g FAIL: gcc.c-torture/execute/930921-1.c compilation, -O3 -fssa FAIL: gcc.c-torture/execute/930921-1.c compilation, -Os FAIL: gcc.c-torture/execute/eeprof-1.c execution, -O0 FAIL: gcc.c-torture/execute/eeprof-1.c execution, -O1 FAIL: gcc.c-torture/execute/eeprof-1.c execution, -O2 FAIL: gcc.c-torture/execute/eeprof-1.c execution, -O3 -fomit-frame-pointer FAIL: gcc.c-torture/execute/eeprof-1.c execution, -O3 -g FAIL: gcc.c-torture/execute/eeprof-1.c execution, -O3 -fssa FAIL: gcc.c-torture/execute/eeprof-1.c execution, -Os XPASS: gcc.c-torture/execute/memcheck/blkarg.c execution, -O0 XPASS: gcc.c-torture/execute/memcheck/blkarg.c execution, -O1 XPASS: gcc.c-torture/execute/memcheck/blkarg.c execution, -O2 XPASS: gcc.c-torture/execute/memcheck/blkarg.c execution, -O3 -fomit-frame-pointer XPASS: gcc.c-torture/execute/memcheck/blkarg.c execution, -O3 -g XPASS: gcc.c-torture/execute/memcheck/blkarg.c execution, -O3 -fssa XPASS: gcc.c-torture/execute/memcheck/blkarg.c execution, -Os FAIL: gcc.dg/cpp/20000725-1.c (test for excess errors) FAIL: gcc.dg/cpp/lexstrng.c (test for excess errors) FAIL: gcc.dg/cpp/paste2.c (test for excess errors) FAIL: gcc.dg/cpp/poison.c #if defined foo6 (test for errors, line 20) FAIL: gcc.dg/cpp/poison.c use of foo6 (test for errors, line 23) FAIL: gcc.dg/cpp/poison.c (test for excess errors) FAIL: gcc.dg/cpp/redef2.c redef va (test for warnings, line 15) FAIL: gcc.dg/cpp/redef2.c prev def va (test for warnings, line 14) FAIL: gcc.dg/cpp/redef2.c anon varargs (test for warnings, line 15) FAIL: gcc.dg/cpp/redef2.c (test for excess errors) FAIL: gcc.dg/cpp/tr-warn1.c extension warning (test for warnings, line 24) FAIL: gcc.dg/cpp/tr-warn1.c extension warning (test for warnings, line 25) FAIL: gcc.dg/cpp/tr-warn1.c (test for excess errors) FAIL: gcc.dg/noncompile/990416-1.c (test for excess errors) FAIL: gcc.dg/noncompile/voidparam-1.c (test for excess errors) FAIL: alias-1.c FAIL: wkali-1.c === gcc Summary === # of expected passes 11835 # of unexpected failures 55 # of unexpected successes 7 # of expected failures 30 # of unresolved testcases 12 # of unsupported tests 39 /devel/tmp/egcs-20000731.obj/gcc/xgcc version 2.96 20000731 (experimental) === g++ tests === Running target unix FAIL: g++.brendan/prepost2.C (test for excess errors) FAIL: g++.bugs/900322_01.C object with incomplete type (test for errors, line 50) FAIL: g++.bugs/900322_01.C object with incomplete type (test for errors, line 51) FAIL: g++.bugs/900322_01.C (test for excess errors) FAIL: g++.bugs/900428_02.C (test for errors, line 26) FAIL: g++.bugs/900519_02.C (test for errors, line 29) FAIL: g++.bugs/900519_13.C (test for excess errors) FAIL: g++.ext/attrib5.C (test for excess errors) FAIL: g++.ext/instantiate1.C not instantiated (test for errors, line 18) FAIL: g++.ext/instantiate1.C not instantiated (test for errors, line 20) FAIL: g++.ext/instantiate2.C not instantiated (test for errors, line 16) FAIL: g++.ext/instantiate3.C not instantiated (test for errors, line 13) FAIL: g++.jason/operator.C return value, nonmember (test for errors, line 31) FAIL: g++.jason/thunk2.C (test for excess errors) FAIL: g++.mike/eh30.C (test for excess errors) FAIL: g++.mike/p4750.C (test for excess errors) FAIL: g++.other/crash18.C (test for excess errors) FAIL: g++.other/ptrmem6.C (test for excess errors) FAIL: g++.other/sizeof4.C cannot take size of function (test for errors, line 33) FAIL: g++.other/sizeof4.C cannot take size of function (test for errors, line 34) FAIL: g++.other/sizeof4.C (test for excess errors) XPASS: g++.pt/decl2.C ICE - (test for errors, line 8) FAIL: g++.pt/static3.C (test for excess errors) FAIL: g++.pt/static6.C (test for excess errors) FAIL: g++.pt/static8.C (test for excess errors) FAIL: g++.robertl/eb106.C (test for excess errors) === g++ Summary === # of expected passes 5895 # of unexpected failures 25 # of unexpected successes 1 # of expected failures 96 # of untested testcases 18 /devel/tmp/egcs-20000731.obj/gcc/testsuite/../g++ version 2.96 20000731 (experimental) === g77 tests === Running target unix XPASS: g77.f-torture/compile/20000629-1.f, -O0 XPASS: g77.f-torture/compile/20000629-1.f, -O1 XPASS: g77.f-torture/compile/20000629-1.f, -O2 XPASS: g77.f-torture/compile/20000629-1.f, -O2 -fomit-frame-pointer -finline-functions XPASS: g77.f-torture/compile/20000629-1.f, -O2 -fomit-frame-pointer -finline-functions -funroll-loops XPASS: g77.f-torture/compile/20000629-1.f, -O2 -fomit-frame-pointer -finline-functions -funroll-all-loops XPASS: g77.f-torture/compile/20000629-1.f, -O3 -g XPASS: g77.f-torture/compile/20000629-1.f, -O3 -fssa XPASS: g77.f-torture/compile/20000629-1.f, -Os FAIL: g77.f-torture/execute/19990325-0.f execution, -O0 FAIL: g77.f-torture/execute/19990325-0.f execution, -O1 FAIL: g77.f-torture/execute/19990325-0.f execution, -O2 FAIL: g77.f-torture/execute/19990325-0.f execution, -O2 -fomit-frame-pointer -finline-functions FAIL: g77.f-torture/execute/19990325-0.f execution, -O3 -g FAIL: g77.f-torture/execute/19990325-0.f execution, -O3 -fssa FAIL: g77.f-torture/execute/19990325-0.f execution, -Os FAIL: g77.f-torture/execute/19990325-1.f execution, -O0 FAIL: g77.f-torture/execute/19990325-1.f execution, -O1 FAIL: g77.f-torture/execute/19990325-1.f execution, -O2 FAIL: g77.f-torture/execute/19990325-1.f execution, -O2 -fomit-frame-pointer -finline-functions FAIL: g77.f-torture/execute/19990325-1.f execution, -O3 -g FAIL: g77.f-torture/execute/19990325-1.f execution, -O3 -fssa FAIL: g77.f-torture/execute/19990325-1.f execution, -Os FAIL: g77.f-torture/execute/alpha2.f execution, -O0 FAIL: g77.f-torture/execute/alpha2.f execution, -O1 FAIL: g77.f-torture/execute/alpha2.f execution, -O2 FAIL: g77.f-torture/execute/alpha2.f execution, -O2 -fomit-frame-pointer -finline-functions FAIL: g77.f-torture/execute/alpha2.f execution, -O3 -g FAIL: g77.f-torture/execute/alpha2.f execution, -O3 -fssa FAIL: g77.f-torture/execute/alpha2.f execution, -Os FAIL: g77.f-torture/execute/io0.f execution, -O0 FAIL: g77.f-torture/execute/io0.f execution, -O1 FAIL: g77.f-torture/execute/io0.f execution, -O2 FAIL: g77.f-torture/execute/io0.f execution, -O2 -fomit-frame-pointer -finline-functions FAIL: g77.f-torture/execute/io0.f execution, -O3 -g FAIL: g77.f-torture/execute/io0.f execution, -O3 -fssa FAIL: g77.f-torture/execute/io0.f execution, -Os FAIL: g77.f-torture/execute/u77-test.f execution, -O0 FAIL: g77.f-torture/execute/u77-test.f execution, -O1 FAIL: g77.f-torture/execute/u77-test.f execution, -O2 FAIL: g77.f-torture/execute/u77-test.f execution, -O2 -fomit-frame-pointer -finline-functions FAIL: g77.f-torture/execute/u77-test.f execution, -O2 -fomit-frame-pointer -finline-functions -funroll-loops FAIL: g77.f-torture/execute/u77-test.f execution, -O2 -fomit-frame-pointer -finline-functions -funroll-all-loops FAIL: g77.f-torture/execute/u77-test.f execution, -O3 -g FAIL: g77.f-torture/execute/u77-test.f execution, -O3 -fssa FAIL: g77.f-torture/execute/u77-test.f execution, -Os === g77 Summary === # of expected passes 937 # of unexpected failures 37 # of unexpected successes 9 === objc tests === Running target unix FAIL: objc/execute/bf-1.m compilation, -O FAIL: objc/execute/bf-10.m compilation, -O FAIL: objc/execute/bf-11.m compilation, -O FAIL: objc/execute/bf-12.m compilation, -O FAIL: objc/execute/bf-13.m compilation, -O FAIL: objc/execute/bf-14.m compilation, -O FAIL: objc/execute/bf-15.m compilation, -O FAIL: objc/execute/bf-16.m compilation, -O FAIL: objc/execute/bf-17.m compilation, -O FAIL: objc/execute/bf-18.m compilation, -O FAIL: objc/execute/bf-19.m compilation, -O FAIL: objc/execute/bf-2.m compilation, -O FAIL: objc/execute/bf-20.m compilation, -O FAIL: objc/execute/bf-3.m compilation, -O FAIL: objc/execute/bf-4.m compilation, -O FAIL: objc/execute/bf-5.m compilation, -O FAIL: objc/execute/bf-6.m compilation, -O FAIL: objc/execute/bf-7.m compilation, -O FAIL: objc/execute/bf-8.m compilation, -O FAIL: objc/execute/bf-9.m compilation, -O FAIL: objc/execute/string1.m compilation, -O FAIL: objc/execute/string2.m compilation, -O === objc Summary === # of unexpected failures 22 # of untested testcases 22 /devel/tmp/egcs-20000731.obj/gcc/xgcc version 2.96 20000731 (experimental) Compiler version: 2.96 20000731 (experimental) Platform: rs6000-ibm-aix4.2.0.0 configure flags: --host=rs6000-ibm-aix4.2.0.0 Counting all warnings, there are 279 warnings in stage3 of this bootstrap. Number of warnings per file: 78 cc1plus 32 ../../egcs-20000731/gcc/combine.c 30 ../../egcs-20000731/gcc/libgcc2.c 17 ../../egcs-20000731/gcc/config/rs6000/rs6000.c 15 ../../../../egcs-20000731/libiberty/pexecute.c 11 ../../egcs-20000731/gcc/expr.c 10 ../../../../../egcs-20000731/libiberty/pexecute.c 7 ../../egcs-20000731/gcc/cpplex.c 6 ../../egcs-20000731/gcc/gcc.c 6 ../../egcs-20000731/gcc/cse.c 6 ../../../../egcs-20000731/libiberty/getopt.c 5 ../../../egcs-20000731/libiberty/pexecute.c 4 ../../egcs-20000731/gcc/ssa.c 4 ../../../../../egcs-20000731/libiberty/getopt.c 3 insn-emit.c 3 ../../egcs-20000731/gcc/reload1.c 3 ../../egcs-20000731/gcc/regmove.c 3 ../../egcs-20000731/gcc/loop.c 3 ../../egcs-20000731/gcc/flow.c 3 ../../egcs-20000731/gcc/collect2.c 2 ../../egcs-20000731/gcc/varasm.c 2 ../../egcs-20000731/gcc/regrename.c 2 ../../egcs-20000731/gcc/function.c 2 ../../egcs-20000731/gcc/fold-const.c 2 ../../egcs-20000731/gcc/c-common.c 2 ../../egcs-20000731/gcc/alias.c 2 ../../../egcs-20000731/libiberty/getopt.c 2 ../../../egcs-20000731/gcc/intl/localealias.c 1 ../../egcs-20000731/gcc/java/jvspec.c 1 ../../egcs-20000731/gcc/gcse.c 1 ../../egcs-20000731/gcc/final.c 1 ../../egcs-20000731/gcc/f/lang-specs.h 1 ../../egcs-20000731/gcc/expmed.c 1 ../../egcs-20000731/gcc/errors.c 1 ../../egcs-20000731/gcc/emit-rtl.c 1 ../../../egcs-20000731/gcc/java/class.c 1 ../../../egcs-20000731/gcc/intl/dcgettext.c 1 ../../../egcs-20000731/gcc/f/expr.c 1 ../../../egcs-20000731/gcc/cp/semantics.c 1 ../../../egcs-20000731/gcc/cp/lex.c 1 ../../../egcs-20000731/gcc/cp/error.c 1 ../../../egcs-20000731/gcc/cp/errfn.c Number of warning types: 78 Ignoring command line option '-Wstrict-prototypes' 62 comparison between signed and unsigned 25 signed and unsigned type in conditional expression 24 variable \`???' might be clobbered by \`longjmp' or \`vfork' 20 function declaration isn't a prototype 15 unused parameter \`???' 15 \`???' might be used uninitialized in this function 9 implicit declaration of function \`???' 6 no previous prototype for \`???' 6 alignment of \`???' is greater than maximum object file alignment. Using 8. 5 string length \`???' is greater than the minimum length \`???' ANSI C is required to support 4 unused variable \`???' 3 pointer targets in passing arg ??? of \`???' differ in signedness 3 passing arg ??? of \`???' from incompatible pointer type 1 suggest parentheses around assignment used as truth value 1 statement with no effect 1 non-static declaration for \`???' follows static 1 \`???' defined but not used
Index Nav: | [Date Index] [Subject Index] [Author Index] [Thread Index] | |
---|---|---|
Message Nav: | [Date Prev] [Date Next] | [Thread Prev] [Thread Next] |