This is the mail archive of the
gcc-testresults@gcc.gnu.org
mailing list for the GCC project.
Results for 2.96 20000804 (experimental) testsuite on i686-unknown-freebsd3.4
- To: gcc-testresults at gcc dot gnu dot org
- Subject: Results for 2.96 20000804 (experimental) testsuite on i686-unknown-freebsd3.4
- From: Loren James Rittle <rittle at latour dot rsch dot comm dot mot dot com>
- Date: Mon, 7 Aug 2000 09:58:20 -0500 (CDT)
- Reply-to: rittle at rsch dot comm dot mot dot com
Native configuration is i686-unknown-freebsd3.4
=== libio tests ===
Running target unix
=== libio Summary for unix ===
# of expected passes 40
Running target unix/-pthread -fpic
=== libio Summary for unix/-pthread -fpic ===
# of expected passes 40
=== libio Summary ===
# of expected passes 80
=== libstdc++ tests ===
Running target unix
=== libstdc++ Summary for unix ===
# of expected passes 30
Running target unix/-pthread -fpic
=== libstdc++ Summary for unix/-pthread -fpic ===
# of expected passes 30
=== libstdc++ Summary ===
# of expected passes 60
=== gcc tests ===
Running target unix
FAIL: gcc.c-torture/execute/20000225-1.c execution, -O2
FAIL: gcc.c-torture/execute/20000225-1.c execution, -O3 -fomit-frame-pointer
FAIL: gcc.c-torture/execute/20000225-1.c execution, -O3 -fomit-frame-pointer -funroll-loops
FAIL: gcc.c-torture/execute/20000225-1.c execution, -O3 -fomit-frame-pointer -funroll-all-loops -finline-functions
FAIL: gcc.c-torture/execute/20000225-1.c execution, -O3 -g
FAIL: gcc.c-torture/execute/20000225-1.c execution, -O3 -fssa
FAIL: gcc.c-torture/execute/20000225-1.c execution, -Os
FAIL: gcc.c-torture/execute/20000412-2.c execution, -O2
FAIL: gcc.c-torture/execute/20000412-2.c execution, -O3 -fomit-frame-pointer
FAIL: gcc.c-torture/execute/20000412-2.c execution, -O3 -g
FAIL: gcc.c-torture/execute/20000412-2.c execution, -O3 -fssa
FAIL: gcc.c-torture/execute/20000412-2.c execution, -Os
XPASS: gcc.c-torture/execute/20000731-1.c execution, -O0
XPASS: gcc.c-torture/execute/20000731-1.c execution, -O1
XPASS: gcc.c-torture/execute/20000731-1.c execution, -O3 -fomit-frame-pointer
XPASS: gcc.c-torture/execute/20000731-1.c execution, -O3 -fomit-frame-pointer -funroll-loops
XPASS: gcc.c-torture/execute/20000731-1.c execution, -O3 -fomit-frame-pointer -funroll-all-loops -finline-functions
XPASS: gcc.c-torture/execute/20000731-1.c execution, -O3 -g
XPASS: gcc.c-torture/execute/20000731-1.c execution, -O3 -fssa
FAIL: gcc.c-torture/execute/20000731-2.c execution, -O3 -fomit-frame-pointer -funroll-all-loops -finline-functions
FAIL: gcc.c-torture/execute/960608-1.c execution, -O3 -fomit-frame-pointer
FAIL: gcc.c-torture/execute/960608-1.c execution, -O3 -g
FAIL: gcc.c-torture/execute/960608-1.c execution, -O3 -fssa
FAIL: gcc.c-torture/execute/ieee/hugeval.c execution, -O0
XPASS: gcc.c-torture/execute/ieee/rbug.c execution, -O3 -fomit-frame-pointer
XPASS: gcc.c-torture/execute/ieee/rbug.c execution, -O3 -g
XPASS: gcc.c-torture/execute/ieee/rbug.c execution, -O3 -fssa
FAIL: gcc.dg/cpp/20000625-2.c (test for warnings, line 9)
FAIL: gcc.dg/cpp/20000625-2.c (test for excess errors)
FAIL: gcc.dg/20000614-1.c execution test
FAIL: gcc.dg/991214-1.c (test for excess errors)
FAIL: gcc.dg/noreturn-1.c this function should not get any warnings (test for bogus messages, line 52)
FAIL: gcc.dg/noreturn-1.c detect return from tail call (test for warnings, line 59)
FAIL: gcc.dg/noreturn-2.c noreturn does return (test for bogus messages, line 12)
=== gcc Summary for unix ===
# of expected passes 12080
# of unexpected failures 24
# of unexpected successes 10
# of expected failures 64
# of unsupported tests 17
Running target unix/-pthread -fpic
FAIL: gcc.c-torture/compile/20000803-1.c, -O2
FAIL: gcc.c-torture/compile/20000803-1.c, -O3 -fomit-frame-pointer
FAIL: gcc.c-torture/compile/20000803-1.c, -O3 -fomit-frame-pointer -funroll-loops
FAIL: gcc.c-torture/compile/20000803-1.c, -O3 -fomit-frame-pointer -funroll-all-loops -finline-functions
FAIL: gcc.c-torture/compile/20000803-1.c, -O3 -g
FAIL: gcc.c-torture/compile/20000803-1.c, -O3 -fssa
FAIL: gcc.c-torture/execute/20000225-1.c execution, -O2
FAIL: gcc.c-torture/execute/20000225-1.c execution, -O3 -fomit-frame-pointer
FAIL: gcc.c-torture/execute/20000225-1.c execution, -O3 -fomit-frame-pointer -funroll-loops
FAIL: gcc.c-torture/execute/20000225-1.c execution, -O3 -fomit-frame-pointer -funroll-all-loops -finline-functions
FAIL: gcc.c-torture/execute/20000225-1.c execution, -O3 -g
FAIL: gcc.c-torture/execute/20000225-1.c execution, -O3 -fssa
FAIL: gcc.c-torture/execute/20000225-1.c execution, -Os
FAIL: gcc.c-torture/execute/20000412-2.c execution, -O2
FAIL: gcc.c-torture/execute/20000412-2.c execution, -O3 -fomit-frame-pointer
FAIL: gcc.c-torture/execute/20000412-2.c execution, -O3 -g
FAIL: gcc.c-torture/execute/20000412-2.c execution, -O3 -fssa
FAIL: gcc.c-torture/execute/20000412-2.c execution, -Os
XPASS: gcc.c-torture/execute/20000731-1.c execution, -O0
XPASS: gcc.c-torture/execute/20000731-1.c execution, -O1
XPASS: gcc.c-torture/execute/20000731-1.c execution, -O2
XPASS: gcc.c-torture/execute/20000731-1.c execution, -O3 -fomit-frame-pointer
XPASS: gcc.c-torture/execute/20000731-1.c execution, -O3 -fomit-frame-pointer -funroll-loops
XPASS: gcc.c-torture/execute/20000731-1.c execution, -O3 -fomit-frame-pointer -funroll-all-loops -finline-functions
XPASS: gcc.c-torture/execute/20000731-1.c execution, -O3 -g
XPASS: gcc.c-torture/execute/20000731-1.c execution, -O3 -fssa
XPASS: gcc.c-torture/execute/20000731-1.c execution, -Os
FAIL: gcc.c-torture/execute/20000731-2.c execution, -O3 -fomit-frame-pointer -funroll-all-loops -finline-functions
FAIL: gcc.c-torture/execute/920501-3.c compilation, -O1
FAIL: gcc.c-torture/execute/920501-3.c compilation, -O2
FAIL: gcc.c-torture/execute/920501-3.c compilation, -O3 -fomit-frame-pointer
FAIL: gcc.c-torture/execute/920501-3.c compilation, -O3 -fomit-frame-pointer -funroll-loops
FAIL: gcc.c-torture/execute/920501-3.c compilation, -O3 -fomit-frame-pointer -funroll-all-loops -finline-functions
FAIL: gcc.c-torture/execute/920501-3.c compilation, -O3 -g
FAIL: gcc.c-torture/execute/920501-3.c compilation, -O3 -fssa
FAIL: gcc.c-torture/execute/920501-3.c compilation, -Os
FAIL: gcc.c-torture/execute/960117-1.c compilation, -O1
FAIL: gcc.c-torture/execute/960117-1.c compilation, -O2
FAIL: gcc.c-torture/execute/960117-1.c compilation, -O3 -fomit-frame-pointer
FAIL: gcc.c-torture/execute/960117-1.c compilation, -O3 -g
FAIL: gcc.c-torture/execute/960117-1.c compilation, -O3 -fssa
FAIL: gcc.c-torture/execute/960117-1.c compilation, -Os
FAIL: gcc.c-torture/execute/960608-1.c execution, -O3 -fomit-frame-pointer
FAIL: gcc.c-torture/execute/960608-1.c execution, -O3 -g
FAIL: gcc.c-torture/execute/960608-1.c execution, -O3 -fssa
FAIL: gcc.c-torture/execute/conversion.c execution, -O3 -fomit-frame-pointer
FAIL: gcc.c-torture/execute/conversion.c execution, -O3 -g
FAIL: gcc.c-torture/execute/conversion.c execution, -O3 -fssa
FAIL: gcc.c-torture/execute/ieee/hugeval.c execution, -O0
FAIL: gcc.dg/cpp/20000625-2.c (test for warnings, line 9)
FAIL: gcc.dg/cpp/20000625-2.c (test for excess errors)
FAIL: gcc.dg/20000614-1.c execution test
FAIL: gcc.dg/20000614-2.c execution test
FAIL: gcc.dg/991214-1.c (test for excess errors)
=== gcc Summary for unix/-pthread -fpic ===
# of expected passes 12045
# of unexpected failures 45
# of unexpected successes 9
# of expected failures 65
# of unresolved testcases 14
# of unsupported tests 17
=== gcc Summary ===
# of expected passes 24125
# of unexpected failures 69
# of unexpected successes 19
# of expected failures 129
# of unresolved testcases 14
# of unsupported tests 34
/usr/tmp/gcc-build-latour-0804-v2/gcc/xgcc version 2.96 20000804 (experimental)
=== g++ tests ===
Running target unix
FAIL: g++.ext/instantiate1.C not instantiated (test for errors, line 18)
FAIL: g++.ext/instantiate1.C not instantiated (test for errors, line 20)
XPASS: g++.jason/template18.C Execution test
FAIL: g++.mike/p9706.C Execution test
=== g++ Summary for unix ===
# of expected passes 5928
# of unexpected failures 3
# of unexpected successes 1
# of expected failures 93
# of untested testcases 14
Running target unix/-pthread -fpic
FAIL: g++.eh/badalloc1.C Execution test
XPASS: g++.jason/template18.C Execution test
FAIL: g++.mike/p9706.C Execution test
FAIL: g++.other/crash18.C (test for excess errors)
=== g++ Summary for unix/-pthread -fpic ===
# of expected passes 5928
# of unexpected failures 3
# of unexpected successes 1
# of expected failures 93
# of untested testcases 14
=== g++ Summary ===
# of expected passes 11856
# of unexpected failures 6
# of unexpected successes 2
# of expected failures 186
# of untested testcases 28
/usr/tmp/gcc-build-latour-0804-v2/gcc/testsuite/../g++ version 2.96 20000804 (experimental)
=== g77 tests ===
Running target unix
XPASS: g77.f-torture/compile/20000629-1.f, -O0
XPASS: g77.f-torture/compile/20000629-1.f, -O1
XPASS: g77.f-torture/compile/20000629-1.f, -O2
XPASS: g77.f-torture/compile/20000629-1.f, -O2 -fomit-frame-pointer -finline-functions
XPASS: g77.f-torture/compile/20000629-1.f, -O3 -g
XPASS: g77.f-torture/compile/20000629-1.f, -O3 -fssa
XPASS: g77.f-torture/compile/20000629-1.f, -Os
FAIL: g77.f-torture/execute/short.f execution, -Os
=== g77 Summary for unix ===
# of expected passes 973
# of unexpected failures 1
# of unexpected successes 7
# of expected failures 2
Running target unix/-pthread -fpic
XPASS: g77.f-torture/compile/20000629-1.f, -O0
XPASS: g77.f-torture/compile/20000629-1.f, -O1
XPASS: g77.f-torture/compile/20000629-1.f, -O2
XPASS: g77.f-torture/compile/20000629-1.f, -O2 -fomit-frame-pointer -finline-functions
XPASS: g77.f-torture/compile/20000629-1.f, -O3 -g
XPASS: g77.f-torture/compile/20000629-1.f, -O3 -fssa
XPASS: g77.f-torture/compile/20000629-1.f, -Os
=== g77 Summary for unix/-pthread -fpic ===
# of expected passes 974
# of unexpected successes 7
# of expected failures 2
=== g77 Summary ===
# of expected passes 1947
# of unexpected failures 1
# of unexpected successes 14
# of expected failures 4
=== objc tests ===
Running target unix
FAIL: objc/execute/bf-1.m execution, -O
FAIL: objc/execute/bf-10.m execution, -O
FAIL: objc/execute/bf-11.m execution, -O
FAIL: objc/execute/bf-12.m execution, -O
FAIL: objc/execute/bf-13.m execution, -O
FAIL: objc/execute/bf-14.m execution, -O
FAIL: objc/execute/bf-15.m execution, -O
FAIL: objc/execute/bf-16.m execution, -O
FAIL: objc/execute/bf-17.m execution, -O
FAIL: objc/execute/bf-18.m execution, -O
FAIL: objc/execute/bf-19.m execution, -O
FAIL: objc/execute/bf-2.m execution, -O
FAIL: objc/execute/bf-20.m execution, -O
FAIL: objc/execute/bf-3.m execution, -O
FAIL: objc/execute/bf-4.m execution, -O
FAIL: objc/execute/bf-5.m execution, -O
FAIL: objc/execute/bf-6.m execution, -O
FAIL: objc/execute/bf-7.m execution, -O
FAIL: objc/execute/bf-8.m execution, -O
FAIL: objc/execute/bf-9.m execution, -O
FAIL: objc/execute/string1.m execution, -O
FAIL: objc/execute/string2.m execution, -O
=== objc Summary for unix ===
# of expected passes 22
# of unexpected failures 22
Running target unix/-pthread -fpic
FAIL: objc/execute/bf-1.m execution, -O
FAIL: objc/execute/bf-10.m execution, -O
FAIL: objc/execute/bf-11.m execution, -O
FAIL: objc/execute/bf-12.m execution, -O
FAIL: objc/execute/bf-13.m execution, -O
FAIL: objc/execute/bf-14.m execution, -O
FAIL: objc/execute/bf-15.m execution, -O
FAIL: objc/execute/bf-16.m execution, -O
FAIL: objc/execute/bf-17.m execution, -O
FAIL: objc/execute/bf-18.m execution, -O
FAIL: objc/execute/bf-19.m execution, -O
FAIL: objc/execute/bf-2.m execution, -O
FAIL: objc/execute/bf-20.m execution, -O
FAIL: objc/execute/bf-3.m execution, -O
FAIL: objc/execute/bf-4.m execution, -O
FAIL: objc/execute/bf-5.m execution, -O
FAIL: objc/execute/bf-6.m execution, -O
FAIL: objc/execute/bf-7.m execution, -O
FAIL: objc/execute/bf-8.m execution, -O
FAIL: objc/execute/bf-9.m execution, -O
FAIL: objc/execute/string1.m execution, -O
FAIL: objc/execute/string2.m execution, -O
=== objc Summary for unix/-pthread -fpic ===
# of expected passes 22
# of unexpected failures 22
=== objc Summary ===
# of expected passes 44
# of unexpected failures 44
/usr/tmp/gcc-build-latour-0804-v2/gcc/xgcc version 2.96 20000804 (experimental)
Compiler version: 2.96 20000804 (experimental)
Platform: i686-unknown-freebsd3.4
configure flags: --host=i686-unknown-freebsd3.4 --enable-shared --enable-threads --prefix=/usr/local/beta-gcc --with-gnu-as --with-as=/usr/local/beta-gcc/bin/as --with-gnu-ld --with-ld=/usr/local/beta-gcc/bin/ld
BOOT_CFLAGS=-g -O2