This is the mail archive of the
gcc-testresults@gcc.gnu.org
mailing list for the GCC project.
Results for 2.96 20000731 (experimental) testsuite on i686-pc-linux-gnu
- To: gcc-testresults at gcc dot gnu dot org
- Subject: Results for 2.96 20000731 (experimental) testsuite on i686-pc-linux-gnu
- From: Theodore Papadopoulo <Theodore dot Papadopoulo at sophia dot inria dot fr>
- Date: Tue, 1 Aug 2000 20:22:39 +0200
Native configuration is i686-pc-linux-gnu
=== libio tests ===
Running target unix
=== libio Summary ===
# of expected passes 40
=== libstdc++ tests ===
Running target unix
=== libstdc++ Summary ===
# of expected passes 30
=== gcc tests ===
Running target unix
FAIL: gcc.c-torture/execute/20000225-1.c execution, -O2
FAIL: gcc.c-torture/execute/20000225-1.c execution, -O3 -fomit-frame-pointer
FAIL: gcc.c-torture/execute/20000225-1.c execution, -O3 -fomit-frame-pointer -funroll-loops
FAIL: gcc.c-torture/execute/20000225-1.c execution, -O3 -fomit-frame-pointer -funroll-all-loops -finline-functions
FAIL: gcc.c-torture/execute/20000225-1.c execution, -O3 -g
FAIL: gcc.c-torture/execute/20000225-1.c execution, -O3 -fssa
FAIL: gcc.c-torture/execute/20000225-1.c execution, -Os
FAIL: gcc.c-torture/execute/20000412-2.c execution, -O2
FAIL: gcc.c-torture/execute/20000412-2.c execution, -O3 -fomit-frame-pointer
FAIL: gcc.c-torture/execute/20000412-2.c execution, -O3 -g
FAIL: gcc.c-torture/execute/20000412-2.c execution, -O3 -fssa
FAIL: gcc.c-torture/execute/20000412-2.c execution, -Os
FAIL: gcc.c-torture/execute/960608-1.c execution, -O3 -fomit-frame-pointer
FAIL: gcc.c-torture/execute/960608-1.c execution, -O3 -g
FAIL: gcc.c-torture/execute/960608-1.c execution, -O3 -fssa
FAIL: gcc.dg/20000503-1.c (test for excess errors)
FAIL: gcc.dg/20000614-1.c execution test
FAIL: gcc.dg/20000614-2.c execution test
FAIL: gcc.dg/991214-1.c (test for excess errors)
FAIL: gcc.dg/c90-impl-decl-1.c implicit declaration warning for strcmp (test for bogus messages, line 21)
FAIL: gcc.dg/noreturn-1.c this function should not get any warnings (test for bogus messages, line 52)
FAIL: gcc.dg/noreturn-1.c detect return from tail call (test for warnings, line 59)
FAIL: gcc.dg/noreturn-2.c noreturn does return (test for bogus messages, line 12)
=== gcc Summary ===
# of expected passes 11451
# of unexpected failures 23
# of expected failures 38
# of unsupported tests 15
/0/robotvis/papadop/src/Compiles/egcs-linux/gcc/xgcc version 2.96 20000731 (experimental)
=== g++ tests ===
Running target unix
FAIL: g++.ext/instantiate1.C not instantiated (test for errors, line 18)
FAIL: g++.ext/instantiate1.C not instantiated (test for errors, line 20)
FAIL: g++.pt/unify8.C caused compiler crash
=== g++ Summary ===
# of expected passes 5935
# of unexpected failures 3
# of expected failures 94
# of untested testcases 8
/0/robotvis/papadop/src/Compiles/egcs-linux/gcc/testsuite/../g++ version 2.96 20000731 (experimental)
=== g77 tests ===
Running target unix
XPASS: g77.f-torture/compile/20000629-1.f, -O0
XPASS: g77.f-torture/compile/20000629-1.f, -O1
XPASS: g77.f-torture/compile/20000629-1.f, -O2
XPASS: g77.f-torture/compile/20000629-1.f, -O2 -fomit-frame-pointer -finline-functions
XPASS: g77.f-torture/compile/20000629-1.f, -O3 -g
XPASS: g77.f-torture/compile/20000629-1.f, -O3 -fssa
XPASS: g77.f-torture/compile/20000629-1.f, -Os
FAIL: g77.f-torture/execute/short.f execution, -Os
=== g77 Summary ===
# of expected passes 973
# of unexpected failures 1
# of unexpected successes 7
# of expected failures 2
=== objc tests ===
Running target unix
FAIL: objc/execute/string1.m compilation, -O
FAIL: objc/execute/string2.m compilation, -O
=== objc Summary ===
# of expected passes 40
# of unexpected failures 2
# of untested testcases 2
/0/robotvis/papadop/src/Compiles/egcs-linux/gcc/xgcc version 2.96 20000731 (experimental)
Compiler version: 2.96 20000731 (experimental)
Platform: i686-pc-linux-gnu
configure flags: --host=i686-pc-linux --prefix=/net/home/robotvis/gnu/egcs --with-gnu-as --with-gnu-ld --with-as=/net/home/robotvis/gnu/binutils/bin/as --with-ld=/net/home/robotvis/gnu/binutils/bin/ld
Counting all warnings,
there are 124 warnings in stage3 of this bootstrap.
Number of warnings per file:
33 ../../../Cvs/gcc/gcc/combine.c
13 cc1plus
13 ../../../Cvs/gcc/gcc/expr.c
10 ../../../Cvs/gcc/gcc/reg-stack.c
7 ../../../Cvs/gcc/gcc/cpplex.c
6 /usr/include/bits/string2.h
5 ../../../Cvs/gcc/gcc/gcc.c
5 ../../../Cvs/gcc/gcc/cse.c
2 ../../../Cvs/gcc/gcc/regrename.c
2 ../../../Cvs/gcc/gcc/regmove.c
2 ../../../Cvs/gcc/gcc/libgcc2.c
2 ../../../Cvs/gcc/gcc/function.c
2 ../../../Cvs/gcc/gcc/fold-const.c
2 ../../../Cvs/gcc/gcc/c-common.c
2 ../../../Cvs/gcc/gcc/alias.c
2 ../../../../Cvs/gcc/gcc/intl/dcgettext.c
1 ../../../Cvs/gcc/gcc/loop.c
1 ../../../Cvs/gcc/gcc/java/jvspec.c
1 ../../../Cvs/gcc/gcc/gcse.c
1 ../../../Cvs/gcc/gcc/final.c
1 ../../../Cvs/gcc/gcc/f/lang-specs.h
1 ../../../Cvs/gcc/gcc/expmed.c
1 ../../../Cvs/gcc/gcc/errors.c
1 ../../../Cvs/gcc/gcc/emit-rtl.c
1 ../../../Cvs/gcc/gcc/dwarfout.c
1 ../../../Cvs/gcc/gcc/config/i386/i386.c
1 ../../../../Cvs/gcc/gcc/java/class.c
1 ../../../../Cvs/gcc/gcc/f/expr.c
1 ../../../../Cvs/gcc/gcc/cp/semantics.c
1 ../../../../Cvs/gcc/gcc/cp/lex.c
1 ../../../../Cvs/gcc/gcc/cp/error.c
1 ../../../../Cvs/gcc/gcc/cp/errfn.c
Number of warning types:
62 comparison between signed and unsigned
21 signed and unsigned type in conditional expression
13 Ignoring command line option '-Wstrict-prototypes'
6 function declaration isn't a prototype
5 \`???' might be used uninitialized in this function
4 string length \`???' is greater than the minimum length \`???' ANSI C is required to support
3 pointer targets in return differ in signedness
3 passing arg ??? of \`???' from incompatible pointer type
1 unused variable \`???'
1 unused parameter \`???'
1 traditional C lacks a separate namespace for labels, identifier \`???' conflicts
1 statement with no effect
1 pointer targets in passing arg ??? of \`???' differ in signedness
1 passing arg ??? of \`???' discards qualifiers from pointer target type
1 no previous prototype for \`???'