This is the mail archive of the
gcc-testresults@gcc.gnu.org
mailing list for the GCC project.
Results for 2.96 20000731 (experimental) testsuite on i686-pc-cygwin
- To: <gcc-testresults at gcc dot gnu dot org>
- Subject: Results for 2.96 20000731 (experimental) testsuite on i686-pc-cygwin
- From: "Tim Prince" <tprince at computer dot org>
- Date: Tue, 1 Aug 2000 08:49:19 -0700
substituted netlib fpp for tradcpp0
hugeval errors appear to be a new cygwin bug
Tim Prince
Native configuration is i686-pc-cygwin
=== g++ tests ===
Running target unix
FAIL: g++.dg/special/conpr-1.C (test for excess errors)
=== g++ Summary ===
# of unexpected failures 1
e:/src/gnu/egcs-20000605/w2k/gcc/testsuite/../g++ version 2.96 20000731 (experimental)
=== g77 tests ===
Running target unix
XPASS: g77.f-torture/compile/20000629-1.f, -O0
XPASS: g77.f-torture/compile/20000629-1.f, -O1
XPASS: g77.f-torture/compile/20000629-1.f, -O2
XPASS: g77.f-torture/compile/20000629-1.f, -O2 -fomit-frame-pointer -finline-functions
XPASS: g77.f-torture/compile/20000629-1.f, -O3 -g
XPASS: g77.f-torture/compile/20000629-1.f, -O3 -fssa
XPASS: g77.f-torture/compile/20000629-1.f, -Os
FAIL: g77.f-torture/execute/cpp.F compilation, -O0
FAIL: g77.f-torture/execute/cpp.F compilation, -O1
FAIL: g77.f-torture/execute/cpp.F compilation, -O2
FAIL: g77.f-torture/execute/cpp.F compilation, -O2 -fomit-frame-pointer -finline-functions
FAIL: g77.f-torture/execute/cpp.F compilation, -O3 -g
FAIL: g77.f-torture/execute/cpp.F compilation, -O3 -fssa
FAIL: g77.f-torture/execute/cpp.F compilation, -Os
FAIL: g77.f-torture/execute/cpp2.F compilation, -O0
FAIL: g77.f-torture/execute/cpp2.F compilation, -O1
FAIL: g77.f-torture/execute/cpp2.F compilation, -O2
FAIL: g77.f-torture/execute/cpp2.F compilation, -O2 -fomit-frame-pointer -finline-functions
FAIL: g77.f-torture/execute/cpp2.F compilation, -O3 -g
FAIL: g77.f-torture/execute/cpp2.F compilation, -O3 -fssa
FAIL: g77.f-torture/execute/cpp2.F compilation, -Os
FAIL: g77.f-torture/execute/short.f execution, -Os
FAIL: g77.f-torture/execute/u77-test.f execution, -O0
FAIL: g77.f-torture/execute/u77-test.f execution, -O1
FAIL: g77.f-torture/execute/u77-test.f execution, -O2
FAIL: g77.f-torture/execute/u77-test.f execution, -O2 -fomit-frame-pointer -finline-functions
FAIL: g77.f-torture/execute/u77-test.f execution, -O2 -fomit-frame-pointer -finline-functions -funroll-loops
FAIL: g77.f-torture/execute/u77-test.f execution, -O2 -fomit-frame-pointer -finline-functions -funroll-all-loops
FAIL: g77.f-torture/execute/u77-test.f execution, -O3 -g
FAIL: g77.f-torture/execute/u77-test.f execution, -O3 -fssa
FAIL: g77.f-torture/execute/u77-test.f execution, -Os
=== g77 Summary ===
# of expected passes 936
# of unexpected failures 24
# of unexpected successes 7
# of expected failures 2
# of untested testcases 14
=== gcc tests ===
Running target unix
FAIL: gcc.c-torture/execute/20000225-1.c execution, -O2
FAIL: gcc.c-torture/execute/20000225-1.c execution, -O3 -fomit-frame-pointer
FAIL: gcc.c-torture/execute/20000225-1.c execution, -O3 -fomit-frame-pointer -funroll-loops
FAIL: gcc.c-torture/execute/20000225-1.c execution, -O3 -fomit-frame-pointer -funroll-all-loops -finline-functions
FAIL: gcc.c-torture/execute/20000225-1.c execution, -O3 -g
FAIL: gcc.c-torture/execute/20000225-1.c execution, -O3 -fssa
FAIL: gcc.c-torture/execute/20000225-1.c execution, -Os
FAIL: gcc.c-torture/execute/20000412-2.c execution, -O2
FAIL: gcc.c-torture/execute/20000412-2.c execution, -O3 -fomit-frame-pointer
FAIL: gcc.c-torture/execute/20000412-2.c execution, -O3 -g
FAIL: gcc.c-torture/execute/20000412-2.c execution, -O3 -fssa
FAIL: gcc.c-torture/execute/20000412-2.c execution, -Os
FAIL: gcc.c-torture/execute/920730-1t.c compilation, -O0
FAIL: gcc.c-torture/execute/920730-1t.c compilation, -O1
FAIL: gcc.c-torture/execute/920730-1t.c compilation, -O2
FAIL: gcc.c-torture/execute/920730-1t.c compilation, -O3 -fomit-frame-pointer
FAIL: gcc.c-torture/execute/920730-1t.c compilation, -O3 -g
FAIL: gcc.c-torture/execute/920730-1t.c compilation, -O3 -fssa
FAIL: gcc.c-torture/execute/920730-1t.c compilation, -Os
FAIL: gcc.c-torture/execute/960608-1.c execution, -O3 -fomit-frame-pointer
FAIL: gcc.c-torture/execute/960608-1.c execution, -O3 -g
FAIL: gcc.c-torture/execute/960608-1.c execution, -O3 -fssa
FAIL: gcc.c-torture/execute/ieee/hugeval.c execution, -O0
FAIL: gcc.c-torture/execute/ieee/hugeval.c execution, -O1
FAIL: gcc.c-torture/execute/ieee/hugeval.c execution, -O2
FAIL: gcc.c-torture/execute/ieee/hugeval.c execution, -O3 -fomit-frame-pointer
FAIL: gcc.c-torture/execute/ieee/hugeval.c execution, -O3 -g
FAIL: gcc.c-torture/execute/ieee/hugeval.c execution, -O3 -fssa
FAIL: gcc.c-torture/execute/ieee/hugeval.c execution, -Os
FAIL: gcc.c-torture/execute/ieee/rbug.c execution, -O0
FAIL: gcc.c-torture/execute/ieee/rbug.c execution, -O1
FAIL: gcc.c-torture/execute/ieee/rbug.c execution, -O2
FAIL: gcc.c-torture/execute/ieee/rbug.c execution, -Os
FAIL: gcc.dg/cpp/20000725-1.c (test for excess errors)
FAIL: gcc.dg/cpp/hash2.c (test for excess errors)
FAIL: gcc.dg/cpp/if-2.c wide charconst recognition (test for bogus messages, line 9)
FAIL: gcc.dg/cpp/lexstrng.c (test for excess errors)
FAIL: gcc.dg/cpp/paste2.c (test for excess errors)
FAIL: gcc.dg/cpp/tr-direct.c (test for excess errors)
FAIL: gcc.dg/cpp/tr-paste.c (test for excess errors)
FAIL: gcc.dg/cpp/tr-str.c (test for excess errors)
FAIL: gcc.dg/20000614-1.c execution test
=== gcc Summary ===
# of expected passes 11597
# of unexpected failures 42
# of expected failures 21
# of unresolved testcases 7
# of unsupported tests 1
e:/src/gnu/egcs-20000605/w2k/gcc/xgcc version 2.96 20000731 (experimental)
=== objc tests ===
Running target unix
FAIL: objc/execute/bf-1.m execution, -O
FAIL: objc/execute/bf-11.m execution, -O
FAIL: objc/execute/bf-12.m execution, -O
FAIL: objc/execute/bf-13.m execution, -O
FAIL: objc/execute/bf-14.m execution, -O
FAIL: objc/execute/bf-15.m execution, -O
FAIL: objc/execute/bf-16.m execution, -O
FAIL: objc/execute/bf-18.m execution, -O
FAIL: objc/execute/bf-19.m execution, -O
FAIL: objc/execute/bf-2.m execution, -O
FAIL: objc/execute/bf-20.m execution, -O
FAIL: objc/execute/bf-3.m execution, -O
FAIL: objc/execute/bf-4.m execution, -O
FAIL: objc/execute/bf-5.m execution, -O
FAIL: objc/execute/bf-6.m execution, -O
FAIL: objc/execute/bf-7.m execution, -O
FAIL: objc/execute/bf-8.m execution, -O
FAIL: objc/execute/bf-9.m execution, -O
FAIL: objc/execute/string1.m compilation, -O
FAIL: objc/execute/string2.m compilation, -O
=== objc Summary ===
# of expected passes 22
# of unexpected failures 20
# of untested testcases 2
e:/src/gnu/egcs-20000605/w2k/gcc/xgcc version 2.96 20000731 (experimental)
=== libio tests ===
Running target unix
=== libio Summary ===
# of expected passes 40
=== libstdc++ tests ===
Running target unix
FAIL: tcomplex.cc execution
FAIL: tcomplex.cc -O execution
FAIL: tstring.cc execution
FAIL: tstring.cc -O execution
=== libstdc++ Summary ===
# of expected passes 22
# of unexpected failures 4
# of expected failures 4
Compiler version: 2.96 20000731 (experimental)
Platform: i686-pc-cygwin
configure flags: --host=i686-pc-cygwin