This is the mail archive of the
gcc-testresults@gcc.gnu.org
mailing list for the GCC project.
Results for 2.96 20000724 (experimental) testsuite on alpha-unknown-linux-gnu
- To: gcc-testresults at gcc dot gnu dot org
- Subject: Results for 2.96 20000724 (experimental) testsuite on alpha-unknown-linux-gnu
- From: Alexandre Oliva <oliva at lsd dot ic dot unicamp dot br>
- Date: Wed, 26 Jul 2000 17:27:15 -0300
Native configuration is alpha-unknown-linux-gnu
=== binutils tests ===
Running target unix
=== binutils Summary ===
# of expected passes 20
# of untested testcases 6
=== g++ tests ===
Running target unix
FAIL: g++.eh/badalloc1.C Execution test
FAIL: g++.other/crash18.C caused compiler crash
=== g++ Summary ===
# of expected passes 5919
# of unexpected failures 2
# of expected failures 94
# of untested testcases 18
/l/tmp/egcs/gcc/testsuite/../g++ version 2.96 20000724 (experimental)
=== g77 tests ===
Running target unix
XPASS: g77.f-torture/compile/20000629-1.f, -O0
XPASS: g77.f-torture/compile/20000629-1.f, -O1
XPASS: g77.f-torture/compile/20000629-1.f, -O2
XPASS: g77.f-torture/compile/20000629-1.f, -O2 -fomit-frame-pointer -finline-functions
XPASS: g77.f-torture/compile/20000629-1.f, -O2 -fomit-frame-pointer -finline-functions -funroll-loops
XPASS: g77.f-torture/compile/20000629-1.f, -O2 -fomit-frame-pointer -finline-functions -funroll-all-loops
XPASS: g77.f-torture/compile/20000629-1.f, -O3 -g
XPASS: g77.f-torture/compile/20000629-1.f, -O3 -fssa
XPASS: g77.f-torture/compile/20000629-1.f, -Os
XPASS: g77.f-torture/compile/20000630-2.f, -O0
XPASS: g77.f-torture/compile/20000630-2.f, -O1
XPASS: g77.f-torture/compile/20000630-2.f, -O2
XPASS: g77.f-torture/compile/20000630-2.f, -O2 -fomit-frame-pointer -finline-functions
XPASS: g77.f-torture/compile/20000630-2.f, -O3 -g
XPASS: g77.f-torture/compile/20000630-2.f, -O3 -fssa
XPASS: g77.f-torture/compile/20000630-2.f, -Os
=== g77 Summary ===
# of expected passes 967
# of unexpected successes 16
=== gas tests ===
Running target unix
FAIL: vtable inherit0
FAIL: vtable entry1
=== gas Summary ===
# of expected passes 62
# of unexpected failures 2
=== gcc tests ===
Running target unix
FAIL: gcc.c-torture/compile/920501-18.c, -O3 -fssa
FAIL: gcc.c-torture/execute/990811-1.c execution, -O3 -fomit-frame-pointer
FAIL: gcc.c-torture/execute/990811-1.c execution, -O3 -fomit-frame-pointer -funroll-loops
FAIL: gcc.c-torture/execute/990811-1.c execution, -O3 -fomit-frame-pointer -funroll-all-loops -finline-functions
FAIL: gcc.c-torture/execute/990811-1.c execution, -O3 -g
FAIL: gcc.c-torture/execute/990811-1.c execution, -O3 -fssa
FAIL: gcc.c-torture/execute/ieee/20000320-1.c execution, -O0
FAIL: gcc.c-torture/execute/ieee/20000320-1.c execution, -O1
FAIL: gcc.c-torture/execute/ieee/20000320-1.c execution, -O2
FAIL: gcc.c-torture/execute/ieee/20000320-1.c execution, -O3 -fomit-frame-pointer
FAIL: gcc.c-torture/execute/ieee/20000320-1.c execution, -O3 -g
FAIL: gcc.c-torture/execute/ieee/20000320-1.c execution, -O3 -fssa
FAIL: gcc.c-torture/execute/ieee/20000320-1.c execution, -Os
FAIL: gcc.c-torture/execute/ieee/fp-cmp-2.c execution, -O0
FAIL: gcc.c-torture/execute/ieee/fp-cmp-2.c execution, -O1
FAIL: gcc.c-torture/execute/ieee/fp-cmp-2.c execution, -O2
FAIL: gcc.c-torture/execute/ieee/fp-cmp-2.c execution, -O3 -fomit-frame-pointer
FAIL: gcc.c-torture/execute/ieee/fp-cmp-2.c execution, -O3 -fomit-frame-pointer -funroll-loops
FAIL: gcc.c-torture/execute/ieee/fp-cmp-2.c execution, -O3 -fomit-frame-pointer -funroll-all-loops -finline-functions
FAIL: gcc.c-torture/execute/ieee/fp-cmp-2.c execution, -O3 -g
FAIL: gcc.c-torture/execute/ieee/fp-cmp-2.c execution, -O3 -fssa
FAIL: gcc.c-torture/execute/ieee/fp-cmp-2.c execution, -Os
FAIL: gcc.c-torture/execute/ieee/fp-cmp-4.c execution, -O0
FAIL: gcc.c-torture/execute/ieee/fp-cmp-4.c execution, -O1
FAIL: gcc.c-torture/execute/ieee/fp-cmp-4.c execution, -O2
FAIL: gcc.c-torture/execute/ieee/fp-cmp-4.c execution, -O3 -fomit-frame-pointer
FAIL: gcc.c-torture/execute/ieee/fp-cmp-4.c execution, -O3 -fomit-frame-pointer -funroll-loops
FAIL: gcc.c-torture/execute/ieee/fp-cmp-4.c execution, -O3 -fomit-frame-pointer -funroll-all-loops -finline-functions
FAIL: gcc.c-torture/execute/ieee/fp-cmp-4.c execution, -O3 -g
FAIL: gcc.c-torture/execute/ieee/fp-cmp-4.c execution, -O3 -fssa
FAIL: gcc.c-torture/execute/ieee/fp-cmp-4.c execution, -Os
FAIL: gcc.c-torture/execute/ieee/hugeval.c execution, -O0
FAIL: gcc.c-torture/execute/ieee/mzero2.c execution, -O0
FAIL: gcc.c-torture/execute/ieee/mzero2.c execution, -O1
FAIL: gcc.c-torture/execute/ieee/mzero2.c execution, -O2
FAIL: gcc.c-torture/execute/ieee/mzero2.c execution, -O3 -fomit-frame-pointer
FAIL: gcc.c-torture/execute/ieee/mzero2.c execution, -O3 -g
FAIL: gcc.c-torture/execute/ieee/mzero2.c execution, -O3 -fssa
FAIL: gcc.c-torture/execute/ieee/mzero2.c execution, -Os
XPASS: gcc.c-torture/execute/memcheck/blkarg.c execution, -O0
XPASS: gcc.c-torture/execute/memcheck/blkarg.c execution, -O1
XPASS: gcc.c-torture/execute/memcheck/blkarg.c execution, -O2
XPASS: gcc.c-torture/execute/memcheck/blkarg.c execution, -Os
XPASS: gcc.dg/c90-digraph-1.c execution test
FAIL: gcc.dg/c90-impl-decl-1.c implicit declaration warning for strcmp (test for bogus messages, line 21)
FAIL: gcc.dg/compare2.c case 10 (test for bogus messages, line 29)
FAIL: gcc.dg/noreturn-1.c this function should not get any warnings (test for bogus messages, line 52)
FAIL: gcc.dg/noreturn-1.c detect return from tail call (test for warnings, line 59)
FAIL: gcc.dg/noncompile/920923-1.c (test for excess errors)
FAIL: gcc.dg/noncompile/redecl-1.c previously declared (test for errors, line 7)
FAIL: gcc.dg/noncompile/redecl-1.c (test for excess errors)
=== gcc Summary ===
# of expected passes 11779
# of unexpected failures 46
# of unexpected successes 5
# of expected failures 38
# of unsupported tests 35
/l/tmp/egcs/gcc/xgcc version 2.96 20000724 (experimental)
=== ld tests ===
Running target unix
FAIL: selective3
=== ld Summary ===
# of expected passes 43
# of unexpected failures 1
# of expected failures 2
# of unresolved testcases 1
=== libio tests ===
Running target unix
=== libio Summary ===
# of expected passes 40
=== libstdc++ tests ===
Running target unix
=== libstdc++ Summary ===
# of expected passes 30
=== objc tests ===
Running target unix
=== objc Summary ===
# of expected passes 40
/l/tmp/egcs/gcc/xgcc version 2.96 20000724 (experimental)
Compiler version: 2.96 20000724 (experimental)
Platform: alpha-unknown-linux-gnu
BOOT_CFLAGS: -g -O9 -W -Wall
Counting all warnings,
there are 119 warnings in stage3 of this bootstrap.
Number of warnings per file:
26 cc1plus
17 configure
16 /home/lsd/oliva/src/egcs/libiberty/pexecute.c
7 /home/lsd/oliva/src/egcs/gcc/cpplex.c
5 /home/lsd/oliva/src/egcs/gcc/gcc.c
4 /usr/include/bits/mathinline.h
4 /home/lsd/oliva/src/egcs/gcc/libgcc2.c
4 /home/lsd/oliva/src/egcs/gcc/gcse.c
3 /home/lsd/oliva/src/egcs/gcc/combine.c
2 /home/lsd/oliva/src/egcs/libffi/src/java_raw_api.c
2 /home/lsd/oliva/src/egcs/gcc/regrename.c
2 /home/lsd/oliva/src/egcs/gcc/config/alpha/alpha.c
2 /home/lsd/oliva/src/egcs/gcc/c-common.c
2 /home/lsd/oliva/src/egcs/boehm-gc/mark_rts.c
1 cxxmain.c
1 /home/lsd/oliva/src/egcs/gcc/tradcpp.c
1 /home/lsd/oliva/src/egcs/gcc/rtl.c
1 /home/lsd/oliva/src/egcs/gcc/real.c
1 /home/lsd/oliva/src/egcs/gcc/loop.c
1 /home/lsd/oliva/src/egcs/gcc/java/jvspec.c
1 /home/lsd/oliva/src/egcs/gcc/java/jcf-write.c
1 /home/lsd/oliva/src/egcs/gcc/java/class.c
1 /home/lsd/oliva/src/egcs/gcc/intl/dcgettext.c
1 /home/lsd/oliva/src/egcs/gcc/fold-const.c
1 /home/lsd/oliva/src/egcs/gcc/f/lang-specs.h
1 /home/lsd/oliva/src/egcs/gcc/f/fini.c
1 /home/lsd/oliva/src/egcs/gcc/f/expr.c
1 /home/lsd/oliva/src/egcs/gcc/f/com.c
1 /home/lsd/oliva/src/egcs/gcc/errors.c
1 /home/lsd/oliva/src/egcs/gcc/diagnostic.c
1 /home/lsd/oliva/src/egcs/gcc/cppexp.c
1 /home/lsd/oliva/src/egcs/gcc/cp/semantics.c
1 /home/lsd/oliva/src/egcs/gcc/cp/lex.c
1 /home/lsd/oliva/src/egcs/gcc/cp/error.c
1 /home/lsd/oliva/src/egcs/gcc/cp/errfn.c
1 /home/lsd/oliva/src/egcs/gcc/cp/cfns.h
1 /home/lsd/oliva/src/egcs/gcc/collect2.c
Number of warning types:
26 Ignoring command line option '-Wstrict-prototypes'
12 variable `???' might be clobbered by `longjmp' or `vfork'
9 signed and unsigned type in conditional expression
8 function declaration isn't a prototype
8 comparison between signed and unsigned
8 `???' might be used uninitialized in this function
8 ***********************************************************
6 no previous prototype for `???'
5 `noreturn' function does return
5 `???' script is too old or missing
3 unused variable `???'
3 string length `???' is greater than the minimum length `???' ANSI C is required to support
3 passing arg ??? of `???' from incompatible pointer type
2 then use the most recent one - libffi-1.20.
2 implicit declaration of function `???'
2 function returns address of local variable
2 This is beta code. If you're looking for a stable release
1 unused parameter `???'
1 traditional C rejects automatic aggregate initialization
1 traditional C lacks a separate namespace for labels, identifier `???' conflicts
1 statement with no effect
1 pointer targets in passing arg ??? of `???' differ in signedness
1 `long' switch expression not converted to `int' in ANSI C
1 Use of ANSI string concatenation