This is the mail archive of the
gcc-testresults@gcc.gnu.org
mailing list for the GCC project.
Results for 2.96 20000703 (experimental) testsuite on alphaev6-unknown-linux-gnu
- To: gcc-testresults at gcc dot gnu dot org
- Subject: Results for 2.96 20000703 (experimental) testsuite on alphaev6-unknown-linux-gnu
- From: Alexandre Oliva <oliva at tamanduatei dot dcc dot unicamp dot br>
- Date: Tue, 4 Jul 2000 04:51:13 -0300
Native configuration is alphaev6-unknown-linux-gnu
=== binutils tests ===
Running target unix
=== binutils Summary ===
# of expected passes 20
# of untested testcases 6
=== g++ tests ===
Running target unix
FAIL: g++.eh/badalloc1.C Execution test
FAIL: g++.other/crash18.C caused compiler crash
FAIL: g++.other/initstring.C (test for excess errors)
=== g++ Summary ===
# of expected passes 5925
# of unexpected failures 3
# of expected failures 93
# of untested testcases 18
/tmp/egcs/gcc/testsuite/../g++ version 2.96 20000703 (experimental)
=== g77 tests ===
Running target unix
=== g77 Summary ===
# of expected passes 967
# of expected failures 9
=== gas tests ===
Running target unix
FAIL: vtable inherit0
FAIL: vtable entry1
=== gas Summary ===
# of expected passes 62
# of unexpected failures 2
=== gcc tests ===
Running target unix
FAIL: gcc.c-torture/compile/920501-18.c, -O3 -fssa
FAIL: gcc.c-torture/execute/ieee/20000320-1.c execution, -O0
FAIL: gcc.c-torture/execute/ieee/20000320-1.c execution, -O1
FAIL: gcc.c-torture/execute/ieee/20000320-1.c execution, -O2
FAIL: gcc.c-torture/execute/ieee/20000320-1.c execution, -O3 -fomit-frame-pointer
FAIL: gcc.c-torture/execute/ieee/20000320-1.c execution, -O3 -g
FAIL: gcc.c-torture/execute/ieee/20000320-1.c execution, -O3 -fssa
FAIL: gcc.c-torture/execute/ieee/20000320-1.c execution, -Os
FAIL: gcc.c-torture/execute/ieee/fp-cmp-2.c execution, -O0
FAIL: gcc.c-torture/execute/ieee/fp-cmp-2.c execution, -O1
FAIL: gcc.c-torture/execute/ieee/fp-cmp-2.c execution, -O2
FAIL: gcc.c-torture/execute/ieee/fp-cmp-2.c execution, -O3 -fomit-frame-pointer
FAIL: gcc.c-torture/execute/ieee/fp-cmp-2.c execution, -O3 -fomit-frame-pointer -funroll-loops
FAIL: gcc.c-torture/execute/ieee/fp-cmp-2.c execution, -O3 -fomit-frame-pointer -funroll-all-loops -finline-functions
FAIL: gcc.c-torture/execute/ieee/fp-cmp-2.c execution, -O3 -g
FAIL: gcc.c-torture/execute/ieee/fp-cmp-2.c execution, -O3 -fssa
FAIL: gcc.c-torture/execute/ieee/fp-cmp-2.c execution, -Os
FAIL: gcc.c-torture/execute/ieee/fp-cmp-4.c execution, -O0
FAIL: gcc.c-torture/execute/ieee/fp-cmp-4.c execution, -O1
FAIL: gcc.c-torture/execute/ieee/fp-cmp-4.c execution, -O2
FAIL: gcc.c-torture/execute/ieee/fp-cmp-4.c execution, -O3 -fomit-frame-pointer
FAIL: gcc.c-torture/execute/ieee/fp-cmp-4.c execution, -O3 -fomit-frame-pointer -funroll-loops
FAIL: gcc.c-torture/execute/ieee/fp-cmp-4.c execution, -O3 -fomit-frame-pointer -funroll-all-loops -finline-functions
FAIL: gcc.c-torture/execute/ieee/fp-cmp-4.c execution, -O3 -g
FAIL: gcc.c-torture/execute/ieee/fp-cmp-4.c execution, -O3 -fssa
FAIL: gcc.c-torture/execute/ieee/fp-cmp-4.c execution, -Os
FAIL: gcc.c-torture/execute/ieee/mzero2.c execution, -O0
FAIL: gcc.c-torture/execute/ieee/mzero2.c execution, -O1
FAIL: gcc.c-torture/execute/ieee/mzero2.c execution, -O2
FAIL: gcc.c-torture/execute/ieee/mzero2.c execution, -O3 -fomit-frame-pointer
FAIL: gcc.c-torture/execute/ieee/mzero2.c execution, -O3 -g
FAIL: gcc.c-torture/execute/ieee/mzero2.c execution, -O3 -fssa
FAIL: gcc.c-torture/execute/ieee/mzero2.c execution, -Os
XPASS: gcc.c-torture/execute/memcheck/blkarg.c execution, -O0
XPASS: gcc.c-torture/execute/memcheck/blkarg.c execution, -O1
XPASS: gcc.c-torture/execute/memcheck/blkarg.c execution, -O2
XPASS: gcc.c-torture/execute/memcheck/blkarg.c execution, -Os
FAIL: gcc.dg/compare2.c case 10 (test for bogus messages, line 29)
FAIL: gcc.dg/noreturn-1.c this function should not get any warnings (test for bogus messages, line 52)
FAIL: gcc.dg/noreturn-1.c detect return from tail call (test for warnings, line 59)
FAIL: gcc.dg/noncompile/920923-1.c (test for excess errors)
=== gcc Summary ===
# of expected passes 11430
# of unexpected failures 37
# of unexpected successes 4
# of expected failures 30
# of unsupported tests 35
/tmp/egcs/gcc/xgcc version 2.96 20000703 (experimental)
=== ld tests ===
Running target unix
FAIL: selective3
=== ld Summary ===
# of expected passes 43
# of unexpected failures 1
# of expected failures 2
# of unresolved testcases 1
=== libg++ tests ===
Running target unix
FAIL: tBag.cc compilation
FAIL: tDeque.cc compilation
FAIL: tMap.cc compilation
FAIL: tPQ.cc compilation
FAIL: tPlex.cc compilation
FAIL: tQueue.cc compilation
FAIL: tSet.cc compilation
FAIL: tStack.cc compilation
=== libg++ Summary ===
# of expected passes 48
# of unexpected failures 8
# of expected failures 16
=== libio tests ===
Running target unix
=== libio Summary ===
# of expected passes 40
=== libstdc++ tests ===
Running target unix
=== libstdc++ Summary ===
# of expected passes 30
=== objc tests ===
Running target unix
FAIL: objc/execute/bf-1.m compilation, -O
FAIL: objc/execute/bf-10.m compilation, -O
FAIL: objc/execute/bf-11.m compilation, -O
FAIL: objc/execute/bf-12.m compilation, -O
FAIL: objc/execute/bf-13.m compilation, -O
FAIL: objc/execute/bf-14.m compilation, -O
FAIL: objc/execute/bf-15.m compilation, -O
FAIL: objc/execute/bf-16.m compilation, -O
FAIL: objc/execute/bf-17.m compilation, -O
FAIL: objc/execute/bf-18.m compilation, -O
FAIL: objc/execute/bf-19.m compilation, -O
FAIL: objc/execute/bf-2.m compilation, -O
FAIL: objc/execute/bf-20.m compilation, -O
FAIL: objc/execute/bf-3.m compilation, -O
FAIL: objc/execute/bf-4.m compilation, -O
FAIL: objc/execute/bf-5.m compilation, -O
FAIL: objc/execute/bf-6.m compilation, -O
FAIL: objc/execute/bf-7.m compilation, -O
FAIL: objc/execute/bf-8.m compilation, -O
FAIL: objc/execute/bf-9.m compilation, -O
=== objc Summary ===
# of unexpected failures 20
# of untested testcases 20
/tmp/egcs/gcc/xgcc version 2.96 20000703 (experimental)
Compiler version: 2.96 20000703 (experimental)
Platform: alphaev6-unknown-linux-gnu
BOOT_CFLAGS: -g -O9 -W -Wall
Counting all warnings,
there are 464 warnings in stage3 of this bootstrap.
Number of warnings per file:
284 /home/lsd/oliva/src/egcs/gcc/f/intdoc.in
36 /home/lsd/oliva/src/egcs/libobjc/objc/hash.h
26 cc1plus
17 configure
16 /home/lsd/oliva/src/egcs/libiberty/pexecute.c
6 Makefile
6 /home/lsd/oliva/src/egcs/gcc/libgcc2.c
5 /home/lsd/oliva/src/egcs/gcc/c-decl.c
4 /usr/include/bits/mathinline.h
4 /home/lsd/oliva/src/egcs/libobjc/selector.c
4 /home/lsd/oliva/src/egcs/libobjc/objects.c
4 /home/lsd/oliva/src/egcs/libobjc/archive.c
4 /home/lsd/oliva/src/egcs/libiberty/xexit.c
4 /home/lsd/oliva/src/egcs/libiberty/cp-demangle.c
4 /home/lsd/oliva/src/egcs/libg++/src/AllocRing.cc
4 /home/lsd/oliva/src/egcs/gcc/gcc.c
3 /home/lsd/oliva/src/egcs/gcc/cpplex.c
3 /home/lsd/oliva/src/egcs/gcc/combine.c
2 f/intdoc.h0
2 /home/lsd/oliva/src/egcs/libffi/src/java_raw_api.c
2 /home/lsd/oliva/src/egcs/gcc/regrename.c
2 /home/lsd/oliva/src/egcs/gcc/config/alpha/alpha.c
2 /home/lsd/oliva/src/egcs/gcc/c-common.c
2 /home/lsd/oliva/src/egcs/boehm-gc/mark_rts.c
1 cxxmain.c
1 /home/lsd/oliva/src/egcs/gcc/tree.c
1 /home/lsd/oliva/src/egcs/gcc/rtl.c
1 /home/lsd/oliva/src/egcs/gcc/loop.c
1 /home/lsd/oliva/src/egcs/gcc/java/jcf-write.c
1 /home/lsd/oliva/src/egcs/gcc/java/class.c
1 /home/lsd/oliva/src/egcs/gcc/intl/dcgettext.c
1 /home/lsd/oliva/src/egcs/gcc/gcse.c
1 /home/lsd/oliva/src/egcs/gcc/fold-const.c
1 /home/lsd/oliva/src/egcs/gcc/f/expr.c
1 /home/lsd/oliva/src/egcs/gcc/f/com.c
1 /home/lsd/oliva/src/egcs/gcc/cppfiles.c
1 /home/lsd/oliva/src/egcs/gcc/cp/semantics.c
1 /home/lsd/oliva/src/egcs/gcc/cp/error.c
1 /home/lsd/oliva/src/egcs/gcc/cp/errfn.c
1 /home/lsd/oliva/src/egcs/gcc/cp/cfns.h
1 /home/lsd/oliva/src/egcs/gcc/convert.c
1 /home/lsd/oliva/src/egcs/gcc/collect2.c
Number of warning types:
285 Use of ANSI string concatenation
54 implicit declaration of function `???'
26 Ignoring command line option '-Wstrict-prototypes'
12 variable `???' might be clobbered by `longjmp' or `vfork'
8 function declaration isn't a prototype
8 comparison between signed and unsigned
8 `???' might be used uninitialized in this function
8 ***********************************************************
6 unused parameter `???'
6 no previous prototype for `???'
5 `???' script is too old or missing
4 deleting `???' is undefined
4 `???' defined but not used
3 passing arg ??? of `???' from incompatible pointer type
3 overriding commands for target `???'
3 ignoring old commands for target `???'
3 `noreturn' function does return
2 trigraph ??/ ignored
2 then use the most recent one - libffi-1.20.
2 signed and unsigned type in conditional expression
2 function returns address of local variable
2 assignment makes pointer from integer without a cast
2 This is beta code. If you're looking for a stable release
2 # followed by integer
1 unused variable `???'
1 trigraph ??= ignored
1 pointer targets in passing arg ??? of `???' differ in signedness
1 function macro strcmp must be used with arguments in traditional C