This is the mail archive of the gcc-testresults@gcc.gnu.org mailing list for the GCC project.
Index Nav: | [Date Index] [Subject Index] [Author Index] [Thread Index] | |
---|---|---|
Message Nav: | [Date Prev] [Date Next] | [Thread Prev] [Thread Next] |
Native configuration is i686-pc-linux-gnu === g++ tests === Running target unix XPASS: g++.brendan/parse4.C - referenced below (test for bogus messages, line 15) FAIL: g++.eh/badalloc1.C Execution test FAIL: g++.ext/instantiate1.C not instantiated (test for errors, line 18) FAIL: g++.ext/instantiate1.C not instantiated (test for errors, line 20) FAIL: g++.law/ctors10.C (test for excess errors) FAIL: g++.law/virtual3.C (test for excess errors) FAIL: g++.law/weak.C (test for excess errors) FAIL: g++.mike/p755.C Execution test FAIL: g++.mike/p755a.C Execution test FAIL: g++.mike/p9706.C Execution test FAIL: g++.ns/new1.C (test for excess errors) FAIL: g++.other/eh1.C caused compiler crash FAIL: g++.other/initstring.C (test for excess errors) FAIL: g++.other/new3.C Execution test FAIL: g++.other/null2.C (test for excess errors) FAIL: g++.other/type.C caused compiler crash FAIL: g++.robertl/eb124.C (test for excess errors) FAIL: g++.robertl/eb130.C (test for excess errors) FAIL: g++.robertl/eb28.C (test for excess errors) FAIL: g++.robertl/eb29.C (test for excess errors) FAIL: g++.robertl/eb44.C (test for excess errors) XPASS: g++.robertl/eb55.C (test for excess errors) FAIL: g++.robertl/eb77.C (test for excess errors) === g++ Summary === # of expected passes 5873 # of unexpected failures 21 # of unexpected successes 2 # of expected failures 100 # of untested testcases 8 /work/build/gnu/bin/gcc-3.0-libstdc++v3/gcc/testsuite/../g++ version 2.96 20000616 (experimental) === g77 tests === Running target unix FAIL: g77.f-torture/execute/short.f execution, -Os === g77 Summary === # of expected passes 957 # of unexpected failures 1 # of expected failures 9 === objc tests === Running target unix === objc Summary === # of expected passes 40 /work/build/gnu/bin/gcc-3.0-libstdc++v3/gcc/xgcc version 2.96 20000616 (experimental) === gcc tests === Running target unix FAIL: gcc.c-torture/execute/20000225-1.c execution, -O2 FAIL: gcc.c-torture/execute/20000225-1.c execution, -O3 -fomit-frame-pointer FAIL: gcc.c-torture/execute/20000225-1.c execution, -O3 -fomit-frame-pointer -funroll-loops FAIL: gcc.c-torture/execute/20000225-1.c execution, -O3 -fomit-frame-pointer -funroll-all-loops -finline-functions FAIL: gcc.c-torture/execute/20000225-1.c execution, -O3 -g FAIL: gcc.c-torture/execute/20000225-1.c execution, -O3 -fssa FAIL: gcc.c-torture/execute/20000225-1.c execution, -Os FAIL: gcc.c-torture/execute/20000412-2.c execution, -O2 FAIL: gcc.c-torture/execute/20000412-2.c execution, -O3 -fomit-frame-pointer FAIL: gcc.c-torture/execute/20000412-2.c execution, -O3 -g FAIL: gcc.c-torture/execute/20000412-2.c execution, -O3 -fssa FAIL: gcc.c-torture/execute/20000412-2.c execution, -Os FAIL: gcc.c-torture/execute/20000419-1.c execution, -O2 FAIL: gcc.c-torture/execute/20000419-1.c execution, -Os FAIL: gcc.c-torture/execute/ieee/920810-1.c execution, -O1 FAIL: gcc.c-torture/execute/ieee/920810-1.c execution, -O2 FAIL: gcc.c-torture/execute/ieee/920810-1.c execution, -O3 -fomit-frame-pointer FAIL: gcc.c-torture/execute/ieee/920810-1.c execution, -O3 -g FAIL: gcc.c-torture/execute/ieee/920810-1.c execution, -O3 -fssa FAIL: gcc.c-torture/execute/ieee/920810-1.c execution, -Os FAIL: gcc.dg/20000503-1.c (test for excess errors) FAIL: gcc.dg/20000614-1.c execution test FAIL: gcc.dg/20000614-2.c execution test FAIL: gcc.dg/991214-1.c (test for excess errors) FAIL: gcc.dg/compare2.c case 10 (test for bogus messages, line 29) FAIL: gcc.dg/noreturn-1.c this function should not get any warnings (test for bogus messages, line 52) FAIL: gcc.dg/noreturn-1.c detect return from tail call (test for warnings, line 59) FAIL: gcc.dg/noreturn-2.c noreturn does return (test for bogus messages, line 12) === gcc Summary === # of expected passes 11562 # of unexpected failures 28 # of expected failures 35 # of unsupported tests 14 /work/build/gnu/bin/gcc-3.0-libstdc++v3/gcc/xgcc version 2.96 20000616 (experimental) Compiler version: 2.96 20000616 (experimental) Platform: i686-pc-linux-gnu configure flags: --host=i686-pc-linux --enable-shared --enable-threads=posix --enable-libstdcxx-v3 --enable-cpp --disable-checking --prefix=/opt/gcc-3.0-v3 --with-local-prefix=/usr/local
Index Nav: | [Date Index] [Subject Index] [Author Index] [Thread Index] | |
---|---|---|
Message Nav: | [Date Prev] [Date Next] | [Thread Prev] [Thread Next] |