This is the mail archive of the
gcc-testresults@gcc.gnu.org
mailing list for the GCC project.
Results for 2.96 20000530 (experimental) testsuite on i586-pc-linux-gnu
- To: gcc-testresults at gcc dot gnu dot org
- Subject: Results for 2.96 20000530 (experimental) testsuite on i586-pc-linux-gnu
- From: Alexandre Oliva <oliva at lsd dot ic dot unicamp dot br>
- Date: Mon, 5 Jun 2000 21:36:50 -0300
Native configuration is i586-pc-linux-gnu
=== binutils tests ===
Running target unix
=== binutils Summary ===
# of expected passes 26
=== g++ tests ===
Running target unix
FAIL: g++.oliva/template7.C caused compiler crash
=== g++ Summary ===
# of expected passes 5869
# of unexpected failures 1
# of expected failures 94
# of untested testcases 8
/l/tmp/egcs/gcc/testsuite/../g++ version 2.96 20000530 (experimental)
=== g77 tests ===
Running target unix
FAIL: g77.f-torture/execute/20000503-1.f execution, -O0
FAIL: g77.f-torture/execute/20000503-1.f execution, -O1
FAIL: g77.f-torture/execute/20000503-1.f execution, -O2
FAIL: g77.f-torture/execute/20000503-1.f execution, -O2 -fomit-frame-pointer -finline-functions
FAIL: g77.f-torture/execute/20000503-1.f execution, -O2 -fomit-frame-pointer -finline-functions -funroll-loops
FAIL: g77.f-torture/execute/20000503-1.f execution, -O2 -fomit-frame-pointer -finline-functions -funroll-all-loops
FAIL: g77.f-torture/execute/20000503-1.f execution, -O3 -g
FAIL: g77.f-torture/execute/20000503-1.f execution, -O3 -fssa
FAIL: g77.f-torture/execute/20000503-1.f execution, -Os
FAIL: g77.f-torture/execute/short.f execution, -Os
=== g77 Summary ===
# of expected passes 948
# of unexpected failures 10
=== gas tests ===
Running target unix
=== gas Summary ===
# of expected passes 77
=== gcc tests ===
Running target unix
FAIL: gcc.c-torture/execute/20000225-1.c execution, -O2
FAIL: gcc.c-torture/execute/20000225-1.c execution, -O3 -fomit-frame-pointer
FAIL: gcc.c-torture/execute/20000225-1.c execution, -O3 -fomit-frame-pointer -funroll-loops
FAIL: gcc.c-torture/execute/20000225-1.c execution, -O3 -fomit-frame-pointer -funroll-all-loops -finline-functions
FAIL: gcc.c-torture/execute/20000225-1.c execution, -O3 -g
FAIL: gcc.c-torture/execute/20000225-1.c execution, -O3 -fssa
FAIL: gcc.c-torture/execute/20000225-1.c execution, -Os
FAIL: gcc.c-torture/execute/20000412-2.c execution, -O2
FAIL: gcc.c-torture/execute/20000412-2.c execution, -O3 -fomit-frame-pointer
FAIL: gcc.c-torture/execute/20000412-2.c execution, -O3 -g
FAIL: gcc.c-torture/execute/20000412-2.c execution, -O3 -fssa
FAIL: gcc.c-torture/execute/20000412-2.c execution, -Os
FAIL: gcc.c-torture/execute/20000419-1.c execution, -O2
FAIL: gcc.c-torture/execute/20000419-1.c execution, -Os
FAIL: gcc.dg/20000503-1.c (test for excess errors)
FAIL: gcc.dg/991214-1.c (test for excess errors)
FAIL: gcc.dg/compare2.c case 10 (test for bogus messages, line 29)
FAIL: gcc.dg/compare2.c case 12 (test for bogus messages, line 33)
FAIL: gcc.dg/noreturn-1.c this function should not get any warnings (test for bogus messages, line 52)
FAIL: gcc.dg/noreturn-1.c detect return from tail call (test for warnings, line 59)
FAIL: gcc.dg/noreturn-2.c (test for excess errors)
=== gcc Summary ===
# of expected passes 11448
# of unexpected failures 21
# of expected failures 34
# of unsupported tests 14
/l/tmp/egcs/gcc/xgcc version 2.96 20000530 (experimental)
=== ld tests ===
Running target unix
=== ld Summary ===
# of expected passes 53
=== libg++ tests ===
Running target unix
=== libg++ Summary ===
# of expected passes 72
=== libio tests ===
Running target unix
=== libio Summary ===
# of expected passes 40
=== libstdc++ tests ===
Running target unix
=== libstdc++ Summary ===
# of expected passes 30
=== objc tests ===
Running target unix
FAIL: objc/execute/bf-1.m compilation, -O
FAIL: objc/execute/bf-10.m compilation, -O
FAIL: objc/execute/bf-11.m compilation, -O
FAIL: objc/execute/bf-12.m compilation, -O
FAIL: objc/execute/bf-13.m compilation, -O
FAIL: objc/execute/bf-14.m compilation, -O
FAIL: objc/execute/bf-15.m compilation, -O
FAIL: objc/execute/bf-16.m compilation, -O
FAIL: objc/execute/bf-17.m compilation, -O
FAIL: objc/execute/bf-18.m compilation, -O
FAIL: objc/execute/bf-19.m compilation, -O
FAIL: objc/execute/bf-2.m compilation, -O
FAIL: objc/execute/bf-20.m compilation, -O
FAIL: objc/execute/bf-3.m compilation, -O
FAIL: objc/execute/bf-4.m compilation, -O
FAIL: objc/execute/bf-5.m compilation, -O
FAIL: objc/execute/bf-6.m compilation, -O
FAIL: objc/execute/bf-7.m compilation, -O
FAIL: objc/execute/bf-8.m compilation, -O
FAIL: objc/execute/bf-9.m compilation, -O
=== objc Summary ===
# of unexpected failures 20
# of untested testcases 20
/l/tmp/egcs/gcc/xgcc version 2.96 20000530 (experimental)
Compiler version: 2.96 20000530 (experimental)
Platform: i586-pc-linux-gnu
BOOT_CFLAGS: -g -O9 -W -Wall
Counting all warnings,
there are 294 warnings in stage3 of this bootstrap.
Number of warnings per file:
90 /home/lsd/oliva/src/egcs/gcc/regclass.c
33 /home/lsd/oliva/src/egcs/gcc/reload1.c
30 /home/lsd/oliva/src/egcs/gcc/combine.c
13 cc1plus
10 /home/lsd/oliva/src/egcs/libiberty/pexecute.c
10 /home/lsd/oliva/src/egcs/gcc/reg-stack.c
9 configure
8 /home/lsd/oliva/src/egcs/gcc/expr.c
6 /home/lsd/oliva/src/egcs/gcc/reload.c
6 /home/lsd/oliva/src/egcs/gcc/collect2.c
5 /home/lsd/oliva/src/egcs/gcc/diagnostic.c
5 /home/lsd/oliva/src/egcs/gcc/cse.c
4 cxxmain.c
4 Makefile
4 /usr/include/ctype.h
4 /home/lsd/oliva/src/egcs/libg++/src/AllocRing.cc
3 /home/lsd/oliva/src/egcs/gcc/regrename.c
3 /home/lsd/oliva/src/egcs/gcc/gcc.c
3 /home/lsd/oliva/src/egcs/gcc/cpplex.c
3 /home/lsd/oliva/src/egcs/gcc/cp/decl.c
2 /home/lsd/oliva/src/egcs/gcc/regmove.c
2 /home/lsd/oliva/src/egcs/gcc/libgcc2.c
2 /home/lsd/oliva/src/egcs/gcc/java/jcf-parse.c
2 /home/lsd/oliva/src/egcs/gcc/java/expr.c
2 /home/lsd/oliva/src/egcs/gcc/ifcvt.c
2 /home/lsd/oliva/src/egcs/gcc/gengenrtl.c
2 /home/lsd/oliva/src/egcs/gcc/function.c
2 /home/lsd/oliva/src/egcs/gcc/fold-const.c
2 /home/lsd/oliva/src/egcs/gcc/cp/class.c
2 /home/lsd/oliva/src/egcs/gcc/config/i386/i386.c
2 /home/lsd/oliva/src/egcs/gcc/calls.c
2 /home/lsd/oliva/src/egcs/gcc/alias.c
1 /home/lsd/oliva/src/egcs/gcc/toplev.c
1 /home/lsd/oliva/src/egcs/gcc/loop.c
1 /home/lsd/oliva/src/egcs/gcc/java/jvgenmain.c
1 /home/lsd/oliva/src/egcs/gcc/java/jcf-write.c
1 /home/lsd/oliva/src/egcs/gcc/java/jcf-io.c
1 /home/lsd/oliva/src/egcs/gcc/gcse.c
1 /home/lsd/oliva/src/egcs/gcc/f/expr.c
1 /home/lsd/oliva/src/egcs/gcc/expmed.c
1 /home/lsd/oliva/src/egcs/gcc/emit-rtl.c
1 /home/lsd/oliva/src/egcs/gcc/dwarfout.c
1 /home/lsd/oliva/src/egcs/gcc/cp/error.c
1 /home/lsd/oliva/src/egcs/gcc/cp/errfn.c
1 /home/lsd/oliva/src/egcs/gcc/cp/decl2.c
1 /home/lsd/oliva/src/egcs/gcc/cp/cfns.h
1 /home/lsd/oliva/src/egcs/gcc/ch/decl.c
1 /home/lsd/oliva/src/egcs/gcc/bb-reorder.c
1 /home/lsd/oliva/src/egcs/boehm-gc/mark_rts.c
Number of warning types:
136 signed and unsigned type in conditional expression
61 comparison between signed and unsigned
13 `noreturn' function does return
13 Ignoring command line option '-Wstrict-prototypes'
11 control reaches end of non-void function
11 `???' might be used uninitialized in this function
8 variable `???' might be clobbered by `longjmp' or `vfork'
5 `???' in identifier
4 function declaration isn't a prototype
4 `???' is not a pointer-to-object type
4 ***********************************************************
3 `???' script is too old or missing
2 trigraph ??/ ignored
2 traditional C rejects function macro __toupper_l in non-function context
2 traditional C rejects function macro __tolower_l in non-function context
2 passing arg ??? of `???' from incompatible pointer type
2 overriding commands for target `???'
2 ignoring old commands for target `???'
1 trigraph ??= ignored
1 then use the most recent one - libffi-1.20.
1 pointer targets in passing arg ??? of `???' differ in signedness
1 passing arg ??? of `???' discards qualifiers from pointer target type
1 no previous prototype for `???'
1 function returns address of local variable
1 empty body in an if-statement
1 assignment discards qualifiers from pointer target type
1 This is beta code. If you're looking for a stable release