This is the mail archive of the
gcc-testresults@gcc.gnu.org
mailing list for the GCC project.
Results for 2.96 20000531 (experimental) testsuite on i686-pc-linux-gnu
- To: gcc-testresults at gcc dot gnu dot org
- Subject: Results for 2.96 20000531 (experimental) testsuite on i686-pc-linux-gnu
- From: "Kaveh R. Ghazi" <ghazi at caip dot rutgers dot edu>
- Date: Thu, 1 Jun 2000 10:35:25 -0400 (EDT)
Native configuration is i686-pc-linux-gnu
=== libio tests ===
Running target unix
FAIL: tFile.cc execution
FAIL: tFile.cc execution -b0
FAIL: tFile.cc execution -b3
FAIL: tiomanip.cc execution
=== libio Summary ===
# of expected passes 32
# of unexpected failures 4
# of expected failures 4
=== libstdc++ tests ===
Running target unix
FAIL: tmap.cc -O execution
FAIL: tlist.cc -O execution
FAIL: tcomplex.cc output
FAIL: tcomplex.cc -O execution
=== libstdc++ Summary ===
# of expected passes 23
# of unexpected failures 4
# of expected failures 3
=== gcc tests ===
Running target unix
FAIL: gcc.c-torture/execute/20000225-1.c execution, -O2
FAIL: gcc.c-torture/execute/20000225-1.c execution, -O3 -fomit-frame-pointer
FAIL: gcc.c-torture/execute/20000225-1.c execution, -O3 -fomit-frame-pointer -funroll-loops
FAIL: gcc.c-torture/execute/20000225-1.c execution, -O3 -fomit-frame-pointer -funroll-all-loops -finline-functions
FAIL: gcc.c-torture/execute/20000225-1.c execution, -O3 -g
FAIL: gcc.c-torture/execute/20000225-1.c execution, -O3 -fssa
FAIL: gcc.c-torture/execute/20000225-1.c execution, -Os
FAIL: gcc.c-torture/execute/20000412-2.c execution, -O2
FAIL: gcc.c-torture/execute/20000412-2.c execution, -O3 -fomit-frame-pointer
FAIL: gcc.c-torture/execute/20000412-2.c execution, -O3 -g
FAIL: gcc.c-torture/execute/20000412-2.c execution, -O3 -fssa
FAIL: gcc.c-torture/execute/20000412-2.c execution, -Os
FAIL: gcc.c-torture/execute/20000419-1.c execution, -O2
FAIL: gcc.c-torture/execute/20000419-1.c execution, -Os
FAIL: gcc.c-torture/execute/920411-1.c execution, -O2
FAIL: gcc.c-torture/execute/920411-1.c execution, -O3 -fomit-frame-pointer
FAIL: gcc.c-torture/execute/920411-1.c execution, -O3 -fomit-frame-pointer -funroll-loops
FAIL: gcc.c-torture/execute/920411-1.c execution, -O3 -fomit-frame-pointer -funroll-all-loops -finline-functions
FAIL: gcc.c-torture/execute/920411-1.c execution, -O3 -g
FAIL: gcc.c-torture/execute/920411-1.c execution, -O3 -fssa
FAIL: gcc.c-torture/execute/920411-1.c execution, -Os
FAIL: gcc.dg/20000503-1.c (test for excess errors)
FAIL: gcc.dg/991214-1.c (test for excess errors)
FAIL: gcc.dg/compare2.c case 10 (test for bogus messages, line 29)
FAIL: gcc.dg/compare2.c case 12 (test for bogus messages, line 33)
FAIL: gcc.dg/noreturn-1.c this function should not get any warnings (test for bogus messages, line 52)
FAIL: gcc.dg/noreturn-1.c detect return from tail call (test for warnings, line 59)
FAIL: gcc.dg/noreturn-2.c (test for excess errors)
FAIL: gcc.dg/special/weak-1.c execution test
=== gcc Summary ===
# of expected passes 11438
# of unexpected failures 29
# of expected failures 34
# of unsupported tests 15
/home/ghazi/gcc-testing/build/gcc/xgcc version 2.96 20000531 (experimental)
=== g++ tests ===
Running target unix
FAIL: g++.dg/special/conpr-1.C execution test
FAIL: g++.dg/special/conpr-2.C execution test
FAIL: g++.dg/special/conpr-3.C execution test
FAIL: g++.dg/special/conpr-3.C execution test
FAIL: g++.brendan/static1.C .* (test for errors, line 3)
FAIL: g++.brendan/static1.C .* (test for errors, line 4)
FAIL: g++.bugs/900213_01.C gets error from below (test for errors, line 14)
FAIL: g++.bugs/900213_01.C mishandled by g++ (test for errors, line 22)
FAIL: g++.ext/initp1.C Execution test
FAIL: g++.oliva/template7.C caused compiler crash
FAIL: g++.other/crash18.C (test for excess errors)
FAIL: g++.other/sizeof2.C member (test for errors, line 6)
FAIL: g++.other/sizeof2.C member (test for errors, line 7)
FAIL: g++.other/sizeof2.C non-static data member (test for errors, line 12)
FAIL: g++.other/sizeof2.C non-static data member (test for errors, line 13)
=== g++ Summary ===
# of expected passes 5851
# of unexpected failures 15
# of expected failures 94
# of untested testcases 8
/home/ghazi/gcc-testing/build/gcc/testsuite/../g++ version 2.96 20000531 (experimental)
=== g77 tests ===
Running target unix
FAIL: g77.f-torture/execute/20000503-1.f execution, -O0
FAIL: g77.f-torture/execute/20000503-1.f execution, -O1
FAIL: g77.f-torture/execute/20000503-1.f execution, -O2
FAIL: g77.f-torture/execute/20000503-1.f execution, -O2 -fomit-frame-pointer -finline-functions
FAIL: g77.f-torture/execute/20000503-1.f execution, -O2 -fomit-frame-pointer -finline-functions -funroll-loops
FAIL: g77.f-torture/execute/20000503-1.f execution, -O2 -fomit-frame-pointer -finline-functions -funroll-all-loops
FAIL: g77.f-torture/execute/20000503-1.f execution, -O3 -g
FAIL: g77.f-torture/execute/20000503-1.f execution, -O3 -fssa
FAIL: g77.f-torture/execute/20000503-1.f execution, -Os
FAIL: g77.f-torture/execute/short.f execution, -Os
=== g77 Summary ===
# of expected passes 948
# of unexpected failures 10
=== objc tests ===
Running target unix
=== objc Summary ===
# of expected passes 40
/home/ghazi/gcc-testing/build/gcc/xgcc version 2.96 20000531 (experimental)
Compiler version: 2.96 20000531 (experimental)
Platform: i686-pc-linux-gnu
configure flags: --with-gcc-version-trigger=/home/ghazi/gcc-testing/egcs-CVS20000531/gcc/version.c --host=i686-pc-linux-gnu --verbose --norecursion