This is the mail archive of the gcc-testresults@gcc.gnu.org mailing list for the GCC project.
Index Nav: | [Date Index] [Subject Index] [Author Index] [Thread Index] | |
---|---|---|
Message Nav: | [Date Prev] [Date Next] | [Thread Prev] [Thread Next] |
Native configuration is i586-sco-sysv5uw7.1.0 === libio tests === Running target unix === libio Summary for unix === # of expected passes 40 Running target unix/-march=i486 === libio Summary for unix/-march=i486 === # of expected passes 40 Running target unix/-march=i386 === libio Summary for unix/-march=i386 === # of expected passes 40 === libio Summary === # of expected passes 120 === libstdc++ tests === Running target unix === libstdc++ Summary for unix === # of expected passes 30 Running target unix/-march=i486 === libstdc++ Summary for unix/-march=i486 === # of expected passes 30 Running target unix/-march=i386 === libstdc++ Summary for unix/-march=i386 === # of expected passes 30 === libstdc++ Summary === # of expected passes 90 === gcc tests === Running target unix FAIL: gcc.c-torture/execute/20000225-1.c execution, -O2 FAIL: gcc.c-torture/execute/20000225-1.c execution, -O3 -fomit-frame-pointer FAIL: gcc.c-torture/execute/20000225-1.c execution, -O3 -fomit-frame-pointer -funroll-loops FAIL: gcc.c-torture/execute/20000225-1.c execution, -O3 -fomit-frame-pointer -funroll-all-loops -finline-functions FAIL: gcc.c-torture/execute/20000225-1.c execution, -O3 -g FAIL: gcc.c-torture/execute/20000225-1.c execution, -O3 -fssa FAIL: gcc.c-torture/execute/20000225-1.c execution, -Os FAIL: gcc.c-torture/execute/20000412-2.c execution, -O2 FAIL: gcc.c-torture/execute/20000412-2.c execution, -O3 -fomit-frame-pointer FAIL: gcc.c-torture/execute/20000412-2.c execution, -O3 -g FAIL: gcc.c-torture/execute/20000412-2.c execution, -O3 -fssa FAIL: gcc.c-torture/execute/20000412-2.c execution, -Os FAIL: gcc.c-torture/execute/20000419-1.c execution, -O2 FAIL: gcc.c-torture/execute/20000419-1.c execution, -Os FAIL: gcc.c-torture/special/eeprof-1.c compilation, -O0 FAIL: gcc.c-torture/special/eeprof-1.c compilation, -O1 FAIL: gcc.c-torture/special/eeprof-1.c compilation, -O2 FAIL: gcc.c-torture/special/eeprof-1.c compilation, -O3 -fomit-frame-pointer FAIL: gcc.c-torture/special/eeprof-1.c compilation, -O3 -g FAIL: gcc.c-torture/special/eeprof-1.c compilation, -O3 -fssa FAIL: gcc.c-torture/special/eeprof-1.c compilation, -Os FAIL: gcc.dg/20000503-1.c (test for excess errors) FAIL: gcc.dg/991214-1.c (test for excess errors) FAIL: gcc.dg/compare2.c case 10 (test for bogus messages, line 29) FAIL: gcc.dg/compare2.c case 12 (test for bogus messages, line 33) FAIL: gcc.dg/dwarf2-1.c (test for excess errors) FAIL: gcc.dg/noreturn-1.c this function should not get any warnings (test for bogus messages, line 52) FAIL: gcc.dg/noreturn-1.c detect return from tail call (test for warnings, line 59) FAIL: gcc.dg/noreturn-2.c (test for excess errors) === gcc Summary === # of expected passes 11412 # of unexpected failures 29 # of expected failures 27 # of unresolved testcases 10 # of unsupported tests 14 /devel/src/egcs-20000530.obj/gcc/xgcc version 2.96 20000530 (experimental) === g++ tests === Running target unix FAIL: g++.dg/special/conpr-1.C execution test FAIL: g++.dg/special/conpr-2.C execution test FAIL: g++.dg/special/conpr-3.C execution test FAIL: g++.dg/special/conpr-3.C execution test FAIL: g++.eh/spec2.C Execution test FAIL: g++.eh/spec3.C Execution test FAIL: g++.ext/initp1.C Execution test FAIL: g++.law/profile1.C (test for excess errors) FAIL: g++.mike/dyncast1.C Execution test FAIL: g++.mike/dyncast2.C Execution test FAIL: g++.mike/eh33.C Execution test FAIL: g++.mike/eh50.C Execution test FAIL: g++.mike/eh51.C Execution test FAIL: g++.oliva/template7.C caused compiler crash FAIL: g++.other/crash18.C (test for excess errors) FAIL: g++.other/ptrmem6.C (test for excess errors) FAIL: g++.pt/crash44.C (test for excess errors) XPASS: g++.pt/decl2.C ICE - (test for errors, line 8) === g++ Summary for unix === # of expected passes 5848 # of unexpected failures 17 # of unexpected successes 1 # of expected failures 90 # of untested testcases 14 Running target unix/-march=i486 FAIL: g++.dg/special/conpr-1.C execution test FAIL: g++.dg/special/conpr-2.C execution test FAIL: g++.dg/special/conpr-3.C execution test FAIL: g++.dg/special/conpr-3.C execution test FAIL: g++.eh/spec2.C Execution test FAIL: g++.eh/spec3.C Execution test FAIL: g++.ext/initp1.C Execution test FAIL: g++.law/profile1.C (test for excess errors) FAIL: g++.mike/dyncast1.C Execution test FAIL: g++.mike/dyncast2.C Execution test FAIL: g++.mike/eh33.C Execution test FAIL: g++.mike/eh50.C Execution test FAIL: g++.mike/eh51.C Execution test FAIL: g++.oliva/template7.C caused compiler crash FAIL: g++.other/crash18.C (test for excess errors) FAIL: g++.other/ptrmem6.C (test for excess errors) FAIL: g++.pt/crash44.C (test for excess errors) XPASS: g++.pt/decl2.C ICE - (test for errors, line 8) === g++ Summary for unix/-march=i486 === # of expected passes 5848 # of unexpected failures 17 # of unexpected successes 1 # of expected failures 90 # of untested testcases 14 Running target unix/-march=i386 FAIL: g++.dg/special/conpr-1.C execution test FAIL: g++.dg/special/conpr-2.C execution test FAIL: g++.dg/special/conpr-3.C execution test FAIL: g++.dg/special/conpr-3.C execution test FAIL: g++.eh/spec2.C Execution test FAIL: g++.eh/spec3.C Execution test FAIL: g++.ext/initp1.C Execution test FAIL: g++.law/profile1.C (test for excess errors) FAIL: g++.mike/dyncast1.C Execution test FAIL: g++.mike/dyncast2.C Execution test FAIL: g++.mike/eh33.C Execution test FAIL: g++.mike/eh50.C Execution test FAIL: g++.mike/eh51.C Execution test FAIL: g++.oliva/template7.C caused compiler crash FAIL: g++.other/crash18.C (test for excess errors) FAIL: g++.other/ptrmem6.C (test for excess errors) FAIL: g++.pt/crash44.C (test for excess errors) XPASS: g++.pt/decl2.C ICE - (test for errors, line 8) === g++ Summary for unix/-march=i386 === # of expected passes 5848 # of unexpected failures 17 # of unexpected successes 1 # of expected failures 90 # of untested testcases 14 === g++ Summary === # of expected passes 17544 # of unexpected failures 51 # of unexpected successes 3 # of expected failures 270 # of untested testcases 42 /devel/src/egcs-20000530.obj/gcc/testsuite/../g++ version 2.96 20000530 (experimental) === g77 tests === Running target unix FAIL: g77.f-torture/execute/20000503-1.f execution, -O0 FAIL: g77.f-torture/execute/20000503-1.f execution, -O1 FAIL: g77.f-torture/execute/20000503-1.f execution, -O2 FAIL: g77.f-torture/execute/20000503-1.f execution, -O2 -fomit-frame-pointer -finline-functions FAIL: g77.f-torture/execute/20000503-1.f execution, -O2 -fomit-frame-pointer -finline-functions -funroll-loops FAIL: g77.f-torture/execute/20000503-1.f execution, -O2 -fomit-frame-pointer -finline-functions -funroll-all-loops FAIL: g77.f-torture/execute/20000503-1.f execution, -O3 -g FAIL: g77.f-torture/execute/20000503-1.f execution, -O3 -fssa FAIL: g77.f-torture/execute/20000503-1.f execution, -Os FAIL: g77.f-torture/execute/short.f execution, -Os === g77 Summary for unix === # of expected passes 948 # of unexpected failures 10 Running target unix/-march=i486 FAIL: g77.f-torture/execute/20000503-1.f execution, -O0 FAIL: g77.f-torture/execute/20000503-1.f execution, -O1 FAIL: g77.f-torture/execute/20000503-1.f execution, -O2 FAIL: g77.f-torture/execute/20000503-1.f execution, -O2 -fomit-frame-pointer -finline-functions FAIL: g77.f-torture/execute/20000503-1.f execution, -O2 -fomit-frame-pointer -finline-functions -funroll-loops FAIL: g77.f-torture/execute/20000503-1.f execution, -O2 -fomit-frame-pointer -finline-functions -funroll-all-loops FAIL: g77.f-torture/execute/20000503-1.f execution, -O3 -g FAIL: g77.f-torture/execute/20000503-1.f execution, -O3 -fssa FAIL: g77.f-torture/execute/20000503-1.f execution, -Os FAIL: g77.f-torture/execute/short.f execution, -Os === g77 Summary for unix/-march=i486 === # of expected passes 948 # of unexpected failures 10 Running target unix/-march=i386 FAIL: g77.f-torture/execute/20000503-1.f execution, -O0 FAIL: g77.f-torture/execute/20000503-1.f execution, -O1 FAIL: g77.f-torture/execute/20000503-1.f execution, -O2 FAIL: g77.f-torture/execute/20000503-1.f execution, -O2 -fomit-frame-pointer -finline-functions FAIL: g77.f-torture/execute/20000503-1.f execution, -O2 -fomit-frame-pointer -finline-functions -funroll-loops FAIL: g77.f-torture/execute/20000503-1.f execution, -O2 -fomit-frame-pointer -finline-functions -funroll-all-loops FAIL: g77.f-torture/execute/20000503-1.f execution, -O3 -g FAIL: g77.f-torture/execute/20000503-1.f execution, -O3 -fssa FAIL: g77.f-torture/execute/20000503-1.f execution, -Os FAIL: g77.f-torture/execute/short.f execution, -Os === g77 Summary for unix/-march=i386 === # of expected passes 948 # of unexpected failures 10 === g77 Summary === # of expected passes 2844 # of unexpected failures 30 === objc tests === Running target unix === objc Summary for unix === # of expected passes 40 Running target unix/-march=i486 === objc Summary for unix/-march=i486 === # of expected passes 40 Running target unix/-march=i386 === objc Summary for unix/-march=i386 === # of expected passes 40 === objc Summary === # of expected passes 120 /devel/src/egcs-20000530.obj/gcc/xgcc version 2.96 20000530 (experimental) Compiler version: 2.96 20000530 (experimental) Platform: i586-sco-sysv5uw7.1.0 configure flags: --with-gcc-version-trigger=/devel/src/egcs-20000530/gcc/version.c --host=i586-sco-sysv5uw7.1.0 --norecursion Counting all warnings, there are 1362 warnings in stage3 of this bootstrap. Number of warnings per file: 192 ../../egcs-20000530/gcc/flow.c 146 ../../egcs-20000530/gcc/expr.c 122 ../../egcs-20000530/gcc/haifa-sched.c 98 ../../egcs-20000530/gcc/regclass.c 92 ../../egcs-20000530/gcc/config/i386/i386.c 76 ../../egcs-20000530/gcc/stmt.c 56 ../../egcs-20000530/gcc/bb-reorder.c 50 ../../egcs-20000530/gcc/gcse.c 40 ../../egcs-20000530/gcc/c-typeck.c 33 ../../egcs-20000530/gcc/reload1.c 33 ../../egcs-20000530/gcc/regrename.c 33 ../../egcs-20000530/gcc/basic-block.h 31 ../../egcs-20000530/gcc/varasm.c 30 ../../egcs-20000530/gcc/combine.c 28 ../../egcs-20000530/gcc/stor-layout.c 27 ../../egcs-20000530/gcc/except.c 21 ../../egcs-20000530/gcc/ifcvt.c 20 ../../egcs-20000530/gcc/lcm.c 19 ../../egcs-20000530/gcc/dwarfout.c 14 ../../egcs-20000530/gcc/toplev.c 14 ../../egcs-20000530/gcc/objc/objc-act.c 13 cc1plus 12 ../../egcs-20000530/gcc/ssa.c 12 ../../egcs-20000530/gcc/reg-stack.c 11 ../../egcs-20000530/gcc/sbitmap.c 11 ../../egcs-20000530/gcc/profile.c 11 ../../egcs-20000530/gcc/genrecog.c 10 ../../egcs-20000530/gcc/predict.c 8 ../../egcs-20000530/gcc/genoutput.c 6 ../../egcs-20000530/gcc/reload.c 6 ../../egcs-20000530/gcc/jump.c 6 ../../egcs-20000530/gcc/genattrtab.c 6 ../../egcs-20000530/gcc/c-lex.c 5 ../../egcs-20000530/gcc/scan-decls.c 5 ../../egcs-20000530/gcc/hash.c 5 ../../egcs-20000530/gcc/cse.c 5 ../../egcs-20000530/gcc/collect2.c 5 ../../../egcs-20000530/libiberty/pexecute.c 4 ../../egcs-20000530/gcc/tree.c 4 ../../egcs-20000530/gcc/optabs.c 4 ../../egcs-20000530/gcc/dwarf2out.c 3 ../../egcs-20000530/gcc/cpplex.c 2 ../../egcs-20000530/gcc/regmove.c 2 ../../egcs-20000530/gcc/libgcc2.c 2 ../../egcs-20000530/gcc/integrate.c 2 ../../egcs-20000530/gcc/gcc.c 2 ../../egcs-20000530/gcc/function.c 2 ../../egcs-20000530/gcc/fold-const.c 2 ../../egcs-20000530/gcc/fix-header.c 2 ../../egcs-20000530/gcc/calls.c 2 ../../egcs-20000530/gcc/alias.c 2 ../../../egcs-20000530/libiberty/setenv.c 2 ../../../egcs-20000530/libiberty/getopt.c 2 ../../../egcs-20000530/gcc/cp/class.c 1 ../../egcs-20000530/gcc/print-rtl.c 1 ../../egcs-20000530/gcc/loop.c 1 ../../egcs-20000530/gcc/final.c 1 ../../egcs-20000530/gcc/expmed.c 1 ../../../egcs-20000530/gcc/java/jcf-write.c 1 ../../../egcs-20000530/gcc/f/expr.c 1 ../../../egcs-20000530/gcc/cp/error.c 1 ../../../egcs-20000530/gcc/cp/errfn.c 1 ../../../egcs-20000530/gcc/cp/decl2.c 1 ../../../egcs-20000530/gcc/cp/decl.c 1 ../../../egcs-20000530/gcc/cp/cfns.h Number of warning types: 1079 traditional C rejects function macro index in non-function context 136 signed and unsigned type in conditional expression 84 comparison between signed and unsigned 13 Ignoring command line option '-Wstrict-prototypes' 11 `???' might be used uninitialized in this function 8 pointer targets in passing arg ??? of `???' differ in signedness 6 ??? format, ??? arg (arg ???) 5 `???' in identifier 4 variable `???' might be clobbered by `longjmp' or `vfork' 4 function declaration isn't a prototype 2 unused parameter `???' 2 trigraph ??/ ignored 2 passing arg ??? of `???' from incompatible pointer type 1 trigraph ??= ignored 1 suggest explicit braces to avoid ambiguous `else' 1 passing arg ??? of `???' discards qualifiers from pointer target type 1 no previous prototype for `???' 1 empty body in an if-statement 1 assignment discards qualifiers from pointer target type
Index Nav: | [Date Index] [Subject Index] [Author Index] [Thread Index] | |
---|---|---|
Message Nav: | [Date Prev] [Date Next] | [Thread Prev] [Thread Next] |