This is the mail archive of the
gcc-testresults@gcc.gnu.org
mailing list for the GCC project.
Results for 2.96 20000527 (experimental) testsuite on alphaev67-unknown-linux-gnu
- To: gcc-testresults at gcc dot gnu dot org
- Subject: Results for 2.96 20000527 (experimental) testsuite on alphaev67-unknown-linux-gnu
- From: Richard Henderson <rth at pooh dot twiddle dot net>
- Date: Sat, 27 May 2000 15:21:52 -0700
Native configuration is alphaev67-unknown-linux-gnu
=== libio tests ===
Running target unix
=== libio Summary ===
# of expected passes 40
=== libstdc++ tests ===
Running target unix
=== libstdc++ Summary ===
# of expected passes 30
=== gcc tests ===
Running target unix
FAIL: gcc.c-torture/execute/930529-1.c execution, -O3 -fomit-frame-pointer
FAIL: gcc.c-torture/execute/930529-1.c execution, -O3 -fomit-frame-pointer -funroll-loops
FAIL: gcc.c-torture/execute/930529-1.c execution, -O3 -fomit-frame-pointer -funroll-all-loops -finline-functions
FAIL: gcc.c-torture/execute/930529-1.c execution, -O3 -g
FAIL: gcc.c-torture/execute/930529-1.c execution, -O3 -fssa
XPASS: gcc.c-torture/execute/memcheck/blkarg.c execution, -O0
XPASS: gcc.c-torture/execute/memcheck/blkarg.c execution, -O1
XPASS: gcc.c-torture/execute/memcheck/blkarg.c execution, -O2
XPASS: gcc.c-torture/execute/memcheck/blkarg.c execution, -Os
FAIL: gcc.dg/compare2.c case 10 (test for bogus messages, line 29)
FAIL: gcc.dg/compare2.c case 12 (test for bogus messages, line 33)
FAIL: gcc.dg/noreturn-1.c this function should not get any warnings (test for bogus messages, line 52)
FAIL: gcc.dg/noreturn-1.c detect return from tail call (test for warnings, line 59)
=== gcc Summary ===
# of expected passes 11408
# of unexpected failures 9
# of unexpected successes 4
# of expected failures 30
# of unsupported tests 32
/home/rth/work/egcs/build/axp/gcc/xgcc version 2.96 20000527 (experimental)
=== g++ tests ===
Running target unix
FAIL: g++.law/profile1.C Execution test
FAIL: g++.oliva/template7.C caused compiler crash
FAIL: g++.other/crash18.C caused compiler crash
FAIL: g++.other/goto1.C (test for excess errors)
=== g++ Summary ===
# of expected passes 5846
# of unexpected failures 4
# of expected failures 92
# of untested testcases 18
/home/rth/work/egcs/build/axp/gcc/testsuite/../g++ version 2.96 20000527 (experimental)
=== g77 tests ===
Running target unix
FAIL: g77.f-torture/execute/20000503-1.f execution, -O0
FAIL: g77.f-torture/execute/20000503-1.f execution, -O1
FAIL: g77.f-torture/execute/20000503-1.f execution, -O2
FAIL: g77.f-torture/execute/20000503-1.f execution, -O2 -fomit-frame-pointer -finline-functions
FAIL: g77.f-torture/execute/20000503-1.f execution, -O2 -fomit-frame-pointer -finline-functions -funroll-loops
FAIL: g77.f-torture/execute/20000503-1.f execution, -O2 -fomit-frame-pointer -finline-functions -funroll-all-loops
FAIL: g77.f-torture/execute/20000503-1.f execution, -O3 -g
FAIL: g77.f-torture/execute/20000503-1.f execution, -O3 -fssa
FAIL: g77.f-torture/execute/20000503-1.f execution, -Os
=== g77 Summary ===
# of expected passes 949
# of unexpected failures 9
=== objc tests ===
Running target unix
=== objc Summary ===
# of expected passes 40
/home/rth/work/egcs/build/axp/gcc/xgcc version 2.96 20000527 (experimental)
Compiler version: 2.96 20000527 (experimental)
Platform: alphaev67-unknown-linux-gnu
configure flags: --with-gcc-version-trigger=/home/rth/work/egcs/egcs/gcc/version.c --host=alphaev67-unknown-linux-gnu --prefix=/usr/local/egcs --enable-checking=misc --norecursion