This is the mail archive of the gcc-testresults@gcc.gnu.org mailing list for the GCC project.
Index Nav: | [Date Index] [Subject Index] [Author Index] [Thread Index] | |
---|---|---|
Message Nav: | [Date Prev] [Date Next] | [Thread Prev] [Thread Next] |
Native configuration is i686-pc-cygwin === g++ tests === Running target unix FAIL: g++.dg/special/conpr-1.C (test for excess errors) FAIL: conpr-2a.o FAIL: conpr-3a.o FAIL: g++.brendan/eh1.C Execution test FAIL: g++.eh/catch3.C Execution test FAIL: g++.eh/catch3p.C Execution test FAIL: g++.eh/catch4.C Execution test FAIL: g++.eh/catch4p.C Execution test FAIL: g++.eh/catch5.C Execution test FAIL: g++.eh/catch5p.C Execution test FAIL: g++.eh/catch6.C Execution test FAIL: g++.eh/catch6p.C Execution test FAIL: g++.eh/catch7.C Execution test FAIL: g++.eh/catch7p.C Execution test FAIL: g++.eh/catch8.C Execution test FAIL: g++.eh/catch8p.C Execution test FAIL: g++.eh/catch9.C Execution test FAIL: g++.eh/catch9p.C Execution test FAIL: g++.eh/catchptr1.C Execution test FAIL: g++.eh/cleanup1.C Execution test FAIL: g++.eh/cleanup2.C Execution test FAIL: g++.eh/flow1.C Execution test FAIL: g++.eh/fntry1.C Execution test FAIL: g++.eh/new1.C Execution test FAIL: g++.eh/new2.C Execution test FAIL: g++.eh/pdel1.C Execution test FAIL: g++.eh/pdel2.C Execution test FAIL: g++.eh/ptr1.C Execution test FAIL: g++.eh/rethrow1.C Execution test FAIL: g++.eh/rethrow2.C Execution test FAIL: g++.eh/rethrow3.C Execution test FAIL: g++.eh/rethrow4.C Execution test FAIL: g++.eh/rethrow5.C Execution test FAIL: g++.eh/spec1.C Execution test FAIL: g++.eh/spec2.C Execution test FAIL: g++.eh/spec3.C Execution test FAIL: g++.eh/spec4.C Execution test FAIL: g++.eh/tmpl1.C Execution test FAIL: g++.eh/unwind1.C Execution test FAIL: g++.eh/vbase1.C Execution test FAIL: g++.eh/vbase2.C Execution test FAIL: g++.eh/vbase4.C Execution test FAIL: g++.ext/initp1.C (test for excess errors) FAIL: g++.jason/dcast3.C Execution test XPASS: g++.jason/template18.C (test for excess errors) XPASS: g++.jason/template18.C Execution test FAIL: g++.jason/thunk2.C (test for excess errors) === g77 tests === Running target unix FAIL: g77.f-torture/execute/20000503-1.f execution, -O0 FAIL: g77.f-torture/execute/20000503-1.f execution, -O1 FAIL: g77.f-torture/execute/20000503-1.f execution, -O2 FAIL: g77.f-torture/execute/20000503-1.f execution, -O2 -fomit-frame-pointer -finline-functions FAIL: g77.f-torture/execute/20000503-1.f execution, -O2 -fomit-frame-pointer -finline-functions -funroll-loops FAIL: g77.f-torture/execute/20000503-1.f execution, -O2 -fomit-frame-pointer -finline-functions -funroll-all-loops FAIL: g77.f-torture/execute/20000503-1.f execution, -Os FAIL: g77.f-torture/execute/short.f execution, -Os FAIL: g77.f-torture/execute/u77-test.f execution, -O0 FAIL: g77.f-torture/execute/u77-test.f execution, -O1 FAIL: g77.f-torture/execute/u77-test.f execution, -O2 FAIL: g77.f-torture/execute/u77-test.f execution, -O2 -fomit-frame-pointer -finline-functions FAIL: g77.f-torture/execute/u77-test.f execution, -O2 -fomit-frame-pointer -finline-functions -funroll-loops FAIL: g77.f-torture/execute/u77-test.f execution, -O2 -fomit-frame-pointer -finline-functions -funroll-all-loops FAIL: g77.f-torture/execute/u77-test.f execution, -Os === g77 Summary === # of expected passes 684 # of unexpected failures 15 === gcc tests === Running target unix FAIL: gcc.c-torture/execute/20000225-1.c execution, -O2 FAIL: gcc.c-torture/execute/20000225-1.c execution, -O3 -fomit-frame-pointer FAIL: gcc.c-torture/execute/20000225-1.c execution, -O3 -fomit-frame-pointer -funroll-loops FAIL: gcc.c-torture/execute/20000225-1.c execution, -O3 -fomit-frame-pointer -funroll-all-loops -finline-functions FAIL: gcc.c-torture/execute/20000225-1.c execution, -O3 -g FAIL: gcc.c-torture/execute/20000225-1.c execution, -Os FAIL: gcc.c-torture/execute/20000412-2.c execution, -O2 FAIL: gcc.c-torture/execute/20000412-2.c execution, -O3 -fomit-frame-pointer FAIL: gcc.c-torture/execute/20000412-2.c execution, -O3 -g FAIL: gcc.c-torture/execute/20000412-2.c execution, -Os FAIL: gcc.c-torture/execute/20000419-1.c execution, -O2 FAIL: gcc.c-torture/execute/20000419-1.c execution, -Os FAIL: gcc.c-torture/execute/991221-1.c execution, -O1 FAIL: gcc.c-torture/execute/991221-1.c execution, -O2 FAIL: gcc.c-torture/execute/991221-1.c execution, -O3 -fomit-frame-pointer FAIL: gcc.c-torture/execute/991221-1.c execution, -O3 -g FAIL: gcc.c-torture/execute/991221-1.c execution, -Os FAIL: gcc.c-torture/execute/ieee/rbug.c execution, -O0 FAIL: gcc.c-torture/execute/ieee/rbug.c execution, -O1 FAIL: gcc.c-torture/execute/ieee/rbug.c execution, -O2 FAIL: gcc.c-torture/execute/ieee/rbug.c execution, -Os FAIL: gcc.c-torture/special/981006-1.c (test for excess errors) FAIL: gcc.dg/990213-2.c (test for excess errors) FAIL: gcc.dg/990214-1.c (test for excess errors) FAIL: gcc.dg/991214-1.c (test for excess errors) FAIL: gcc.dg/compare2.c case 10 (test for bogus messages, line 29) FAIL: gcc.dg/compare2.c case 12 (test for bogus messages, line 33) FAIL: gcc.dg/cpp-if2.c wide charconst recognition (test for bogus messages, line 9) FAIL: gcc.dg/cpp-tradpaste.c (test for excess errors) FAIL: gcc.dg/noreturn-1.c this function should not get any warnings (test for bogus messages, line 50) FAIL: gcc.dg/noreturn-1.c detect return from tail call (test for warnings, line 57) FAIL: gcc.dg/noreturn-2.c (test for excess errors) FAIL: gcc.misc-tests/gcov-1.c execution test FAIL: gcov failed: spawn failed FAIL: gcc.misc-tests/gcov-2.c execution test (PRMS 8294) === gcc Summary === # of expected passes 9874 # of unexpected failures 35 # of expected failures 31 # of unsupported tests 17 e:/src/gnu/egcs/w2k/gcc/xgcc version 2.96 20000515 (experimental) === objc tests === Running target unix === objc Summary === # of expected passes 40 e:/src/gnu/egcs/w2k/gcc/xgcc version 2.96 20000515 (experimental) === libio tests === Running target unix === libio Summary === # of expected passes 40 === libstdc++ tests === Running target unix FAIL: tcomplex.cc execution FAIL: tcomplex.cc -O execution === libstdc++ Summary === # of expected passes 26 # of unexpected failures 2 # of expected failures 2 Compiler version: 2.96 20000515 (experimental) Platform: i686-pc-cygwin configure flags: --with-gcc-version-trigger=/src/gnu/egcs/gcc/version.c --host=i686-pc-cygwin --norecursion
Index Nav: | [Date Index] [Subject Index] [Author Index] [Thread Index] | |
---|---|---|
Message Nav: | [Date Prev] [Date Next] | [Thread Prev] [Thread Next] |