This is the mail archive of the
gcc-testresults@gcc.gnu.org
mailing list for the GCC project.
Results for 2.96 20000508 (experimental) testsuite on sparc-sun-solaris2.5
- To: gcc-testresults at gcc dot gnu dot org
- Subject: Results for 2.96 20000508 (experimental) testsuite on sparc-sun-solaris2.5
- From: Alexandre Oliva <oliva at lsd dot ic dot unicamp dot br>
- Date: Wed, 10 May 2000 00:41:03 -0300
Native configuration is sparc-sun-solaris2.5
=== binutils tests ===
Running target unix
=== binutils Summary ===
# of expected passes 26
=== g77 tests ===
Running target unix
FAIL: g77.f-torture/execute/20000503-1.f execution, -O0
FAIL: g77.f-torture/execute/20000503-1.f execution, -O1
FAIL: g77.f-torture/execute/20000503-1.f execution, -O2
FAIL: g77.f-torture/execute/20000503-1.f execution, -O2 -fomit-frame-pointer -finline-functions
FAIL: g77.f-torture/execute/20000503-1.f execution, -O2 -fomit-frame-pointer -finline-functions -funroll-loops
FAIL: g77.f-torture/execute/20000503-1.f execution, -O2 -fomit-frame-pointer -finline-functions -funroll-all-loops
FAIL: g77.f-torture/execute/20000503-1.f execution, -Os
FAIL: g77.f-torture/execute/u77-test.f execution, -O0
FAIL: g77.f-torture/execute/u77-test.f execution, -O1
FAIL: g77.f-torture/execute/u77-test.f execution, -O2
FAIL: g77.f-torture/execute/u77-test.f execution, -O2 -fomit-frame-pointer -finline-functions
FAIL: g77.f-torture/execute/u77-test.f execution, -O2 -fomit-frame-pointer -finline-functions -funroll-loops
FAIL: g77.f-torture/execute/u77-test.f execution, -O2 -fomit-frame-pointer -finline-functions -funroll-all-loops
FAIL: g77.f-torture/execute/u77-test.f execution, -Os
=== g77 Summary ===
# of expected passes 669
# of unexpected failures 14
=== gas tests ===
Running target unix
=== gas Summary ===
# of expected passes 72
=== gcc tests ===
Running target unix
FAIL: gcc.c-torture/compile/20000405-3.c, -O0
FAIL: gcc.c-torture/compile/20000405-3.c, -O1
FAIL: gcc.c-torture/compile/20000405-3.c, -O2
FAIL: gcc.c-torture/compile/20000405-3.c, -O3 -fomit-frame-pointer
FAIL: gcc.c-torture/compile/20000405-3.c, -O3 -g
FAIL: gcc.c-torture/compile/20000405-3.c, -Os
FAIL: gcc.c-torture/execute/20000225-1.c execution, -O2
FAIL: gcc.c-torture/execute/20000225-1.c execution, -O3 -fomit-frame-pointer
FAIL: gcc.c-torture/execute/20000225-1.c execution, -O3 -fomit-frame-pointer -funroll-loops
FAIL: gcc.c-torture/execute/20000225-1.c execution, -O3 -fomit-frame-pointer -funroll-all-loops -finline-functions
FAIL: gcc.c-torture/execute/20000225-1.c execution, -O3 -g
FAIL: gcc.c-torture/execute/20000225-1.c execution, -Os
FAIL: gcc.c-torture/execute/20000412-2.c execution, -O2
FAIL: gcc.c-torture/execute/20000412-2.c execution, -O3 -fomit-frame-pointer
FAIL: gcc.c-torture/execute/20000412-2.c execution, -O3 -g
FAIL: gcc.c-torture/execute/20000412-2.c execution, -Os
FAIL: gcc.c-torture/execute/990324-1.c execution, -O3 -fomit-frame-pointer
FAIL: gcc.c-torture/execute/990324-1.c execution, -O3 -g
FAIL: gcc.c-torture/execute/991221-1.c execution, -O1
FAIL: gcc.c-torture/execute/991221-1.c execution, -O2
FAIL: gcc.c-torture/execute/991221-1.c execution, -O3 -fomit-frame-pointer
FAIL: gcc.c-torture/execute/991221-1.c execution, -O3 -g
FAIL: gcc.c-torture/execute/991221-1.c execution, -Os
FAIL: gcc.c-torture/execute/va-arg-12.c execution, -O1
FAIL: gcc.c-torture/execute/va-arg-12.c execution, -O2
FAIL: gcc.c-torture/execute/va-arg-12.c execution, -O3 -fomit-frame-pointer
FAIL: gcc.c-torture/execute/va-arg-12.c execution, -O3 -g
FAIL: gcc.c-torture/execute/va-arg-12.c execution, -Os
FAIL: gcc.c-torture/execute/va-arg-15.c execution, -O1
FAIL: gcc.c-torture/execute/va-arg-15.c execution, -O2
FAIL: gcc.c-torture/execute/va-arg-15.c execution, -O3 -fomit-frame-pointer
FAIL: gcc.c-torture/execute/va-arg-15.c execution, -O3 -fomit-frame-pointer -funroll-loops
FAIL: gcc.c-torture/execute/va-arg-15.c execution, -O3 -fomit-frame-pointer -funroll-all-loops -finline-functions
FAIL: gcc.c-torture/execute/va-arg-15.c execution, -O3 -g
FAIL: gcc.c-torture/execute/va-arg-15.c execution, -Os
FAIL: gcc.c-torture/execute/va-arg-16.c execution, -O1
FAIL: gcc.c-torture/execute/va-arg-16.c execution, -O2
FAIL: gcc.c-torture/execute/va-arg-16.c execution, -O3 -fomit-frame-pointer
FAIL: gcc.c-torture/execute/va-arg-16.c execution, -O3 -g
FAIL: gcc.c-torture/execute/va-arg-16.c execution, -Os
FAIL: gcc.c-torture/execute/va-arg-20.c execution, -O1
FAIL: gcc.c-torture/execute/va-arg-20.c execution, -O2
FAIL: gcc.c-torture/execute/va-arg-20.c execution, -Os
FAIL: gcc.dg/compare2.c case 10 (test for bogus messages, line 29)
FAIL: gcc.dg/compare2.c case 12 (test for bogus messages, line 33)
FAIL: gcc.dg/cpp-if2.c wide charconst recognition (test for bogus messages, line 9)
FAIL: gcc.dg/cpp-tradpaste.c (test for excess errors)
FAIL: gcc.dg/noreturn-1.c this function should not get any warnings (test for bogus messages, line 50)
FAIL: gcc.dg/noreturn-1.c detect return from tail call (test for warnings, line 57)
FAIL: gcc.dg/noreturn-2.c (test for excess errors)
FAIL: gcc.dg/ultrasp1.c (test for excess errors)
=== gcc Summary ===
# of expected passes 9801
# of unexpected failures 51
# of expected failures 31
# of unsupported tests 32
/tmp/egcs/gcc/xgcc version 2.96 20000508 (experimental)
=== g++ tests ===
Running target unix
FAIL: g++.oliva/template7.C caused compiler crash
FAIL: g++.other/vaarg3.C promote (test for errors, line 26)
=== g++ Summary ===
# of expected passes 5831
# of unexpected failures 2
# of expected failures 92
# of untested testcases 16
/tmp/egcs/gcc/testsuite/../g++ version 2.96 20000508 (experimental)
=== ld tests ===
Running target unix
FAIL: shared (non PIC, load offset)
=== ld Summary ===
# of expected passes 50
# of unexpected failures 1
# of unresolved testcases 1
=== libg++ tests ===
Running target unix
=== libg++ Summary ===
# of expected passes 72
=== libio tests ===
Running target unix
=== libio Summary ===
# of expected passes 40
=== libstdc++ tests ===
Running target unix
=== libstdc++ Summary ===
# of expected passes 30
=== objc tests ===
Running target unix
FAIL: objc/execute/bf-1.m compilation, -O
FAIL: objc/execute/bf-10.m compilation, -O
FAIL: objc/execute/bf-11.m compilation, -O
FAIL: objc/execute/bf-12.m compilation, -O
FAIL: objc/execute/bf-13.m compilation, -O
FAIL: objc/execute/bf-14.m compilation, -O
FAIL: objc/execute/bf-15.m compilation, -O
FAIL: objc/execute/bf-16.m compilation, -O
FAIL: objc/execute/bf-17.m compilation, -O
FAIL: objc/execute/bf-18.m compilation, -O
FAIL: objc/execute/bf-19.m compilation, -O
FAIL: objc/execute/bf-2.m compilation, -O
FAIL: objc/execute/bf-20.m compilation, -O
FAIL: objc/execute/bf-3.m compilation, -O
FAIL: objc/execute/bf-4.m compilation, -O
FAIL: objc/execute/bf-5.m compilation, -O
FAIL: objc/execute/bf-6.m compilation, -O
FAIL: objc/execute/bf-7.m compilation, -O
FAIL: objc/execute/bf-8.m compilation, -O
FAIL: objc/execute/bf-9.m compilation, -O
=== objc Summary ===
# of unexpected failures 20
# of untested testcases 20
/tmp/egcs/gcc/xgcc version 2.96 20000508 (experimental)
Compiler version: 2.96 20000508 (experimental)
Platform: sparc-sun-solaris2.5
BOOT_CFLAGS: standard
Counting all warnings,
there are 142 warnings in stage3 of this bootstrap.
Number of warnings per file:
27 /home/phd/oliva/src/egcs/gcc/combine.c
23 /home/phd/oliva/src/egcs/gcc/genopinit.c
11 /home/phd/oliva/src/egcs/gcc/simplify-rtx.c
11 /home/phd/oliva/src/egcs/gcc/expr.c
6 /home/phd/oliva/src/egcs/gcc/cse.c
5 /home/phd/oliva/src/egcs/gcc/scan-decls.c
4 /home/phd/oliva/src/egcs/librx/rx.c
4 /home/phd/oliva/src/egcs/libiberty/setenv.c
4 /home/phd/oliva/src/egcs/libiberty/getopt.c
4 /home/phd/oliva/src/egcs/libg++/src/AllocRing.cc
4 /home/phd/oliva/src/egcs/gcc/config/sparc/sparc.c
3 /home/phd/oliva/src/egcs/gcc/cpplex.c
2 /home/phd/oliva/src/egcs/libiberty/getruntime.c
2 /home/phd/oliva/src/egcs/gcc/reload1.c
2 /home/phd/oliva/src/egcs/gcc/regrename.c
2 /home/phd/oliva/src/egcs/gcc/regmove.c
2 /home/phd/oliva/src/egcs/gcc/ifcvt.c
2 /home/phd/oliva/src/egcs/gcc/genrecog.c
2 /home/phd/oliva/src/egcs/gcc/function.c
2 /home/phd/oliva/src/egcs/gcc/fold-const.c
2 /home/phd/oliva/src/egcs/gcc/fix-header.c
2 /home/phd/oliva/src/egcs/gcc/calls.c
2 /home/phd/oliva/src/egcs/gcc/alias.c
1 ./parse.y
1 /home/phd/oliva/src/egcs/gcc/loop.c
1 /home/phd/oliva/src/egcs/gcc/java/jcf-write.c
1 /home/phd/oliva/src/egcs/gcc/ggc-page.c
1 /home/phd/oliva/src/egcs/gcc/gensupport.c
1 /home/phd/oliva/src/egcs/gcc/gcse.c
1 /home/phd/oliva/src/egcs/gcc/flow.c
1 /home/phd/oliva/src/egcs/gcc/f/expr.c
1 /home/phd/oliva/src/egcs/gcc/expmed.c
1 /home/phd/oliva/src/egcs/gcc/dwarf2out.c
1 /home/phd/oliva/src/egcs/gcc/cp/class.c
1 /home/phd/oliva/src/egcs/gcc/cp/cfns.h
1 /home/phd/oliva/src/egcs/gcc/ch/grant.c
1 /home/phd/oliva/src/egcs/gcc/bb-reorder.c
Number of warning types:
53 comparison between signed and unsigned
23 unknown escape sequence `???'
17 pointer targets in passing arg ??? of `???' differ in signedness
14 signed and unsigned type in conditional expression
11 `???' might be used uninitialized in this function
4 unused parameter `???'
4 `???' is not a pointer-to-object type
4 comparison of distinct pointer types lacks a cast
3 implicit declaration of function `???'
2 unused variable `???'
2 trigraph ??/ ignored
2 suggest explicit braces to avoid ambiguous `else'
1 trigraph ??= ignored
1 assignment from incompatible pointer type
1 assignment discards qualifiers from pointer target type