This is the mail archive of the
gcc-testresults@gcc.gnu.org
mailing list for the GCC project.
Results for 2.96 20000501 (experimental) testsuite on sparc-sun-solaris2.7
- To: gcc-testresults at gcc dot gnu dot org
- Subject: Results for 2.96 20000501 (experimental) testsuite on sparc-sun-solaris2.7
- From: Alexandre Oliva <oliva at lsd dot ic dot unicamp dot br>
- Date: Tue, 2 May 2000 20:58:45 -0300
Native configuration is sparc-sun-solaris2.7
=== binutils tests ===
Running target unix
=== binutils Summary ===
# of expected passes 26
=== g++ tests ===
Running target unix
FAIL: g++.oliva/template7.C caused compiler crash
FAIL: g++.other/vaarg3.C promote (test for errors, line 26)
=== g++ Summary ===
# of expected passes 5830
# of unexpected failures 2
# of expected failures 92
# of untested testcases 16
/tmp/egcs/gcc/testsuite/../g++ version 2.96 20000501 (experimental)
=== g77 tests ===
Running target unix
FAIL: g77.f-torture/execute/19990325-0.f compilation, -O0
FAIL: g77.f-torture/execute/19990325-0.f compilation, -O1
FAIL: g77.f-torture/execute/19990325-0.f compilation, -O2
FAIL: g77.f-torture/execute/19990325-0.f compilation, -O2 -fomit-frame-pointer -finline-functions
FAIL: g77.f-torture/execute/19990325-0.f compilation, -Os
FAIL: g77.f-torture/execute/19990325-1.f compilation, -O0
FAIL: g77.f-torture/execute/19990325-1.f compilation, -O1
FAIL: g77.f-torture/execute/19990325-1.f compilation, -O2
FAIL: g77.f-torture/execute/19990325-1.f compilation, -O2 -fomit-frame-pointer -finline-functions
FAIL: g77.f-torture/execute/19990325-1.f compilation, -Os
FAIL: g77.f-torture/execute/u77-test.f execution, -O0
FAIL: g77.f-torture/execute/u77-test.f execution, -O1
FAIL: g77.f-torture/execute/u77-test.f execution, -O2
FAIL: g77.f-torture/execute/u77-test.f execution, -O2 -fomit-frame-pointer -finline-functions
FAIL: g77.f-torture/execute/u77-test.f execution, -O2 -fomit-frame-pointer -finline-functions -funroll-loops
FAIL: g77.f-torture/execute/u77-test.f execution, -O2 -fomit-frame-pointer -finline-functions -funroll-all-loops
FAIL: g77.f-torture/execute/u77-test.f execution, -Os
=== g77 Summary ===
# of expected passes 642
# of unexpected failures 17
# of untested testcases 10
=== gas tests ===
Running target unix
=== gas Summary ===
# of expected passes 80
=== gcc tests ===
Running target unix
FAIL: gcc.c-torture/compile/20000405-3.c, -O0
FAIL: gcc.c-torture/compile/20000405-3.c, -O1
FAIL: gcc.c-torture/compile/20000405-3.c, -O2
FAIL: gcc.c-torture/compile/20000405-3.c, -O3 -fomit-frame-pointer
FAIL: gcc.c-torture/compile/20000405-3.c, -O3 -g
FAIL: gcc.c-torture/compile/20000405-3.c, -Os
FAIL: gcc.c-torture/execute/20000225-1.c execution, -O2
FAIL: gcc.c-torture/execute/20000225-1.c execution, -O3 -fomit-frame-pointer
FAIL: gcc.c-torture/execute/20000225-1.c execution, -O3 -fomit-frame-pointer -funroll-loops
FAIL: gcc.c-torture/execute/20000225-1.c execution, -O3 -fomit-frame-pointer -funroll-all-loops -finline-functions
FAIL: gcc.c-torture/execute/20000225-1.c execution, -O3 -g
FAIL: gcc.c-torture/execute/20000225-1.c execution, -Os
FAIL: gcc.c-torture/execute/20000412-2.c execution, -O2
FAIL: gcc.c-torture/execute/20000412-2.c execution, -O3 -fomit-frame-pointer
FAIL: gcc.c-torture/execute/20000412-2.c execution, -O3 -g
FAIL: gcc.c-torture/execute/20000412-2.c execution, -Os
FAIL: gcc.c-torture/execute/991221-1.c execution, -O1
FAIL: gcc.c-torture/execute/991221-1.c execution, -O2
FAIL: gcc.c-torture/execute/991221-1.c execution, -O3 -fomit-frame-pointer
FAIL: gcc.c-torture/execute/991221-1.c execution, -O3 -g
FAIL: gcc.c-torture/execute/991221-1.c execution, -Os
FAIL: gcc.c-torture/execute/va-arg-12.c execution, -O1
FAIL: gcc.c-torture/execute/va-arg-12.c execution, -O2
FAIL: gcc.c-torture/execute/va-arg-12.c execution, -O3 -fomit-frame-pointer
FAIL: gcc.c-torture/execute/va-arg-12.c execution, -O3 -g
FAIL: gcc.c-torture/execute/va-arg-12.c execution, -Os
FAIL: gcc.c-torture/execute/va-arg-15.c execution, -O1
FAIL: gcc.c-torture/execute/va-arg-15.c execution, -O2
FAIL: gcc.c-torture/execute/va-arg-15.c execution, -O3 -fomit-frame-pointer
FAIL: gcc.c-torture/execute/va-arg-15.c execution, -O3 -fomit-frame-pointer -funroll-loops
FAIL: gcc.c-torture/execute/va-arg-15.c execution, -O3 -fomit-frame-pointer -funroll-all-loops -finline-functions
FAIL: gcc.c-torture/execute/va-arg-15.c execution, -O3 -g
FAIL: gcc.c-torture/execute/va-arg-15.c execution, -Os
FAIL: gcc.c-torture/execute/va-arg-16.c execution, -O1
FAIL: gcc.c-torture/execute/va-arg-16.c execution, -O2
FAIL: gcc.c-torture/execute/va-arg-16.c execution, -O3 -fomit-frame-pointer
FAIL: gcc.c-torture/execute/va-arg-16.c execution, -O3 -g
FAIL: gcc.c-torture/execute/va-arg-16.c execution, -Os
FAIL: gcc.c-torture/execute/va-arg-20.c execution, -O1
FAIL: gcc.c-torture/execute/va-arg-20.c execution, -O2
FAIL: gcc.c-torture/execute/va-arg-20.c execution, -Os
FAIL: gcc.c-torture/unsorted/shift.c, -Os
FAIL: gcc.dg/compare2.c case 10 (test for bogus messages, line 29)
FAIL: gcc.dg/compare2.c case 12 (test for bogus messages, line 33)
FAIL: gcc.dg/cpp-if2.c wide charconst recognition (test for bogus messages, line 9)
FAIL: gcc.dg/noreturn-1.c this function should not get any warnings (test for bogus messages, line 50)
FAIL: gcc.dg/noreturn-1.c detect return from tail call (test for warnings, line 57)
FAIL: gcc.dg/ultrasp1.c (test for excess errors)
=== gcc Summary ===
# of expected passes 9773
# of unexpected failures 48
# of expected failures 31
# of unsupported tests 31
/tmp/egcs/gcc/xgcc version 2.96 20000501 (experimental)
=== ld tests ===
Running target unix
FAIL: shared (non PIC, load offset)
=== ld Summary ===
# of expected passes 50
# of unexpected failures 1
# of unresolved testcases 1
=== libg++ tests ===
Running target unix
=== libg++ Summary ===
# of expected passes 72
=== libio tests ===
Running target unix
=== libio Summary ===
# of expected passes 40
=== libstdc++ tests ===
Running target unix
=== libstdc++ Summary ===
# of expected passes 30
=== objc tests ===
Running target unix
FAIL: objc/execute/bf-1.m compilation, -O
FAIL: objc/execute/bf-10.m compilation, -O
FAIL: objc/execute/bf-11.m compilation, -O
FAIL: objc/execute/bf-12.m compilation, -O
FAIL: objc/execute/bf-13.m compilation, -O
FAIL: objc/execute/bf-14.m compilation, -O
FAIL: objc/execute/bf-15.m compilation, -O
FAIL: objc/execute/bf-16.m compilation, -O
FAIL: objc/execute/bf-17.m compilation, -O
FAIL: objc/execute/bf-18.m compilation, -O
FAIL: objc/execute/bf-19.m compilation, -O
FAIL: objc/execute/bf-2.m compilation, -O
FAIL: objc/execute/bf-20.m compilation, -O
FAIL: objc/execute/bf-3.m compilation, -O
FAIL: objc/execute/bf-4.m compilation, -O
FAIL: objc/execute/bf-5.m compilation, -O
FAIL: objc/execute/bf-6.m compilation, -O
FAIL: objc/execute/bf-7.m compilation, -O
FAIL: objc/execute/bf-8.m compilation, -O
FAIL: objc/execute/bf-9.m compilation, -O
=== objc Summary ===
# of unexpected failures 20
# of untested testcases 20
/tmp/egcs/gcc/xgcc version 2.96 20000501 (experimental)
Compiler version: 2.96 20000501 (experimental)
Platform: sparc-sun-solaris2.7
BOOT_CFLAGS: -g -O9 -W -Wall
Counting all warnings,
there are 495 warnings in stage3 of this bootstrap.
Number of warnings per file:
102 /home/phd/oliva/src/egcs/libio/streambuf.h
73 /home/phd/oliva/src/egcs/gcc/gcc.c
26 /home/phd/oliva/src/egcs/gcc/combine.c
24 /home/phd/oliva/src/egcs/librx/rx.c
16 /home/phd/oliva/src/egcs/libiberty/cplus-dem.c
14 /home/phd/oliva/src/egcs/gcc/f/global.c
12 /home/phd/oliva/src/egcs/gcc/expr.c
10 /home/phd/oliva/src/egcs/gcc/f/storag.c
8 cxxmain.c
8 /home/phd/oliva/src/egcs/libiberty/setenv.c
8 /home/phd/oliva/src/egcs/libiberty/getopt.c
8 /home/phd/oliva/src/egcs/libg++/src/AllocRing.cc
8 /home/phd/oliva/src/egcs/gcc/f/lex.c
8 /home/phd/oliva/src/egcs/gcc/f/equiv.c
6 /home/phd/oliva/src/egcs/gcc/f/expr.c
6 /home/phd/oliva/src/egcs/gcc/cse.c
6 /home/phd/oliva/src/egcs/gcc/calls.c
5 /home/phd/oliva/src/egcs/gcc/diagnostic.c
5 /home/phd/oliva/src/egcs/gcc/config/sparc/sparc.c
4 /home/phd/oliva/src/egcs/librx/rx.h
4 /home/phd/oliva/src/egcs/libiberty/hashtab.c
4 /home/phd/oliva/src/egcs/gcc/jump.c
4 /home/phd/oliva/src/egcs/gcc/function.c
4 /home/phd/oliva/src/egcs/gcc/fold-const.c
4 /home/phd/oliva/src/egcs/gcc/f/ste.c
3 insn-attrtab.c
3 /home/phd/oliva/src/egcs/gcc/toplev.c
3 /home/phd/oliva/src/egcs/gcc/cpplex.c
3 /home/phd/oliva/src/egcs/gcc/cp/pt.c
2 str-ot.j
2 str-1t.j
2 /home/phd/oliva/src/egcs/libobjc/selector.c
2 /home/phd/oliva/src/egcs/libobjc/objects.c
2 /home/phd/oliva/src/egcs/libobjc/archive.c
2 /home/phd/oliva/src/egcs/libiberty/xmemdup.c
2 /home/phd/oliva/src/egcs/libiberty/sort.c
2 /home/phd/oliva/src/egcs/libiberty/partition.c
2 /home/phd/oliva/src/egcs/libchill/waitbuffer.c
2 /home/phd/oliva/src/egcs/libchill/sendbuffer.c
2 /home/phd/oliva/src/egcs/libchill/delaycase.c
2 /home/phd/oliva/src/egcs/libchill/concatstr.c
2 /home/phd/oliva/src/egcs/gcc/simplify-rtx.c
2 /home/phd/oliva/src/egcs/gcc/rtl.c
2 /home/phd/oliva/src/egcs/gcc/reload1.c
2 /home/phd/oliva/src/egcs/gcc/regrename.c
2 /home/phd/oliva/src/egcs/gcc/regmove.c
2 /home/phd/oliva/src/egcs/gcc/predict.c
2 /home/phd/oliva/src/egcs/gcc/java/jv-scan.c
2 /home/phd/oliva/src/egcs/gcc/java/jcf-parse.c
2 /home/phd/oliva/src/egcs/gcc/java/jcf-dump.c
2 /home/phd/oliva/src/egcs/gcc/java/gjavah.c
2 /home/phd/oliva/src/egcs/gcc/java/expr.c
2 /home/phd/oliva/src/egcs/gcc/ifcvt.c
2 /home/phd/oliva/src/egcs/gcc/ggc-callbacks.c
2 /home/phd/oliva/src/egcs/gcc/gengenrtl.c
2 /home/phd/oliva/src/egcs/gcc/gcov.c
2 /home/phd/oliva/src/egcs/gcc/f/symbol.c
2 /home/phd/oliva/src/egcs/gcc/f/std.c
2 /home/phd/oliva/src/egcs/gcc/f/com.c
2 /home/phd/oliva/src/egcs/gcc/f/bad.c
2 /home/phd/oliva/src/egcs/gcc/cp/decl.c
2 /home/phd/oliva/src/egcs/gcc/collect2.c
2 /home/phd/oliva/src/egcs/gcc/alias.c
1 str-op.j
1 str-nq.j
1 str-io.j
1 str-fo.j
1 str-2t.j
1 insn-recog.c
1 /home/phd/oliva/src/egcs/libchill/printevent.c
1 /home/phd/oliva/src/egcs/libchill/printbuffer.c
1 /home/phd/oliva/src/egcs/libchill/memmove.c
1 /home/phd/oliva/src/egcs/gcc/varasm.c
1 /home/phd/oliva/src/egcs/gcc/unroll.c
1 /home/phd/oliva/src/egcs/gcc/tree.c
1 /home/phd/oliva/src/egcs/gcc/stor-layout.c
1 /home/phd/oliva/src/egcs/gcc/ssa.c
1 /home/phd/oliva/src/egcs/gcc/rtlanal.c
1 /home/phd/oliva/src/egcs/gcc/reorg.c
1 /home/phd/oliva/src/egcs/gcc/real.c
1 /home/phd/oliva/src/egcs/gcc/objc/objc-act.c
1 /home/phd/oliva/src/egcs/gcc/loop.c
1 /home/phd/oliva/src/egcs/gcc/java/jvgenmain.c
1 /home/phd/oliva/src/egcs/gcc/java/jcf-write.c
1 /home/phd/oliva/src/egcs/gcc/java/jcf-io.c
1 /home/phd/oliva/src/egcs/gcc/java/javaop.def
1 /home/phd/oliva/src/egcs/gcc/genrecog.c
1 /home/phd/oliva/src/egcs/gcc/gcse.c
1 /home/phd/oliva/src/egcs/gcc/flow.c
1 /home/phd/oliva/src/egcs/gcc/fix-header.c
1 /home/phd/oliva/src/egcs/gcc/final.c
1 /home/phd/oliva/src/egcs/gcc/expmed.c
1 /home/phd/oliva/src/egcs/gcc/emit-rtl.c
1 /home/phd/oliva/src/egcs/gcc/dwarf2out.c
1 /home/phd/oliva/src/egcs/gcc/cp/class.c
1 /home/phd/oliva/src/egcs/gcc/cp/cfns.h
1 /home/phd/oliva/src/egcs/gcc/ch/typeck.c
1 /home/phd/oliva/src/egcs/gcc/ch/grant.c
1 /home/phd/oliva/src/egcs/gcc/ch/decl.c
1 /home/phd/oliva/src/egcs/gcc/bb-reorder.c
1 ./parse.y
Number of warning types:
122 Use of ANSI string concatenation
120 cast to pointer from integer of different size
56 comparison between signed and unsigned
34 control reaches end of non-void function
32 `noreturn' function does return
25 type mismatch in implicit declaration for built-in function `???'
20 subscript has type `char'
17 `???' might be used uninitialized in this function
16 signed and unsigned type in conditional expression
14 `long' switch expression not converted to `int' in ANSI C
8 unused parameter `???'
8 comparison of distinct pointer types lacks a cast
8 `???' is not a pointer-to-object type
4 suggest explicit braces to avoid ambiguous `else'
4 cast from pointer to integer of different size
2 trigraph ??/ ignored
1 unused variable `???'
1 trigraph ??= ignored
1 assignment discards qualifiers from pointer target type
1 `???' declared `static' but never defined
1 ??? format, ??? arg (arg ???)