This is the mail archive of the
gcc-testresults@gcc.gnu.org
mailing list for the GCC project.
Results for 2.96 20000424 (experimental) testsuite on powerpc-ibm-aix4.1.4.0
- To: gcc-testresults at gcc dot gnu dot org
- Subject: Results for 2.96 20000424 (experimental) testsuite on powerpc-ibm-aix4.1.4.0
- From: "Kaveh R. Ghazi" <ghazi at caip dot rutgers dot edu>
- Date: Thu, 27 Apr 2000 10:08:47 -0400 (EDT)
Native configuration is powerpc-ibm-aix4.1.4.0
=== objc tests ===
Running target unix
FAIL: objc/execute/bf-1.m compilation, -O
FAIL: objc/execute/bf-10.m compilation, -O
FAIL: objc/execute/bf-11.m compilation, -O
FAIL: objc/execute/bf-12.m compilation, -O
FAIL: objc/execute/bf-13.m compilation, -O
FAIL: objc/execute/bf-14.m compilation, -O
FAIL: objc/execute/bf-15.m compilation, -O
FAIL: objc/execute/bf-16.m compilation, -O
FAIL: objc/execute/bf-17.m compilation, -O
FAIL: objc/execute/bf-18.m compilation, -O
FAIL: objc/execute/bf-19.m compilation, -O
FAIL: objc/execute/bf-2.m compilation, -O
FAIL: objc/execute/bf-20.m compilation, -O
FAIL: objc/execute/bf-3.m compilation, -O
FAIL: objc/execute/bf-4.m compilation, -O
FAIL: objc/execute/bf-5.m compilation, -O
FAIL: objc/execute/bf-6.m compilation, -O
FAIL: objc/execute/bf-7.m compilation, -O
FAIL: objc/execute/bf-8.m compilation, -O
FAIL: objc/execute/bf-9.m compilation, -O
=== objc Summary ===
# of unexpected failures 20
# of untested testcases 20
/a/caip/a99/u99/ghazi/gcc-testing/aix-test/build/gcc/xgcc version 2.96 20000424 (experimental)
=== gcc tests ===
Running target unix
FAIL: gcc.c-torture/compile/981001-2.c, -O3 -fomit-frame-pointer
FAIL: gcc.c-torture/compile/981001-2.c, -O3 -g
FAIL: gcc.c-torture/execute/20000225-1.c execution, -O2
FAIL: gcc.c-torture/execute/20000225-1.c execution, -O3 -fomit-frame-pointer
FAIL: gcc.c-torture/execute/20000225-1.c execution, -O3 -fomit-frame-pointer -funroll-loops
FAIL: gcc.c-torture/execute/20000225-1.c execution, -O3 -fomit-frame-pointer -funroll-all-loops -finline-functions
FAIL: gcc.c-torture/execute/20000225-1.c execution, -O3 -g
FAIL: gcc.c-torture/execute/20000225-1.c execution, -Os
FAIL: gcc.c-torture/execute/20000412-2.c execution, -O2
FAIL: gcc.c-torture/execute/20000412-2.c execution, -O3 -fomit-frame-pointer
FAIL: gcc.c-torture/execute/20000412-2.c execution, -O3 -g
FAIL: gcc.c-torture/execute/20000412-2.c execution, -Os
FAIL: gcc.c-torture/execute/20000412-3.c execution, -O0
FAIL: gcc.c-torture/execute/20000412-3.c execution, -O1
FAIL: gcc.c-torture/execute/20000412-3.c execution, -O2
FAIL: gcc.c-torture/execute/20000412-3.c execution, -O3 -fomit-frame-pointer
FAIL: gcc.c-torture/execute/20000412-3.c execution, -O3 -g
FAIL: gcc.c-torture/execute/20000412-3.c execution, -Os
FAIL: gcc.c-torture/execute/991221-1.c execution, -O1
FAIL: gcc.c-torture/execute/991221-1.c execution, -O2
FAIL: gcc.c-torture/execute/991221-1.c execution, -O3 -fomit-frame-pointer
FAIL: gcc.c-torture/execute/991221-1.c execution, -O3 -g
FAIL: gcc.c-torture/execute/991221-1.c execution, -Os
XPASS: gcc.c-torture/execute/memcheck/blkarg.c execution, -O0
XPASS: gcc.c-torture/execute/memcheck/blkarg.c execution, -O1
XPASS: gcc.c-torture/execute/memcheck/blkarg.c execution, -O2
XPASS: gcc.c-torture/execute/memcheck/blkarg.c execution, -O3 -fomit-frame-pointer
XPASS: gcc.c-torture/execute/memcheck/blkarg.c execution, -O3 -g
XPASS: gcc.c-torture/execute/memcheck/blkarg.c execution, -Os
FAIL: gcc.c-torture/noncompile/990416-1.c
FAIL: gcc.c-torture/noncompile/990416-1.c
FAIL: gcc.c-torture/noncompile/990416-1.c
FAIL: gcc.c-torture/noncompile/990416-1.c
FAIL: gcc.c-torture/noncompile/990416-1.c
FAIL: gcc.c-torture/noncompile/990416-1.c
FAIL: gcc.c-torture/noncompile/990416-1.c
FAIL: gcc.c-torture/special/eeprof-1.c execution, -O0
FAIL: gcc.c-torture/special/eeprof-1.c execution, -O1
FAIL: gcc.c-torture/special/eeprof-1.c execution, -O2
FAIL: gcc.c-torture/special/eeprof-1.c execution, -O3 -fomit-frame-pointer
FAIL: gcc.c-torture/special/eeprof-1.c execution, -O3 -g
FAIL: gcc.c-torture/special/eeprof-1.c execution, -Os
FAIL: gcc.dg/compare2.c case 10 (test for bogus messages, line 29)
FAIL: gcc.dg/compare2.c case 12 (test for bogus messages, line 33)
FAIL: gcc.dg/compare2.c case 20 (test for warnings, line 49)
FAIL: gcc.dg/compare2.c case 24 (test for warnings, line 57)
FAIL: gcc.dg/compare2.c (test for excess errors)
FAIL: gcc.dg/cpp-if1.c range error (test for errors, line 33)
FAIL: gcc.dg/cpp-if1.c (test for excess errors)
FAIL: gcc.dg/cpp-tradwarn1.c ^# ext (test for warnings, line 23)
FAIL: gcc.dg/cpp-tradwarn1.c extension warning (test for warnings, line 23)
FAIL: gcc.dg/cpp-tradwarn1.c extension warning (test for warnings, line 24)
FAIL: gcc.dg/cpp-tradwarn1.c extension warning (test for warnings, line 25)
FAIL: gcc.dg/cpp-tradwarn1.c (test for excess errors)
FAIL: gcc.dg/noreturn-1.c detect return from tail call (test for warnings, line 57)
FAIL: alias-1.c
FAIL: wkali-1.c
=== gcc Summary ===
# of expected passes 9724
# of unexpected failures 51
# of unexpected successes 6
# of expected failures 25
# of unresolved testcases 3
# of unsupported tests 33
/a/caip/a99/u99/ghazi/gcc-testing/aix-test/build/gcc/xgcc version 2.96 20000424 (experimental)
=== g77 tests ===
Running target unix
FAIL: g77.f-torture/execute/19990325-0.f compilation, -O0
FAIL: g77.f-torture/execute/19990325-0.f compilation, -O1
FAIL: g77.f-torture/execute/19990325-0.f compilation, -O2
FAIL: g77.f-torture/execute/19990325-0.f compilation, -O2 -fomit-frame-pointer -finline-functions
FAIL: g77.f-torture/execute/19990325-0.f compilation, -Os
FAIL: g77.f-torture/execute/19990325-1.f compilation, -O0
FAIL: g77.f-torture/execute/19990325-1.f compilation, -O1
FAIL: g77.f-torture/execute/19990325-1.f compilation, -O2
FAIL: g77.f-torture/execute/19990325-1.f compilation, -O2 -fomit-frame-pointer -finline-functions
FAIL: g77.f-torture/execute/19990325-1.f compilation, -Os
FAIL: g77.f-torture/execute/u77-test.f execution, -O0
FAIL: g77.f-torture/execute/u77-test.f execution, -O1
FAIL: g77.f-torture/execute/u77-test.f execution, -O2
FAIL: g77.f-torture/execute/u77-test.f execution, -O2 -fomit-frame-pointer -finline-functions
FAIL: g77.f-torture/execute/u77-test.f execution, -O2 -fomit-frame-pointer -finline-functions -funroll-loops
FAIL: g77.f-torture/execute/u77-test.f execution, -O2 -fomit-frame-pointer -finline-functions -funroll-all-loops
FAIL: g77.f-torture/execute/u77-test.f execution, -Os
=== g77 Summary ===
# of expected passes 642
# of unexpected failures 17
# of untested testcases 10
=== libstdc++ tests ===
Running target unix
=== libstdc++ Summary ===
# of expected passes 30
=== libio tests ===
Running target unix
=== libio Summary ===
# of expected passes 40
Compiler version: 2.96 20000424 (experimental)
Platform: powerpc-ibm-aix4.1.4.0
configure flags: --with-gcc-version-trigger=/caip/u99/ghazi/gcc-testing/aix-test/egcs-CVS20000424/gcc/version.c --host=powerpc-ibm-aix4.1.4.0 --verbose --norecursion