This is the mail archive of the
gcc-testresults@gcc.gnu.org
mailing list for the GCC project.
Results for 2.96 20000410 (experimental) testsuite on i586-sco-sysv5uw7.1.0
- To: gcc-testresults at gcc dot gnu dot org
- Subject: Results for 2.96 20000410 (experimental) testsuite on i586-sco-sysv5uw7.1.0
- From: Rodney Brown <rdb at localhost>
- Date: Thu, 13 Apr 2000 21:22:21 +1000
Native configuration is i586-sco-sysv5uw7.1.0
=== libio tests ===
Running target unix
=== libio Summary for unix ===
# of expected passes 40
Running target unix/-march=i486
=== libio Summary for unix/-march=i486 ===
# of expected passes 40
Running target unix/-march=i386
FAIL: tFile.cc compilation
FAIL: tFile.cc compilation -b0
FAIL: tFile.cc compilation -b3
=== libio Summary for unix/-march=i386 ===
# of expected passes 31
# of unexpected failures 3
# of expected failures 6
=== libio Summary ===
# of expected passes 111
# of unexpected failures 3
# of expected failures 6
=== libstdc++ tests ===
Running target unix
=== libstdc++ Summary for unix ===
# of expected passes 30
Running target unix/-march=i486
=== libstdc++ Summary for unix/-march=i486 ===
# of expected passes 30
Running target unix/-march=i386
=== libstdc++ Summary for unix/-march=i386 ===
# of expected passes 30
=== libstdc++ Summary ===
# of expected passes 90
=== gcc tests ===
Running target unix
FAIL: gcc.c-torture/compile/920428-2.c, -Os
FAIL: gcc.c-torture/compile/930926-1.c, -Os
FAIL: gcc.c-torture/compile/970206-1.c, -O3 -fomit-frame-pointer
FAIL: gcc.c-torture/compile/980511-1.c, -O3 -fomit-frame-pointer
FAIL: gcc.c-torture/compile/980511-1.c, -Os
FAIL: gcc.c-torture/compile/991229-1.c, -Os
FAIL: gcc.c-torture/compile/labels-2.c, -Os
FAIL: gcc.c-torture/compile/20000329-1.c, -O2
FAIL: gcc.c-torture/compile/20000329-1.c, -O3 -fomit-frame-pointer
FAIL: gcc.c-torture/compile/20000329-1.c, -O3 -fomit-frame-pointer -funroll-loops
FAIL: gcc.c-torture/compile/20000329-1.c, -O3 -fomit-frame-pointer -funroll-all-loops -finline-functions
FAIL: gcc.c-torture/compile/20000329-1.c, -O3 -g
FAIL: gcc.c-torture/compile/20000329-1.c, -Os
FAIL: gcc.c-torture/compile/20000405-2.c, -O3 -fomit-frame-pointer
FAIL: gcc.c-torture/compile/20000405-2.c, -Os
FAIL: gcc.c-torture/execute/20000223-1.c compilation, -O3 -fomit-frame-pointer
FAIL: gcc.c-torture/execute/20000223-1.c compilation, -Os
FAIL: gcc.c-torture/execute/20000225-1.c execution, -O2
FAIL: gcc.c-torture/execute/20000225-1.c execution, -O3 -fomit-frame-pointer
FAIL: gcc.c-torture/execute/20000225-1.c execution, -O3 -fomit-frame-pointer -funroll-loops
FAIL: gcc.c-torture/execute/20000225-1.c execution, -O3 -fomit-frame-pointer -funroll-all-loops -finline-functions
FAIL: gcc.c-torture/execute/20000225-1.c execution, -O3 -g
FAIL: gcc.c-torture/execute/20000225-1.c execution, -Os
FAIL: gcc.c-torture/execute/20000314-3.c compilation, -Os
FAIL: gcc.c-torture/execute/20000402-1.c compilation, -O3 -fomit-frame-pointer
FAIL: gcc.c-torture/execute/20000402-1.c compilation, -Os
FAIL: gcc.c-torture/execute/920501-5.c compilation, -Os
FAIL: gcc.c-torture/execute/920506-1.c compilation, -O3 -fomit-frame-pointer
FAIL: gcc.c-torture/execute/920506-1.c compilation, -Os
FAIL: gcc.c-torture/execute/920810-1.c compilation, -Os
FAIL: gcc.c-torture/execute/930406-1.c compilation, -Os
FAIL: gcc.c-torture/execute/930408-1.c compilation, -O3 -fomit-frame-pointer
FAIL: gcc.c-torture/execute/930408-1.c compilation, -Os
FAIL: gcc.c-torture/execute/930718-1.c compilation, -O3 -fomit-frame-pointer
FAIL: gcc.c-torture/execute/930718-1.c compilation, -Os
FAIL: gcc.c-torture/execute/930725-1.c compilation, -Os
FAIL: gcc.c-torture/execute/940122-1.c compilation, -Os
FAIL: gcc.c-torture/execute/941014-2.c compilation, -Os
FAIL: gcc.c-torture/execute/950221-1.c compilation, -O3 -fomit-frame-pointer
FAIL: gcc.c-torture/execute/950221-1.c compilation, -Os
FAIL: gcc.c-torture/execute/951115-1.c compilation, -Os
FAIL: gcc.c-torture/execute/960419-1.c compilation, -O3 -fomit-frame-pointer
FAIL: gcc.c-torture/execute/960419-1.c compilation, -Os
FAIL: gcc.c-torture/execute/960521-1.c compilation, -Os
FAIL: gcc.c-torture/execute/980424-1.c compilation, -O3 -fomit-frame-pointer
FAIL: gcc.c-torture/execute/980424-1.c compilation, -Os
FAIL: gcc.c-torture/execute/980526-1.c compilation, -Os
FAIL: gcc.c-torture/execute/980526-2.c compilation, -O3 -fomit-frame-pointer
FAIL: gcc.c-torture/execute/980526-2.c compilation, -Os
FAIL: gcc.c-torture/execute/980602-2.c compilation, -O3 -fomit-frame-pointer
FAIL: gcc.c-torture/execute/980602-2.c compilation, -Os
FAIL: gcc.c-torture/execute/980617-1.c compilation, -O3 -fomit-frame-pointer
FAIL: gcc.c-torture/execute/980617-1.c compilation, -Os
FAIL: gcc.c-torture/execute/980618-1.c compilation, -O3 -fomit-frame-pointer
FAIL: gcc.c-torture/execute/980618-1.c compilation, -Os
FAIL: gcc.c-torture/execute/980929-1.c compilation, -O3 -fomit-frame-pointer
FAIL: gcc.c-torture/execute/980929-1.c compilation, -O3 -fomit-frame-pointer -funroll-loops
FAIL: gcc.c-torture/execute/980929-1.c compilation, -O3 -fomit-frame-pointer -funroll-all-loops -finline-functions
FAIL: gcc.c-torture/execute/980929-1.c compilation, -Os
FAIL: gcc.c-torture/execute/981019-1.c compilation, -O3 -fomit-frame-pointer
FAIL: gcc.c-torture/execute/981019-1.c compilation, -O3 -fomit-frame-pointer -funroll-loops
FAIL: gcc.c-torture/execute/981019-1.c compilation, -O3 -fomit-frame-pointer -funroll-all-loops -finline-functions
FAIL: gcc.c-torture/execute/981019-1.c compilation, -Os
FAIL: gcc.c-torture/execute/981130-1.c compilation, -O3 -fomit-frame-pointer
FAIL: gcc.c-torture/execute/981130-1.c compilation, -Os
FAIL: gcc.c-torture/execute/990106-2.c compilation, -O3 -fomit-frame-pointer
FAIL: gcc.c-torture/execute/990106-2.c compilation, -Os
FAIL: gcc.c-torture/execute/990127-2.c compilation, -O3 -fomit-frame-pointer
FAIL: gcc.c-torture/execute/990127-2.c compilation, -Os
FAIL: gcc.c-torture/execute/990324-1.c compilation, -O3 -fomit-frame-pointer
FAIL: gcc.c-torture/execute/990324-1.c compilation, -Os
FAIL: gcc.c-torture/execute/990628-1.c compilation, -Os
FAIL: gcc.c-torture/execute/990811-1.c compilation, -O3 -fomit-frame-pointer
FAIL: gcc.c-torture/execute/990811-1.c compilation, -O3 -fomit-frame-pointer -funroll-loops
FAIL: gcc.c-torture/execute/990811-1.c compilation, -O3 -fomit-frame-pointer -funroll-all-loops -finline-functions
FAIL: gcc.c-torture/execute/990811-1.c compilation, -Os
FAIL: gcc.c-torture/execute/991201-1.c compilation, -O3 -fomit-frame-pointer
FAIL: gcc.c-torture/execute/991201-1.c compilation, -O3 -fomit-frame-pointer -funroll-loops
FAIL: gcc.c-torture/execute/991201-1.c compilation, -O3 -fomit-frame-pointer -funroll-all-loops -finline-functions
FAIL: gcc.c-torture/execute/991201-1.c compilation, -Os
FAIL: gcc.c-torture/execute/991216-1.c compilation, -Os
FAIL: gcc.c-torture/execute/991221-1.c execution, -O1
FAIL: gcc.c-torture/execute/991221-1.c execution, -O2
FAIL: gcc.c-torture/execute/991221-1.c execution, -O3 -fomit-frame-pointer
FAIL: gcc.c-torture/execute/991221-1.c execution, -O3 -g
FAIL: gcc.c-torture/execute/991221-1.c execution, -Os
FAIL: gcc.c-torture/execute/991227-1.c compilation, -O3 -fomit-frame-pointer
FAIL: gcc.c-torture/execute/991227-1.c compilation, -Os
FAIL: gcc.c-torture/execute/comp-goto-1.c compilation, -O3 -fomit-frame-pointer
FAIL: gcc.c-torture/execute/comp-goto-1.c compilation, -O3 -fomit-frame-pointer -funroll-loops
FAIL: gcc.c-torture/execute/comp-goto-1.c compilation, -O3 -fomit-frame-pointer -funroll-all-loops -finline-functions
FAIL: gcc.c-torture/execute/comp-goto-1.c compilation, -Os
FAIL: gcc.c-torture/execute/int-compare.c compilation, -O3 -fomit-frame-pointer
FAIL: gcc.c-torture/execute/int-compare.c compilation, -Os
FAIL: gcc.c-torture/execute/memcpy-1.c compilation, -O3 -fomit-frame-pointer
FAIL: gcc.c-torture/execute/memcpy-1.c compilation, -O3 -fomit-frame-pointer -funroll-loops
FAIL: gcc.c-torture/execute/memcpy-1.c compilation, -O3 -fomit-frame-pointer -funroll-all-loops -finline-functions
FAIL: gcc.c-torture/execute/va-arg-13.c compilation, -O3 -fomit-frame-pointer
FAIL: gcc.c-torture/execute/va-arg-13.c compilation, -Os
FAIL: gcc.c-torture/execute/memcheck/t2.c compilation, -Os
FAIL: gcc.c-torture/noncompile/920616-2.c
FAIL: gcc.c-torture/noncompile/920616-2.c
FAIL: gcc.c-torture/noncompile/920616-2.c
FAIL: gcc.c-torture/noncompile/920616-2.c
FAIL: gcc.c-torture/noncompile/920616-2.c
FAIL: gcc.c-torture/noncompile/920616-2.c
FAIL: gcc.c-torture/noncompile/920616-2.c
FAIL: gcc.c-torture/noncompile/920616-2.c
FAIL: gcc.c-torture/noncompile/921116-1.c
FAIL: gcc.c-torture/noncompile/921116-1.c
FAIL: gcc.c-torture/noncompile/921116-1.c
FAIL: gcc.c-torture/noncompile/921116-1.c
FAIL: gcc.c-torture/noncompile/921116-1.c
FAIL: gcc.c-torture/noncompile/921116-1.c
FAIL: gcc.c-torture/noncompile/921116-1.c
FAIL: gcc.c-torture/noncompile/921116-1.c
FAIL: gcc.c-torture/special/eeprof-1.c compilation, -O0
FAIL: gcc.c-torture/special/eeprof-1.c compilation, -O1
FAIL: gcc.c-torture/special/eeprof-1.c compilation, -O2
FAIL: gcc.c-torture/special/eeprof-1.c compilation, -O3 -fomit-frame-pointer
FAIL: gcc.c-torture/special/eeprof-1.c compilation, -O3 -g
FAIL: gcc.c-torture/special/eeprof-1.c compilation, -Os
FAIL: gcc.c-torture/unsorted/BUG1.c, -O3 -fomit-frame-pointer
FAIL: gcc.c-torture/unsorted/BUG1.c, -Os
FAIL: gcc.c-torture/unsorted/gen_tst.c, -Os
FAIL: gcc.c-torture/unsorted/r1.c, -O3 -fomit-frame-pointer
FAIL: gcc.c-torture/unsorted/r1.c, -Os
FAIL: gcc.dg/991214-1.c (test for excess errors)
FAIL: gcc.dg/compare2.c case 10 (test for bogus messages, line 29)
FAIL: gcc.dg/compare2.c case 12 (test for bogus messages, line 33)
FAIL: gcc.dg/noreturn-1.c this function should not get any warnings (test for bogus messages, line 50)
FAIL: gcc.dg/noreturn-1.c detect return from tail call (test for warnings, line 57)
=== gcc Summary ===
# of expected passes 9441
# of unexpected failures 132
# of expected failures 25
# of unresolved testcases 83
# of unsupported tests 14
/devel/src/egcs-20000410.chk/gcc/xgcc version 2.96 20000410 (experimental)
=== g++ tests ===
Running target unix
FAIL: g++.dg/special/conpr-1.C execution test
FAIL: g++.dg/special/conpr-2.C execution test
FAIL: g++.dg/special/conpr-3.C execution test
FAIL: g++.dg/special/conpr-3.C execution test
FAIL: g++.brendan/code-gen5.C (test for excess errors)
FAIL: g++.bugs/900407_02.C (test for excess errors)
FAIL: g++.eh/crash3.C caused compiler crash
FAIL: g++.eh/spec2.C Execution test
FAIL: g++.eh/spec3.C Execution test
FAIL: g++.ext/initp1.C Execution test
FAIL: g++.law/profile1.C (test for excess errors)
FAIL: g++.mike/dyncast1.C Execution test
FAIL: g++.mike/dyncast2.C Execution test
FAIL: g++.mike/eh33.C Execution test
FAIL: g++.mike/eh50.C Execution test
FAIL: g++.mike/eh51.C Execution test
FAIL: g++.oliva/template7.C caused compiler crash
FAIL: g++.other/decl4.C caused compiler crash
FAIL: g++.other/ptrmem6.C (test for excess errors)
XPASS: g++.pt/decl2.C ICE - (test for errors, line 8)
FAIL: g++.pt/memtemp89.C caused compiler crash
FAIL: g++.pt/spec14.C caused compiler crash
FAIL: g++.pt/static10.C ANSI C++ forbids in-class initialization of non-const static member `x' (test for errors, line 15)
=== g++ Summary for unix ===
# of expected passes 5796
# of unexpected failures 22
# of unexpected successes 1
# of expected failures 91
# of untested testcases 14
Running target unix/-march=i486
FAIL: g++.dg/special/conpr-1.C execution test
FAIL: g++.dg/special/conpr-2.C execution test
FAIL: g++.dg/special/conpr-3.C execution test
FAIL: g++.dg/special/conpr-3.C execution test
FAIL: g++.brendan/code-gen5.C (test for excess errors)
FAIL: g++.bugs/900407_02.C (test for excess errors)
FAIL: g++.eh/crash3.C caused compiler crash
FAIL: g++.eh/spec2.C Execution test
FAIL: g++.eh/spec3.C Execution test
FAIL: g++.ext/initp1.C Execution test
FAIL: g++.law/profile1.C (test for excess errors)
FAIL: g++.mike/dyncast1.C Execution test
FAIL: g++.mike/dyncast2.C Execution test
FAIL: g++.mike/eh33.C Execution test
FAIL: g++.mike/eh50.C Execution test
FAIL: g++.mike/eh51.C Execution test
FAIL: g++.oliva/template7.C caused compiler crash
FAIL: g++.other/decl4.C caused compiler crash
FAIL: g++.other/ptrmem6.C (test for excess errors)
XPASS: g++.pt/decl2.C ICE - (test for errors, line 8)
FAIL: g++.pt/memtemp89.C caused compiler crash
FAIL: g++.pt/spec14.C caused compiler crash
FAIL: g++.pt/static10.C ANSI C++ forbids in-class initialization of non-const static member `x' (test for errors, line 15)
=== g++ Summary for unix/-march=i486 ===
# of expected passes 5796
# of unexpected failures 22
# of unexpected successes 1
# of expected failures 91
# of untested testcases 14
Running target unix/-march=i386
FAIL: g++.dg/special/conpr-1.C execution test
FAIL: g++.dg/special/conpr-2.C execution test
FAIL: g++.dg/special/conpr-3.C execution test
FAIL: g++.dg/special/conpr-3.C execution test
FAIL: g++.brendan/code-gen5.C (test for excess errors)
FAIL: g++.bugs/900407_02.C (test for excess errors)
FAIL: g++.eh/crash3.C caused compiler crash
FAIL: g++.eh/spec2.C Execution test
FAIL: g++.eh/spec3.C Execution test
FAIL: g++.ext/initp1.C Execution test
FAIL: g++.jason/inline3.C caused compiler crash
FAIL: g++.law/profile1.C (test for excess errors)
FAIL: g++.mike/dyncast1.C Execution test
FAIL: g++.mike/dyncast2.C Execution test
FAIL: g++.mike/eh33.C Execution test
FAIL: g++.mike/eh50.C Execution test
FAIL: g++.mike/eh51.C Execution test
FAIL: g++.oliva/template7.C caused compiler crash
FAIL: g++.other/badopt1.C caused compiler crash
FAIL: g++.other/debug6.C caused compiler crash
FAIL: g++.other/decl4.C caused compiler crash
FAIL: g++.other/dtor7.C caused compiler crash
FAIL: g++.other/inline7.C caused compiler crash
FAIL: g++.other/ptrmem6.C (test for excess errors)
XPASS: g++.pt/decl2.C ICE - (test for errors, line 8)
FAIL: g++.pt/memtemp89.C caused compiler crash
FAIL: g++.pt/spec14.C caused compiler crash
FAIL: g++.pt/static10.C ANSI C++ forbids in-class initialization of non-const static member `x' (test for errors, line 15)
=== g++ Summary for unix/-march=i386 ===
# of expected passes 5787
# of unexpected failures 27
# of unexpected successes 1
# of expected failures 91
# of untested testcases 14
=== g++ Summary ===
# of expected passes 17379
# of unexpected failures 71
# of unexpected successes 3
# of expected failures 273
# of untested testcases 42
/devel/src/egcs-20000410.chk/gcc/testsuite/../g++ version 2.96 20000410 (experimental)
=== g77 tests ===
Running target unix
FAIL: g77.f-torture/execute/19990325-0.f compilation, -O0
FAIL: g77.f-torture/execute/19990325-0.f compilation, -O1
FAIL: g77.f-torture/execute/19990325-0.f compilation, -O2
FAIL: g77.f-torture/execute/19990325-0.f compilation, -O2 -fomit-frame-pointer -finline-functions
FAIL: g77.f-torture/execute/19990325-0.f compilation, -Os
FAIL: g77.f-torture/execute/19990325-1.f compilation, -O0
FAIL: g77.f-torture/execute/19990325-1.f compilation, -O1
FAIL: g77.f-torture/execute/19990325-1.f compilation, -O2
FAIL: g77.f-torture/execute/19990325-1.f compilation, -O2 -fomit-frame-pointer -finline-functions
FAIL: g77.f-torture/execute/19990325-1.f compilation, -Os
FAIL: g77.f-torture/execute/short.f execution, -Os
FAIL: g77.f-torture/execute/u77-test.f compilation, -O2 -fomit-frame-pointer -finline-functions
FAIL: g77.f-torture/execute/u77-test.f compilation, -O2 -fomit-frame-pointer -finline-functions -funroll-loops
FAIL: g77.f-torture/execute/u77-test.f compilation, -O2 -fomit-frame-pointer -finline-functions -funroll-all-loops
FAIL: g77.f-torture/execute/u77-test.f compilation, -Os
=== g77 Summary for unix ===
# of expected passes 635
# of unexpected failures 15
# of untested testcases 14
Running target unix/-march=i486
FAIL: g77.f-torture/execute/19990325-0.f compilation, -O0
FAIL: g77.f-torture/execute/19990325-0.f compilation, -O1
FAIL: g77.f-torture/execute/19990325-0.f compilation, -O2
FAIL: g77.f-torture/execute/19990325-0.f compilation, -O2 -fomit-frame-pointer -finline-functions
FAIL: g77.f-torture/execute/19990325-0.f compilation, -Os
FAIL: g77.f-torture/execute/19990325-1.f compilation, -O0
FAIL: g77.f-torture/execute/19990325-1.f compilation, -O1
FAIL: g77.f-torture/execute/19990325-1.f compilation, -O2
FAIL: g77.f-torture/execute/19990325-1.f compilation, -O2 -fomit-frame-pointer -finline-functions
FAIL: g77.f-torture/execute/19990325-1.f compilation, -Os
FAIL: g77.f-torture/execute/short.f execution, -Os
FAIL: g77.f-torture/execute/u77-test.f compilation, -O2 -fomit-frame-pointer -finline-functions
FAIL: g77.f-torture/execute/u77-test.f compilation, -O2 -fomit-frame-pointer -finline-functions -funroll-loops
FAIL: g77.f-torture/execute/u77-test.f compilation, -O2 -fomit-frame-pointer -finline-functions -funroll-all-loops
FAIL: g77.f-torture/execute/u77-test.f compilation, -Os
=== g77 Summary for unix/-march=i486 ===
# of expected passes 635
# of unexpected failures 15
# of untested testcases 14
Running target unix/-march=i386
FAIL: g77.f-torture/execute/19990325-0.f compilation, -O0
FAIL: g77.f-torture/execute/19990325-0.f compilation, -O1
FAIL: g77.f-torture/execute/19990325-0.f compilation, -O2
FAIL: g77.f-torture/execute/19990325-0.f compilation, -O2 -fomit-frame-pointer -finline-functions
FAIL: g77.f-torture/execute/19990325-0.f compilation, -Os
FAIL: g77.f-torture/execute/19990325-1.f compilation, -O0
FAIL: g77.f-torture/execute/19990325-1.f compilation, -O1
FAIL: g77.f-torture/execute/19990325-1.f compilation, -O2
FAIL: g77.f-torture/execute/19990325-1.f compilation, -O2 -fomit-frame-pointer -finline-functions
FAIL: g77.f-torture/execute/19990325-1.f compilation, -Os
FAIL: g77.f-torture/execute/short.f execution, -Os
FAIL: g77.f-torture/execute/u77-test.f compilation, -O2
FAIL: g77.f-torture/execute/u77-test.f compilation, -O2 -fomit-frame-pointer -finline-functions
FAIL: g77.f-torture/execute/u77-test.f compilation, -O2 -fomit-frame-pointer -finline-functions -funroll-loops
FAIL: g77.f-torture/execute/u77-test.f compilation, -O2 -fomit-frame-pointer -finline-functions -funroll-all-loops
FAIL: g77.f-torture/execute/u77-test.f compilation, -Os
=== g77 Summary for unix/-march=i386 ===
# of expected passes 633
# of unexpected failures 16
# of untested testcases 15
=== g77 Summary ===
# of expected passes 1903
# of unexpected failures 46
# of untested testcases 43
=== objc tests ===
Running target unix
=== objc Summary for unix ===
# of expected passes 38
Running target unix/-march=i486
=== objc Summary for unix/-march=i486 ===
# of expected passes 38
Running target unix/-march=i386
=== objc Summary for unix/-march=i386 ===
# of expected passes 38
=== objc Summary ===
# of expected passes 114
/devel/src/egcs-20000410.chk/gcc/xgcc version 2.96 20000410 (experimental)
Compiler version: 2.96 20000410 (experimental)
Platform: i586-sco-sysv5uw7.1.0
configure flags: --with-gcc-version-trigger=/devel/src/egcs-20000410/gcc/version.c --host=i586-sco-sysv5uw7.1.0 --enable-checking --norecursion
Counting all warnings,
there are 338 warnings in stage3 of this bootstrap.
Number of warnings per file:
90 ../../egcs-20000410/gcc/regclass.c
33 ../../egcs-20000410/gcc/reload1.c
26 ../../egcs-20000410/gcc/combine.c
18 ../../egcs-20000410/gcc/dwarfout.c
14 ../../../egcs-20000410/gcc/f/global.c
10 ../../egcs-20000410/gcc/reg-stack.c
10 ../../../egcs-20000410/gcc/f/storag.c
8 ../../../egcs-20000410/gcc/f/lex.c
8 ../../../egcs-20000410/gcc/f/equiv.c
7 include/stdio.h
7 ../../egcs-20000410/gcc/varasm.c
6 include/stdlib.h
6 ../../egcs-20000410/gcc/reload.c
6 ../../egcs-20000410/gcc/expr.c
6 ../../../egcs-20000410/gcc/f/expr.c
5 ../../egcs-20000410/gcc/cse.c
5 ../../../egcs-20000410/libiberty/pexecute.c
4 ../../egcs-20000410/gcc/dwarf2out.c
4 ../../../egcs-20000410/gcc/f/ste.c
3 insn-recog.c
3 ../../../egcs-20000410/gcc/java/jcf-write.c
2 str-ot.j
2 str-1t.j
2 include/syslimits.h
2 /usr/include/sys/procset.h
2 ../../egcs-20000410/gcc/simplify-rtx.c
2 ../../egcs-20000410/gcc/regrename.c
2 ../../egcs-20000410/gcc/regmove.c
2 ../../egcs-20000410/gcc/gcc.c
2 ../../egcs-20000410/gcc/function.c
2 ../../egcs-20000410/gcc/fold-const.c
2 ../../egcs-20000410/gcc/emit-rtl.c
2 ../../egcs-20000410/gcc/config/i386/i386.c
2 ../../egcs-20000410/gcc/calls.c
2 ../../egcs-20000410/gcc/alias.c
2 ../../../egcs-20000410/libiberty/setenv.c
2 ../../../egcs-20000410/libiberty/getopt.c
2 ../../../egcs-20000410/gcc/f/symbol.c
2 ../../../egcs-20000410/gcc/f/std.c
2 ../../../egcs-20000410/gcc/f/com.c
2 ../../../egcs-20000410/gcc/f/bad.c
1 str-op.j
1 str-nq.j
1 str-io.j
1 str-fo.j
1 str-2t.j
1 include/time.h
1 include/sys/signal.h
1 include/signal.h
1 /usr/include/sys/types.h
1 /usr/include/sys/siginfo.h
1 /usr/include/sys/select.h
1 ./parse.y
1 ../../egcs-20000410/gcc/loop.c
1 ../../egcs-20000410/gcc/gcse.c
1 ../../egcs-20000410/gcc/expmed.c
1 ../../../egcs-20000410/gcc/cp/rtti.c
1 ../../../egcs-20000410/gcc/cp/class.c
1 ../../../egcs-20000410/gcc/cp/cfns.h
1 ../../../egcs-20000410/gcc/ch/grant.c
Number of warning types:
135 signed and unsigned type in conditional expression
82 comparison between signed and unsigned
52 Use of ANSI string concatenation
15 suggest hiding #ident from traditional C with an indented #
14 `long' switch expression not converted to `int' in ANSI C
9 `???' might be used uninitialized in this function
6 ??? format, ??? arg (arg ???)
4 variable `???' might be clobbered by `longjmp' or `vfork'
4 ignoring pragma:
4 `???' defined but not used
2 unused parameter `???'
2 initialization discards qualifiers from pointer target type
2 function `???' was previously declared within a block
2 comparison of distinct pointer types lacks a cast
1 suggest explicit braces to avoid ambiguous `else'
1 passing arg ??? of `???' from incompatible pointer type
1 implicit declaration of function `???'
1 control reaches end of non-void function
1 assignment discards qualifiers from pointer target type