This is the mail archive of the gcc-testresults@gcc.gnu.org mailing list for the GCC project.
Index Nav: | [Date Index] [Subject Index] [Author Index] [Thread Index] | |
---|---|---|
Message Nav: | [Date Prev] [Date Next] | [Thread Prev] [Thread Next] |
Native configuration is i586-sco-sysv5uw7.1.0 === libio tests === Running target unix === libio Summary for unix === # of expected passes 40 Running target unix/-march=i486 === libio Summary for unix/-march=i486 === # of expected passes 40 Running target unix/-march=i386 === libio Summary for unix/-march=i386 === # of expected passes 40 === libio Summary === # of expected passes 120 === libstdc++ tests === Running target unix === libstdc++ Summary for unix === # of expected passes 30 Running target unix/-march=i486 === libstdc++ Summary for unix/-march=i486 === # of expected passes 30 Running target unix/-march=i386 === libstdc++ Summary for unix/-march=i386 === # of expected passes 30 === libstdc++ Summary === # of expected passes 90 === gcc tests === Running target unix FAIL: gcc.c-torture/compile/20000329-1.c, -O2 FAIL: gcc.c-torture/compile/20000329-1.c, -O3 -fomit-frame-pointer FAIL: gcc.c-torture/compile/20000329-1.c, -O3 -fomit-frame-pointer -funroll-loops FAIL: gcc.c-torture/compile/20000329-1.c, -O3 -fomit-frame-pointer -funroll-all-loops -finline-functions FAIL: gcc.c-torture/compile/20000329-1.c, -O3 -g FAIL: gcc.c-torture/execute/20000225-1.c execution, -O2 FAIL: gcc.c-torture/execute/20000225-1.c execution, -O3 -fomit-frame-pointer FAIL: gcc.c-torture/execute/20000225-1.c execution, -O3 -fomit-frame-pointer -funroll-loops FAIL: gcc.c-torture/execute/20000225-1.c execution, -O3 -fomit-frame-pointer -funroll-all-loops -finline-functions FAIL: gcc.c-torture/execute/20000225-1.c execution, -O3 -g FAIL: gcc.c-torture/execute/20000225-1.c execution, -Os FAIL: gcc.c-torture/execute/991221-1.c execution, -O1 FAIL: gcc.c-torture/execute/991221-1.c execution, -O2 FAIL: gcc.c-torture/execute/991221-1.c execution, -O3 -fomit-frame-pointer FAIL: gcc.c-torture/execute/991221-1.c execution, -O3 -g FAIL: gcc.c-torture/execute/991221-1.c execution, -Os FAIL: gcc.c-torture/execute/ieee/fp-cmp-4.c compilation, -O0 FAIL: gcc.c-torture/execute/ieee/fp-cmp-4.c compilation, -O1 FAIL: gcc.c-torture/execute/ieee/fp-cmp-4.c compilation, -O2 FAIL: gcc.c-torture/execute/ieee/fp-cmp-4.c compilation, -O3 -fomit-frame-pointer FAIL: gcc.c-torture/execute/ieee/fp-cmp-4.c compilation, -O3 -fomit-frame-pointer -funroll-loops FAIL: gcc.c-torture/execute/ieee/fp-cmp-4.c compilation, -O3 -fomit-frame-pointer -funroll-all-loops -finline-functions FAIL: gcc.c-torture/execute/ieee/fp-cmp-4.c compilation, -O3 -g FAIL: gcc.c-torture/execute/ieee/fp-cmp-4.c compilation, -Os FAIL: gcc.c-torture/special/eeprof-1.c compilation, -O0 FAIL: gcc.c-torture/special/eeprof-1.c compilation, -O1 FAIL: gcc.c-torture/special/eeprof-1.c compilation, -O2 FAIL: gcc.c-torture/special/eeprof-1.c compilation, -O3 -fomit-frame-pointer FAIL: gcc.c-torture/special/eeprof-1.c compilation, -O3 -g FAIL: gcc.c-torture/special/eeprof-1.c compilation, -Os FAIL: gcc.dg/991214-1.c (test for excess errors) FAIL: gcc.dg/noreturn-1.c this function should not get any warnings (test for bogus messages, line 50) FAIL: gcc.dg/noreturn-1.c detect return from tail call (test for warnings, line 57) === gcc Summary === # of expected passes 9550 # of unexpected failures 33 # of expected failures 25 # of unresolved testcases 17 # of unsupported tests 14 /devel/src/egcs-20000403.obj/gcc/xgcc version 2.96 20000402 (experimental) === g++ tests === Running target unix FAIL: g++.dg/special/conpr-1.C execution test FAIL: g++.dg/special/conpr-2.C execution test FAIL: g++.dg/special/conpr-3.C execution test FAIL: g++.dg/special/conpr-3.C execution test FAIL: g++.brendan/code-gen5.C (test for excess errors) FAIL: g++.bugs/900407_02.C (test for excess errors) FAIL: g++.eh/crash3.C caused compiler crash FAIL: g++.eh/spec2.C Execution test FAIL: g++.eh/spec3.C Execution test FAIL: g++.ext/initp1.C Execution test FAIL: g++.law/profile1.C (test for excess errors) FAIL: g++.mike/dyncast1.C Execution test FAIL: g++.mike/dyncast2.C Execution test FAIL: g++.mike/eh33.C Execution test FAIL: g++.mike/eh50.C Execution test FAIL: g++.mike/eh51.C Execution test FAIL: g++.oliva/template7.C caused compiler crash FAIL: g++.other/badopt1.C Execution test FAIL: g++.other/ptrmem6.C (test for excess errors) FAIL: g++.pt/crash44.C (test for excess errors) XPASS: g++.pt/decl2.C ICE - (test for errors, line 8) FAIL: g++.pt/static10.C ANSI C++ forbids in-class initialization of non-const static member `x' (test for errors, line 15) === g++ Summary for unix === # of expected passes 5795 # of unexpected failures 21 # of unexpected successes 1 # of expected failures 87 # of untested testcases 14 Running target unix/-march=i486 FAIL: g++.dg/special/conpr-1.C execution test FAIL: g++.dg/special/conpr-2.C execution test FAIL: g++.dg/special/conpr-3.C execution test FAIL: g++.dg/special/conpr-3.C execution test FAIL: g++.brendan/code-gen5.C (test for excess errors) FAIL: g++.bugs/900407_02.C (test for excess errors) FAIL: g++.eh/crash3.C caused compiler crash FAIL: g++.eh/spec2.C Execution test FAIL: g++.eh/spec3.C Execution test FAIL: g++.ext/initp1.C Execution test FAIL: g++.law/profile1.C (test for excess errors) FAIL: g++.mike/dyncast1.C Execution test FAIL: g++.mike/dyncast2.C Execution test FAIL: g++.mike/eh33.C Execution test FAIL: g++.mike/eh50.C Execution test FAIL: g++.mike/eh51.C Execution test FAIL: g++.oliva/template7.C caused compiler crash FAIL: g++.other/badopt1.C Execution test FAIL: g++.other/ptrmem6.C (test for excess errors) FAIL: g++.pt/crash44.C (test for excess errors) XPASS: g++.pt/decl2.C ICE - (test for errors, line 8) FAIL: g++.pt/static10.C ANSI C++ forbids in-class initialization of non-const static member `x' (test for errors, line 15) === g++ Summary for unix/-march=i486 === # of expected passes 5795 # of unexpected failures 21 # of unexpected successes 1 # of expected failures 87 # of untested testcases 14 Running target unix/-march=i386 FAIL: g++.dg/special/conpr-1.C execution test FAIL: g++.dg/special/conpr-2.C execution test FAIL: g++.dg/special/conpr-3.C execution test FAIL: g++.dg/special/conpr-3.C execution test FAIL: g++.brendan/code-gen5.C (test for excess errors) FAIL: g++.bugs/900407_02.C (test for excess errors) FAIL: g++.eh/crash3.C caused compiler crash FAIL: g++.eh/spec2.C Execution test FAIL: g++.eh/spec3.C Execution test FAIL: g++.ext/initp1.C Execution test FAIL: g++.law/profile1.C (test for excess errors) FAIL: g++.mike/dyncast1.C Execution test FAIL: g++.mike/dyncast2.C Execution test FAIL: g++.mike/eh33.C Execution test FAIL: g++.mike/eh50.C Execution test FAIL: g++.mike/eh51.C Execution test FAIL: g++.oliva/template7.C caused compiler crash FAIL: g++.other/badopt1.C Execution test FAIL: g++.other/ptrmem6.C (test for excess errors) FAIL: g++.pt/crash44.C (test for excess errors) XPASS: g++.pt/decl2.C ICE - (test for errors, line 8) FAIL: g++.pt/static10.C ANSI C++ forbids in-class initialization of non-const static member `x' (test for errors, line 15) === g++ Summary for unix/-march=i386 === # of expected passes 5795 # of unexpected failures 21 # of unexpected successes 1 # of expected failures 87 # of untested testcases 14 === g++ Summary === # of expected passes 17385 # of unexpected failures 63 # of unexpected successes 3 # of expected failures 261 # of untested testcases 42 /devel/src/egcs-20000403.obj/gcc/testsuite/../g++ version 2.96 20000402 (experimental) === g77 tests === Running target unix FAIL: g77.f-torture/execute/19990325-0.f compilation, -O0 FAIL: g77.f-torture/execute/19990325-0.f compilation, -O1 FAIL: g77.f-torture/execute/19990325-0.f compilation, -O2 FAIL: g77.f-torture/execute/19990325-0.f compilation, -O2 -fomit-frame-pointer -finline-functions FAIL: g77.f-torture/execute/19990325-0.f compilation, -Os FAIL: g77.f-torture/execute/19990325-1.f compilation, -O0 FAIL: g77.f-torture/execute/19990325-1.f compilation, -O1 FAIL: g77.f-torture/execute/19990325-1.f compilation, -O2 FAIL: g77.f-torture/execute/19990325-1.f compilation, -O2 -fomit-frame-pointer -finline-functions FAIL: g77.f-torture/execute/19990325-1.f compilation, -Os FAIL: g77.f-torture/execute/short.f execution, -Os === g77 Summary for unix === # of expected passes 643 # of unexpected failures 11 # of untested testcases 10 Running target unix/-march=i486 FAIL: g77.f-torture/execute/19990325-0.f compilation, -O0 FAIL: g77.f-torture/execute/19990325-0.f compilation, -O1 FAIL: g77.f-torture/execute/19990325-0.f compilation, -O2 FAIL: g77.f-torture/execute/19990325-0.f compilation, -O2 -fomit-frame-pointer -finline-functions FAIL: g77.f-torture/execute/19990325-0.f compilation, -Os FAIL: g77.f-torture/execute/19990325-1.f compilation, -O0 FAIL: g77.f-torture/execute/19990325-1.f compilation, -O1 FAIL: g77.f-torture/execute/19990325-1.f compilation, -O2 FAIL: g77.f-torture/execute/19990325-1.f compilation, -O2 -fomit-frame-pointer -finline-functions FAIL: g77.f-torture/execute/19990325-1.f compilation, -Os FAIL: g77.f-torture/execute/short.f execution, -Os === g77 Summary for unix/-march=i486 === # of expected passes 643 # of unexpected failures 11 # of untested testcases 10 Running target unix/-march=i386 FAIL: g77.f-torture/execute/19990325-0.f compilation, -O0 FAIL: g77.f-torture/execute/19990325-0.f compilation, -O1 FAIL: g77.f-torture/execute/19990325-0.f compilation, -O2 FAIL: g77.f-torture/execute/19990325-0.f compilation, -O2 -fomit-frame-pointer -finline-functions FAIL: g77.f-torture/execute/19990325-0.f compilation, -Os FAIL: g77.f-torture/execute/19990325-1.f compilation, -O0 FAIL: g77.f-torture/execute/19990325-1.f compilation, -O1 FAIL: g77.f-torture/execute/19990325-1.f compilation, -O2 FAIL: g77.f-torture/execute/19990325-1.f compilation, -O2 -fomit-frame-pointer -finline-functions FAIL: g77.f-torture/execute/19990325-1.f compilation, -Os FAIL: g77.f-torture/execute/short.f execution, -Os === g77 Summary for unix/-march=i386 === # of expected passes 643 # of unexpected failures 11 # of untested testcases 10 === g77 Summary === # of expected passes 1929 # of unexpected failures 33 # of untested testcases 30 === objc tests === Running target unix === objc Summary for unix === # of expected passes 38 Running target unix/-march=i486 === objc Summary for unix/-march=i486 === # of expected passes 38 Running target unix/-march=i386 === objc Summary for unix/-march=i386 === # of expected passes 38 === objc Summary === # of expected passes 114 /devel/src/egcs-20000403.obj/gcc/xgcc version 2.96 20000402 (experimental) Compiler version: 2.96 20000402 (experimental) Platform: i586-sco-sysv5uw7.1.0 configure flags: --with-gcc-version-trigger=/devel/src/egcs-20000403/gcc/version.c --host=i586-sco-sysv5uw7.1.0 --norecursion Counting all warnings, there are 347 warnings in stage3 of this bootstrap. Number of warnings per file: 100 ../../egcs-20000403/gcc/regclass.c 37 ../../egcs-20000403/gcc/reload1.c 26 ../../egcs-20000403/gcc/combine.c 18 ../../egcs-20000403/gcc/dwarfout.c 14 ../../../egcs-20000403/gcc/f/global.c 10 ../../egcs-20000403/gcc/reg-stack.c 10 ../../../egcs-20000403/gcc/f/storag.c 8 ../../../egcs-20000403/gcc/f/lex.c 8 ../../../egcs-20000403/gcc/f/equiv.c 7 include/stdio.h 7 ../../egcs-20000403/gcc/varasm.c 7 ../../egcs-20000403/gcc/reload.c 6 include/stdlib.h 6 ../../egcs-20000403/gcc/expr.c 6 ../../../egcs-20000403/gcc/f/expr.c 5 ../../egcs-20000403/gcc/cse.c 5 ../../../egcs-20000403/libiberty/pexecute.c 4 ../../egcs-20000403/gcc/dwarf2out.c 4 ../../../egcs-20000403/gcc/f/ste.c 2 str-ot.j 2 str-1t.j 2 include/syslimits.h 2 /usr/include/sys/procset.h 2 ../../egcs-20000403/gcc/stor-layout.c 2 ../../egcs-20000403/gcc/simplify-rtx.c 2 ../../egcs-20000403/gcc/regmove.c 2 ../../egcs-20000403/gcc/function.c 2 ../../egcs-20000403/gcc/fold-const.c 2 ../../egcs-20000403/gcc/config/i386/i386.c 2 ../../egcs-20000403/gcc/calls.c 2 ../../egcs-20000403/gcc/alias.c 2 ../../../egcs-20000403/libiberty/setenv.c 2 ../../../egcs-20000403/libiberty/getopt.c 2 ../../../egcs-20000403/gcc/f/symbol.c 2 ../../../egcs-20000403/gcc/f/std.c 2 ../../../egcs-20000403/gcc/f/com.c 2 ../../../egcs-20000403/gcc/f/bad.c 1 str-op.j 1 str-nq.j 1 str-io.j 1 str-fo.j 1 str-2t.j 1 include/time.h 1 include/sys/signal.h 1 include/signal.h 1 /usr/include/sys/types.h 1 /usr/include/sys/siginfo.h 1 /usr/include/sys/select.h 1 /usr/include/sys/file.h 1 ./parse.y 1 ../../egcs-20000403/gcc/stmt.c 1 ../../egcs-20000403/gcc/loop.c 1 ../../egcs-20000403/gcc/gcc.c 1 ../../egcs-20000403/gcc/expmed.c 1 ../../egcs-20000403/gcc/dbxout.c 1 ../../../egcs-20000403/gcc/java/jcf-write.c 1 ../../../egcs-20000403/gcc/cp/rtti.c 1 ../../../egcs-20000403/gcc/cp/class.c 1 ../../../egcs-20000403/gcc/cp/cfns.h 1 ../../../egcs-20000403/gcc/ch/grant.c Number of warning types: 150 signed and unsigned type in conditional expression 84 comparison between signed and unsigned 52 Use of ANSI string concatenation 15 traditional C rejects #ident unless the # is indented 14 `long' switch expression not converted to `int' in ANSI C 7 `???' might be used uninitialized in this function 6 ??? format, ??? arg (arg ???) 4 variable `???' might be clobbered by `longjmp' or `vfork' 4 ignoring pragma: 4 `???' defined but not used 2 unused parameter `???' 1 suggest explicit braces to avoid ambiguous `else' 1 empty body in an if-statement 1 control reaches end of non-void function 1 assignment discards qualifiers from pointer target type 1 `???' within comment
Index Nav: | [Date Index] [Subject Index] [Author Index] [Thread Index] | |
---|---|---|
Message Nav: | [Date Prev] [Date Next] | [Thread Prev] [Thread Next] |