This is the mail archive of the
gcc-testresults@gcc.gnu.org
mailing list for the GCC project.
Results for haifa-enabled 2.96 20000327 (experimental) testsuite on i586-pc-linux-gnulibc1
- To: gcc-testresults at gcc dot gnu dot org
- Subject: Results for haifa-enabled 2.96 20000327 (experimental) testsuite on i586-pc-linux-gnulibc1
- From: "David W. Schuler" <schuld at apache dot btv dot ibm dot com>
- Date: Tue, 4 Apr 2000 12:33:10 -0400
Native configuration is i586-pc-linux-gnulibc1
=== libio tests ===
Running target unix
FAIL: hounddog.cc compilation
FAIL: hounddog.cc compilation -b0
FAIL: hounddog.cc compilation -b2
FAIL: putbackdog.cc compilation
FAIL: putbackdog.cc compilation -b0
FAIL: putbackdog.cc compilation -b2
FAIL: tFile.cc compilation
FAIL: tFile.cc compilation -b0
FAIL: tFile.cc compilation -b3
=== libio Summary ===
# of expected passes 13
# of unexpected failures 9
# of expected failures 18
=== libstdc++ tests ===
Running target unix
FAIL: tlist.cc compilation
FAIL: tlist.cc -O compilation
FAIL: tmap.cc compilation
FAIL: tmap.cc -O compilation
FAIL: tstring.cc compilation
FAIL: tstring.cc -O compilation
FAIL: tvector.cc compilation
FAIL: tvector.cc -O compilation
=== libstdc++ Summary ===
# of expected passes 6
# of unexpected failures 8
# of expected failures 16
=== gcc tests ===
Running target unix
FAIL: gcc.c-torture/execute/20000225-1.c execution, -O2
FAIL: gcc.c-torture/execute/20000225-1.c execution, -O3 -fomit-frame-pointer
FAIL: gcc.c-torture/execute/20000225-1.c execution, -O3 -fomit-frame-pointer -funroll-loops
FAIL: gcc.c-torture/execute/20000225-1.c execution, -O3 -fomit-frame-pointer -funroll-all-loops -finline-functions
FAIL: gcc.c-torture/execute/20000225-1.c execution, -O3 -g
FAIL: gcc.c-torture/execute/20000225-1.c execution, -Os
FAIL: gcc.c-torture/execute/20000313-1.c execution, -O1
FAIL: gcc.c-torture/execute/20000313-1.c execution, -O2
FAIL: gcc.c-torture/execute/20000313-1.c execution, -Os
=== gcc Summary ===
# of expected passes 3454
# of unexpected failures 9
# of expected failures 7
# of unsupported tests 1
/usr/local/src.local/egcs-linux/gcc/xgcc version 2.96 20000327 (experimental)
=== g++ tests ===
Running target unix
FAIL: g++.dg/special/conpr-1.C execution test
FAIL: g++.dg/special/conpr-2.C execution test
FAIL: g++.dg/special/conpr-3.C execution test
FAIL: g++.dg/special/conpr-3.C execution test
FAIL: g++.abi/bitfields.C (test for excess errors)
FAIL: g++.eh/crash3.C caused compiler crash
FAIL: g++.ext/initp1.C Execution test
FAIL: g++.mike/dyncast7.C (test for excess errors)
FAIL: g++.mike/eh13.C (test for excess errors)
FAIL: g++.oliva/template7.C caused compiler crash
FAIL: g++.other/inline7.C (test for excess errors)
FAIL: g++.other/inline8.C (test for excess errors)
FAIL: g++.robertl/eb130.C (test for excess errors)
FAIL: g++.robertl/eb132.C (test for excess errors)
FAIL: g++.robertl/eb73.C (test for excess errors)
=== g++ Summary ===
# of expected passes 5801
# of unexpected failures 15
# of expected failures 89
# of untested testcases 8
/usr/local/src.local/egcs-linux/gcc/testsuite/../g++ version 2.96 20000327 (experimental)
=== g77 tests ===
Running target unix
FAIL: g77.f-torture/execute/19990325-0.f compilation, -O0
FAIL: g77.f-torture/execute/19990325-0.f compilation, -O1
FAIL: g77.f-torture/execute/19990325-0.f compilation, -O2
FAIL: g77.f-torture/execute/19990325-0.f compilation, -O2 -fomit-frame-pointer -finline-functions
FAIL: g77.f-torture/execute/19990325-0.f compilation, -Os
FAIL: g77.f-torture/execute/19990325-1.f compilation, -O0
FAIL: g77.f-torture/execute/19990325-1.f compilation, -O1
FAIL: g77.f-torture/execute/19990325-1.f compilation, -O2
FAIL: g77.f-torture/execute/19990325-1.f compilation, -O2 -fomit-frame-pointer -finline-functions
FAIL: g77.f-torture/execute/19990325-1.f compilation, -Os
FAIL: g77.f-torture/execute/short.f execution, -Os
=== g77 Summary ===
# of expected passes 643
# of unexpected failures 11
# of untested testcases 10
=== objc tests ===
Running target unix
=== objc Summary ===
# of expected passes 38
/usr/local/src.local/egcs-linux/gcc/xgcc version 2.96 20000327 (experimental)
Compiler version: haifa-enabled 2.96 20000327 (experimental)
Platform: i586-pc-linux-gnulibc1
configure flags: --with-gcc-version-trigger=/usr/local/src.misc/egcs/gcc/version.c --host=i586-pc-linux-gnulibc1 --prefix=/usr/local/egcs --enable-haifa --enable-multilib --norecursion