This is the mail archive of the
gcc-testresults@gcc.gnu.org
mailing list for the GCC project.
Results for 2.96 20000402 (experimental) testsuite on powerpc-redhat-linux-gnu
- To: gcc-testresults at gcc dot gnu dot org
- Subject: Results for 2.96 20000402 (experimental) testsuite on powerpc-redhat-linux-gnu
- From: Franz Sirl <fsirl at entropy dot crashing dot org>
- Date: Sun, 2 Apr 2000 14:12:53 -0700
Environment:
binutils-2.9.5.0.27
glibc-2.1.3
linux-2.2.15pre11
Patches:
http://gcc.gnu.org/ml/gcc-patches/1999-11n/msg00616.html
workaround LOG_LINKS checking abort in combine.c (me)
Native configuration is powerpc-redhat-linux-gnu
=== libio tests ===
Running target unix/-O2
=== libio Summary for unix/-O2 ===
# of expected passes 40
Running target unix/-fpic
=== libio Summary for unix/-fpic ===
# of expected passes 40
Running target unix/-fPIC
=== libio Summary for unix/-fPIC ===
# of expected passes 40
Running target unix
=== libio Summary for unix ===
# of expected passes 40
=== libio Summary ===
# of expected passes 160
=== libstdc++ tests ===
Running target unix/-O2
=== libstdc++ Summary for unix/-O2 ===
# of expected passes 30
Running target unix/-fpic
=== libstdc++ Summary for unix/-fpic ===
# of expected passes 30
Running target unix/-fPIC
=== libstdc++ Summary for unix/-fPIC ===
# of expected passes 30
Running target unix
=== libstdc++ Summary for unix ===
# of expected passes 30
=== libstdc++ Summary ===
# of expected passes 120
=== gcc tests ===
Running target unix/-O2
FAIL: gcc.c-torture/compile/981211-1.c, -O0
FAIL: gcc.c-torture/compile/981211-1.c, -O1
FAIL: gcc.c-torture/compile/981211-1.c, -O2
FAIL: gcc.c-torture/compile/981211-1.c, -O3 -fomit-frame-pointer
FAIL: gcc.c-torture/compile/981211-1.c, -O3 -g
FAIL: gcc.c-torture/compile/981211-1.c, -Os
FAIL: gcc.c-torture/execute/20000225-1.c execution, -O0
FAIL: gcc.c-torture/execute/20000225-1.c execution, -O1
FAIL: gcc.c-torture/execute/20000225-1.c execution, -O2
FAIL: gcc.c-torture/execute/20000225-1.c execution, -O3 -fomit-frame-pointer
FAIL: gcc.c-torture/execute/20000225-1.c execution, -O3 -fomit-frame-pointer -funroll-loops
FAIL: gcc.c-torture/execute/20000225-1.c execution, -O3 -fomit-frame-pointer -funroll-all-loops -finline-functions
FAIL: gcc.c-torture/execute/20000225-1.c execution, -O3 -g
FAIL: gcc.c-torture/execute/20000225-1.c execution, -Os
FAIL: gcc.c-torture/execute/991221-1.c execution, -O0
FAIL: gcc.c-torture/execute/991221-1.c execution, -O1
FAIL: gcc.c-torture/execute/991221-1.c execution, -O2
FAIL: gcc.c-torture/execute/991221-1.c execution, -O3 -fomit-frame-pointer
FAIL: gcc.c-torture/execute/991221-1.c execution, -O3 -g
FAIL: gcc.c-torture/execute/991221-1.c execution, -Os
FAIL: gcc.c-torture/noncompile/920616-2.c
FAIL: gcc.c-torture/noncompile/920616-2.c
FAIL: gcc.c-torture/noncompile/920616-2.c
FAIL: gcc.c-torture/noncompile/920616-2.c
FAIL: gcc.c-torture/noncompile/920616-2.c
FAIL: gcc.c-torture/noncompile/920616-2.c
FAIL: gcc.c-torture/noncompile/920616-2.c
FAIL: gcc.c-torture/noncompile/920616-2.c
FAIL: gcc.c-torture/noncompile/921116-1.c
FAIL: gcc.c-torture/noncompile/921116-1.c
FAIL: gcc.c-torture/noncompile/921116-1.c
FAIL: gcc.c-torture/noncompile/921116-1.c
FAIL: gcc.c-torture/noncompile/921116-1.c
FAIL: gcc.c-torture/noncompile/921116-1.c
FAIL: gcc.c-torture/noncompile/921116-1.c
FAIL: gcc.c-torture/noncompile/921116-1.c
FAIL: gcc.dg/cpp-redef-2.c anon varargs (test for warnings, line 15)
FAIL: gcc.dg/cpp-tradwarn1.c ^#kandr (test for bogus messages, line 7)
FAIL: gcc.dg/cpp-tradwarn1.c ^# kandr (test for bogus messages, line 8)
FAIL: gcc.dg/cpp-tradwarn1.c ^ # kandr (test for warnings, line 10)
FAIL: gcc.dg/cpp-tradwarn1.c ^#c89 (test for warnings, line 14)
FAIL: gcc.dg/cpp-tradwarn1.c ^# c89 (test for warnings, line 15)
FAIL: gcc.dg/cpp-tradwarn1.c ^#ext (test for warnings, line 22)
FAIL: gcc.dg/cpp-tradwarn1.c ^# ext (test for warnings, line 23)
=== gcc Summary for unix/-O2 ===
# of expected passes 9449
# of unexpected failures 44
# of expected failures 31
# of unsupported tests 28
Running target unix/-fpic
FAIL: gcc.c-torture/compile/981211-1.c, -O0
FAIL: gcc.c-torture/compile/981211-1.c, -O1
FAIL: gcc.c-torture/compile/981211-1.c, -O2
FAIL: gcc.c-torture/compile/981211-1.c, -O3 -fomit-frame-pointer
FAIL: gcc.c-torture/compile/981211-1.c, -O3 -g
FAIL: gcc.c-torture/compile/981211-1.c, -Os
FAIL: gcc.c-torture/execute/20000225-1.c execution, -O2
FAIL: gcc.c-torture/execute/20000225-1.c execution, -O3 -fomit-frame-pointer
FAIL: gcc.c-torture/execute/20000225-1.c execution, -O3 -fomit-frame-pointer -funroll-loops
FAIL: gcc.c-torture/execute/20000225-1.c execution, -O3 -fomit-frame-pointer -funroll-all-loops -finline-functions
FAIL: gcc.c-torture/execute/20000225-1.c execution, -O3 -g
FAIL: gcc.c-torture/execute/20000225-1.c execution, -Os
FAIL: gcc.c-torture/execute/991221-1.c execution, -O1
FAIL: gcc.c-torture/execute/991221-1.c execution, -O2
FAIL: gcc.c-torture/execute/991221-1.c execution, -O3 -fomit-frame-pointer
FAIL: gcc.c-torture/execute/991221-1.c execution, -O3 -g
FAIL: gcc.c-torture/execute/991221-1.c execution, -Os
FAIL: gcc.c-torture/noncompile/920616-2.c
FAIL: gcc.c-torture/noncompile/920616-2.c
FAIL: gcc.c-torture/noncompile/920616-2.c
FAIL: gcc.c-torture/noncompile/920616-2.c
FAIL: gcc.c-torture/noncompile/920616-2.c
FAIL: gcc.c-torture/noncompile/920616-2.c
FAIL: gcc.c-torture/noncompile/920616-2.c
FAIL: gcc.c-torture/noncompile/920616-2.c
FAIL: gcc.c-torture/noncompile/921116-1.c
FAIL: gcc.c-torture/noncompile/921116-1.c
FAIL: gcc.c-torture/noncompile/921116-1.c
FAIL: gcc.c-torture/noncompile/921116-1.c
FAIL: gcc.c-torture/noncompile/921116-1.c
FAIL: gcc.c-torture/noncompile/921116-1.c
FAIL: gcc.c-torture/noncompile/921116-1.c
FAIL: gcc.c-torture/noncompile/921116-1.c
FAIL: gcc.dg/cpp-redef-2.c anon varargs (test for warnings, line 15)
FAIL: gcc.dg/cpp-tradwarn1.c ^#kandr (test for bogus messages, line 7)
FAIL: gcc.dg/cpp-tradwarn1.c ^# kandr (test for bogus messages, line 8)
FAIL: gcc.dg/cpp-tradwarn1.c ^ # kandr (test for warnings, line 10)
FAIL: gcc.dg/cpp-tradwarn1.c ^#c89 (test for warnings, line 14)
FAIL: gcc.dg/cpp-tradwarn1.c ^# c89 (test for warnings, line 15)
FAIL: gcc.dg/cpp-tradwarn1.c ^#ext (test for warnings, line 22)
FAIL: gcc.dg/cpp-tradwarn1.c ^# ext (test for warnings, line 23)
=== gcc Summary for unix/-fpic ===
# of expected passes 9452
# of unexpected failures 41
# of expected failures 31
# of unsupported tests 28
Running target unix/-fPIC
FAIL: gcc.c-torture/compile/981211-1.c, -O0
FAIL: gcc.c-torture/compile/981211-1.c, -O1
FAIL: gcc.c-torture/compile/981211-1.c, -O2
FAIL: gcc.c-torture/compile/981211-1.c, -O3 -fomit-frame-pointer
FAIL: gcc.c-torture/compile/981211-1.c, -O3 -g
FAIL: gcc.c-torture/compile/981211-1.c, -Os
FAIL: gcc.c-torture/execute/20000225-1.c execution, -O2
FAIL: gcc.c-torture/execute/20000225-1.c execution, -O3 -fomit-frame-pointer
FAIL: gcc.c-torture/execute/20000225-1.c execution, -O3 -fomit-frame-pointer -funroll-loops
FAIL: gcc.c-torture/execute/20000225-1.c execution, -O3 -fomit-frame-pointer -funroll-all-loops -finline-functions
FAIL: gcc.c-torture/execute/20000225-1.c execution, -O3 -g
FAIL: gcc.c-torture/execute/20000225-1.c execution, -Os
FAIL: gcc.c-torture/execute/991221-1.c execution, -O1
FAIL: gcc.c-torture/execute/991221-1.c execution, -O2
FAIL: gcc.c-torture/execute/991221-1.c execution, -O3 -fomit-frame-pointer
FAIL: gcc.c-torture/execute/991221-1.c execution, -O3 -g
FAIL: gcc.c-torture/execute/991221-1.c execution, -Os
FAIL: gcc.c-torture/noncompile/920616-2.c
FAIL: gcc.c-torture/noncompile/920616-2.c
FAIL: gcc.c-torture/noncompile/920616-2.c
FAIL: gcc.c-torture/noncompile/920616-2.c
FAIL: gcc.c-torture/noncompile/920616-2.c
FAIL: gcc.c-torture/noncompile/920616-2.c
FAIL: gcc.c-torture/noncompile/920616-2.c
FAIL: gcc.c-torture/noncompile/920616-2.c
FAIL: gcc.c-torture/noncompile/921116-1.c
FAIL: gcc.c-torture/noncompile/921116-1.c
FAIL: gcc.c-torture/noncompile/921116-1.c
FAIL: gcc.c-torture/noncompile/921116-1.c
FAIL: gcc.c-torture/noncompile/921116-1.c
FAIL: gcc.c-torture/noncompile/921116-1.c
FAIL: gcc.c-torture/noncompile/921116-1.c
FAIL: gcc.c-torture/noncompile/921116-1.c
FAIL: gcc.dg/cpp-redef-2.c anon varargs (test for warnings, line 15)
FAIL: gcc.dg/cpp-tradwarn1.c ^#kandr (test for bogus messages, line 7)
FAIL: gcc.dg/cpp-tradwarn1.c ^# kandr (test for bogus messages, line 8)
FAIL: gcc.dg/cpp-tradwarn1.c ^ # kandr (test for warnings, line 10)
FAIL: gcc.dg/cpp-tradwarn1.c ^#c89 (test for warnings, line 14)
FAIL: gcc.dg/cpp-tradwarn1.c ^# c89 (test for warnings, line 15)
FAIL: gcc.dg/cpp-tradwarn1.c ^#ext (test for warnings, line 22)
FAIL: gcc.dg/cpp-tradwarn1.c ^# ext (test for warnings, line 23)
=== gcc Summary for unix/-fPIC ===
# of expected passes 9452
# of unexpected failures 41
# of expected failures 31
# of unsupported tests 28
Running target unix
FAIL: gcc.c-torture/compile/981211-1.c, -O0
FAIL: gcc.c-torture/compile/981211-1.c, -O1
FAIL: gcc.c-torture/compile/981211-1.c, -O2
FAIL: gcc.c-torture/compile/981211-1.c, -O3 -fomit-frame-pointer
FAIL: gcc.c-torture/compile/981211-1.c, -O3 -g
FAIL: gcc.c-torture/compile/981211-1.c, -Os
FAIL: gcc.c-torture/execute/20000225-1.c execution, -O2
FAIL: gcc.c-torture/execute/20000225-1.c execution, -O3 -fomit-frame-pointer
FAIL: gcc.c-torture/execute/20000225-1.c execution, -O3 -fomit-frame-pointer -funroll-loops
FAIL: gcc.c-torture/execute/20000225-1.c execution, -O3 -fomit-frame-pointer -funroll-all-loops -finline-functions
FAIL: gcc.c-torture/execute/20000225-1.c execution, -O3 -g
FAIL: gcc.c-torture/execute/20000225-1.c execution, -Os
FAIL: gcc.c-torture/execute/991221-1.c execution, -O1
FAIL: gcc.c-torture/execute/991221-1.c execution, -O2
FAIL: gcc.c-torture/execute/991221-1.c execution, -O3 -fomit-frame-pointer
FAIL: gcc.c-torture/execute/991221-1.c execution, -O3 -g
FAIL: gcc.c-torture/execute/991221-1.c execution, -Os
FAIL: gcc.c-torture/noncompile/920616-2.c
FAIL: gcc.c-torture/noncompile/920616-2.c
FAIL: gcc.c-torture/noncompile/920616-2.c
FAIL: gcc.c-torture/noncompile/920616-2.c
FAIL: gcc.c-torture/noncompile/920616-2.c
FAIL: gcc.c-torture/noncompile/920616-2.c
FAIL: gcc.c-torture/noncompile/920616-2.c
FAIL: gcc.c-torture/noncompile/920616-2.c
FAIL: gcc.c-torture/noncompile/921116-1.c
FAIL: gcc.c-torture/noncompile/921116-1.c
FAIL: gcc.c-torture/noncompile/921116-1.c
FAIL: gcc.c-torture/noncompile/921116-1.c
FAIL: gcc.c-torture/noncompile/921116-1.c
FAIL: gcc.c-torture/noncompile/921116-1.c
FAIL: gcc.c-torture/noncompile/921116-1.c
FAIL: gcc.c-torture/noncompile/921116-1.c
FAIL: gcc.dg/cpp-redef-2.c anon varargs (test for warnings, line 15)
FAIL: gcc.dg/cpp-tradwarn1.c ^#kandr (test for bogus messages, line 7)
FAIL: gcc.dg/cpp-tradwarn1.c ^# kandr (test for bogus messages, line 8)
FAIL: gcc.dg/cpp-tradwarn1.c ^ # kandr (test for warnings, line 10)
FAIL: gcc.dg/cpp-tradwarn1.c ^#c89 (test for warnings, line 14)
FAIL: gcc.dg/cpp-tradwarn1.c ^# c89 (test for warnings, line 15)
FAIL: gcc.dg/cpp-tradwarn1.c ^#ext (test for warnings, line 22)
FAIL: gcc.dg/cpp-tradwarn1.c ^# ext (test for warnings, line 23)
=== gcc Summary for unix ===
# of expected passes 9452
# of unexpected failures 41
# of expected failures 31
# of unsupported tests 28
=== gcc Summary ===
# of expected passes 37805
# of unexpected failures 167
# of expected failures 124
# of unsupported tests 112
/home/fsirl/obj/gccm/gcc/xgcc version 2.96 20000402 (experimental)
=== g++ tests ===
Running target unix/-O2
FAIL: g++.bugs/900205_03.C (test for errors, line 28)
FAIL: g++.bugs/900205_03.C (test for errors, line 31)
XPASS: g++.jason/template18.C (test for excess errors)
XPASS: g++.jason/template18.C Execution test
FAIL: g++.law/operators17.C (test for errors, line 11)
FAIL: g++.oliva/template7.C caused compiler crash
FAIL: g++.pt/friend32.C caused compiler crash
FAIL: g++.pt/memtemp89.C caused compiler crash
=== g++ Summary for unix/-O2 ===
# of expected passes 5796
# of unexpected failures 6
# of unexpected successes 2
# of expected failures 88
# of untested testcases 18
Running target unix/-fpic
FAIL: g++.oliva/template7.C caused compiler crash
FAIL: g++.pt/friend32.C caused compiler crash
FAIL: g++.pt/memtemp89.C caused compiler crash
=== g++ Summary for unix/-fpic ===
# of expected passes 5799
# of unexpected failures 3
# of expected failures 90
# of untested testcases 18
Running target unix/-fPIC
FAIL: g++.oliva/template7.C caused compiler crash
FAIL: g++.pt/friend32.C caused compiler crash
FAIL: g++.pt/memtemp89.C caused compiler crash
=== g++ Summary for unix/-fPIC ===
# of expected passes 5799
# of unexpected failures 3
# of expected failures 90
# of untested testcases 18
Running target unix
FAIL: g++.oliva/template7.C caused compiler crash
FAIL: g++.pt/friend32.C caused compiler crash
FAIL: g++.pt/memtemp89.C caused compiler crash
=== g++ Summary for unix ===
# of expected passes 5799
# of unexpected failures 3
# of expected failures 90
# of untested testcases 18
=== g++ Summary ===
# of expected passes 23193
# of unexpected failures 15
# of unexpected successes 2
# of expected failures 358
# of untested testcases 72
/home/fsirl/obj/gccm/gcc/testsuite/../g++ version 2.96 20000402 (experimental)
=== g77 tests ===
Running target unix/-O2
FAIL: g77.f-torture/execute/19990325-0.f compilation, -O0
FAIL: g77.f-torture/execute/19990325-0.f compilation, -O1
FAIL: g77.f-torture/execute/19990325-0.f compilation, -O2
FAIL: g77.f-torture/execute/19990325-0.f compilation, -O2 -fomit-frame-pointer -finline-functions
FAIL: g77.f-torture/execute/19990325-0.f compilation, -Os
FAIL: g77.f-torture/execute/19990325-1.f compilation, -O0
FAIL: g77.f-torture/execute/19990325-1.f compilation, -O1
FAIL: g77.f-torture/execute/19990325-1.f compilation, -O2
FAIL: g77.f-torture/execute/19990325-1.f compilation, -O2 -fomit-frame-pointer -finline-functions
FAIL: g77.f-torture/execute/19990325-1.f compilation, -Os
=== g77 Summary for unix/-O2 ===
# of expected passes 644
# of unexpected failures 10
# of untested testcases 10
Running target unix/-fpic
FAIL: g77.f-torture/execute/19990325-0.f compilation, -O0
FAIL: g77.f-torture/execute/19990325-0.f compilation, -O1
FAIL: g77.f-torture/execute/19990325-0.f compilation, -O2
FAIL: g77.f-torture/execute/19990325-0.f compilation, -O2 -fomit-frame-pointer -finline-functions
FAIL: g77.f-torture/execute/19990325-0.f compilation, -Os
FAIL: g77.f-torture/execute/19990325-1.f compilation, -O0
FAIL: g77.f-torture/execute/19990325-1.f compilation, -O1
FAIL: g77.f-torture/execute/19990325-1.f compilation, -O2
FAIL: g77.f-torture/execute/19990325-1.f compilation, -O2 -fomit-frame-pointer -finline-functions
FAIL: g77.f-torture/execute/19990325-1.f compilation, -Os
=== g77 Summary for unix/-fpic ===
# of expected passes 644
# of unexpected failures 10
# of untested testcases 10
Running target unix/-fPIC
FAIL: g77.f-torture/execute/19990325-0.f compilation, -O0
FAIL: g77.f-torture/execute/19990325-0.f compilation, -O1
FAIL: g77.f-torture/execute/19990325-0.f compilation, -O2
FAIL: g77.f-torture/execute/19990325-0.f compilation, -O2 -fomit-frame-pointer -finline-functions
FAIL: g77.f-torture/execute/19990325-0.f compilation, -Os
FAIL: g77.f-torture/execute/19990325-1.f compilation, -O0
FAIL: g77.f-torture/execute/19990325-1.f compilation, -O1
FAIL: g77.f-torture/execute/19990325-1.f compilation, -O2
FAIL: g77.f-torture/execute/19990325-1.f compilation, -O2 -fomit-frame-pointer -finline-functions
FAIL: g77.f-torture/execute/19990325-1.f compilation, -Os
=== g77 Summary for unix/-fPIC ===
# of expected passes 644
# of unexpected failures 10
# of untested testcases 10
Running target unix
FAIL: g77.f-torture/execute/19990325-0.f compilation, -O0
FAIL: g77.f-torture/execute/19990325-0.f compilation, -O1
FAIL: g77.f-torture/execute/19990325-0.f compilation, -O2
FAIL: g77.f-torture/execute/19990325-0.f compilation, -O2 -fomit-frame-pointer -finline-functions
FAIL: g77.f-torture/execute/19990325-0.f compilation, -Os
FAIL: g77.f-torture/execute/19990325-1.f compilation, -O0
FAIL: g77.f-torture/execute/19990325-1.f compilation, -O1
FAIL: g77.f-torture/execute/19990325-1.f compilation, -O2
FAIL: g77.f-torture/execute/19990325-1.f compilation, -O2 -fomit-frame-pointer -finline-functions
FAIL: g77.f-torture/execute/19990325-1.f compilation, -Os
=== g77 Summary for unix ===
# of expected passes 644
# of unexpected failures 10
# of untested testcases 10
=== g77 Summary ===
# of expected passes 2576
# of unexpected failures 40
# of untested testcases 40
=== objc tests ===
Running target unix/-O2
FAIL: objc/execute/bf-10.m execution, -O
FAIL: objc/execute/bf-11.m execution, -O
FAIL: objc/execute/bf-12.m execution, -O
FAIL: objc/execute/bf-5.m execution, -O
FAIL: objc/execute/bf-6.m execution, -O
FAIL: objc/execute/bf-7.m execution, -O
FAIL: objc/execute/bf-8.m execution, -O
FAIL: objc/execute/bf-9.m execution, -O
=== objc Summary for unix/-O2 ===
# of expected passes 30
# of unexpected failures 8
Running target unix/-fpic
FAIL: objc/execute/bf-10.m execution, -O
FAIL: objc/execute/bf-11.m execution, -O
FAIL: objc/execute/bf-12.m execution, -O
FAIL: objc/execute/bf-5.m execution, -O
FAIL: objc/execute/bf-6.m execution, -O
FAIL: objc/execute/bf-7.m execution, -O
FAIL: objc/execute/bf-8.m execution, -O
FAIL: objc/execute/bf-9.m execution, -O
=== objc Summary for unix/-fpic ===
# of expected passes 30
# of unexpected failures 8
Running target unix/-fPIC
FAIL: objc/execute/bf-10.m execution, -O
FAIL: objc/execute/bf-11.m execution, -O
FAIL: objc/execute/bf-12.m execution, -O
FAIL: objc/execute/bf-5.m execution, -O
FAIL: objc/execute/bf-6.m execution, -O
FAIL: objc/execute/bf-7.m execution, -O
FAIL: objc/execute/bf-8.m execution, -O
FAIL: objc/execute/bf-9.m execution, -O
=== objc Summary for unix/-fPIC ===
# of expected passes 30
# of unexpected failures 8
Running target unix
FAIL: objc/execute/bf-10.m execution, -O
FAIL: objc/execute/bf-11.m execution, -O
FAIL: objc/execute/bf-12.m execution, -O
FAIL: objc/execute/bf-5.m execution, -O
FAIL: objc/execute/bf-6.m execution, -O
FAIL: objc/execute/bf-7.m execution, -O
FAIL: objc/execute/bf-8.m execution, -O
FAIL: objc/execute/bf-9.m execution, -O
=== objc Summary for unix ===
# of expected passes 30
# of unexpected failures 8
=== objc Summary ===
# of expected passes 120
# of unexpected failures 32
/home/fsirl/obj/gccm/gcc/xgcc version 2.96 20000402 (experimental)
Compiler version: 2.96 20000402 (experimental)
Platform: powerpc-redhat-linux-gnu
configure flags: --with-gcc-version-trigger=/home/fsirl/cvsx/gccm/gcc/version.c --host=ppc-redhat-linux --prefix=/home/fsirl/gnubin --enable-shared --enable-threads --disable-subdir-texinfo --enable-checking=gc,misc,tree --norecursion