This is the mail archive of the
gcc-testresults@gcc.gnu.org
mailing list for the GCC project.
Results for 2.96 20000313 (experimental) testsuite on powerpc-redhat-linux-gnu
- To: gcc-testresults at gcc dot gnu dot org
- Subject: Results for 2.96 20000313 (experimental) testsuite on powerpc-redhat-linux-gnu
- From: Franz Sirl <fsirl at entropy dot crashing dot org>
- Date: Mon, 13 Mar 2000 12:47:00 -0700
Environment:
binutils-2.9.5.0.27
glibc-2.1.3
linux-2.2.15pre11
Patches:
http://gcc.gnu.org/ml/gcc-patches/1999-11n/msg00616.html
workaround LOG_LINKS checking abort in combine.c (me)
newppc-branch
Native configuration is powerpc-redhat-linux-gnu
=== libstdc++ tests ===
Running target unix/-O2
=== libstdc++ Summary for unix/-O2 ===
# of expected passes 30
Running target unix/-fpic
=== libstdc++ Summary for unix/-fpic ===
# of expected passes 30
Running target unix/-fPIC
=== libstdc++ Summary for unix/-fPIC ===
# of expected passes 30
Running target unix
=== libstdc++ Summary for unix ===
# of expected passes 30
=== libstdc++ Summary ===
# of expected passes 120
=== gcc tests ===
Running target unix/-O2
FAIL: gcc.c-torture/execute/20000225-1.c execution, -O0
FAIL: gcc.c-torture/execute/20000225-1.c execution, -O1
FAIL: gcc.c-torture/execute/20000225-1.c execution, -O2
FAIL: gcc.c-torture/execute/20000225-1.c execution, -O3 -fomit-frame-pointer
FAIL: gcc.c-torture/execute/20000225-1.c execution, -O3 -fomit-frame-pointer -funroll-loops
FAIL: gcc.c-torture/execute/20000225-1.c execution, -O3 -fomit-frame-pointer -funroll-all-loops -finline-functions
FAIL: gcc.c-torture/execute/20000225-1.c execution, -O3 -g
FAIL: gcc.c-torture/execute/20000225-1.c execution, -Os
FAIL: gcc.c-torture/execute/920428-2.c execution, -O0
FAIL: gcc.c-torture/execute/920428-2.c execution, -O1
FAIL: gcc.c-torture/execute/920428-2.c execution, -O2
FAIL: gcc.c-torture/execute/920428-2.c execution, -O3 -fomit-frame-pointer
FAIL: gcc.c-torture/execute/920428-2.c execution, -O3 -g
FAIL: gcc.c-torture/execute/920428-2.c execution, -Os
FAIL: gcc.c-torture/execute/920501-7.c execution, -O0
FAIL: gcc.c-torture/execute/920501-7.c execution, -O1
FAIL: gcc.c-torture/execute/920501-7.c execution, -O2
FAIL: gcc.c-torture/execute/920501-7.c execution, -O3 -fomit-frame-pointer
FAIL: gcc.c-torture/execute/920501-7.c execution, -O3 -g
FAIL: gcc.c-torture/execute/920501-7.c execution, -Os
FAIL: gcc.c-torture/execute/991202-3.c execution, -O0
FAIL: gcc.c-torture/execute/991202-3.c execution, -O1
FAIL: gcc.c-torture/execute/991202-3.c execution, -O2
FAIL: gcc.c-torture/execute/991202-3.c execution, -O3 -fomit-frame-pointer
FAIL: gcc.c-torture/execute/991202-3.c execution, -O3 -g
FAIL: gcc.c-torture/execute/991202-3.c execution, -Os
FAIL: gcc.c-torture/execute/991221-1.c execution, -O0
FAIL: gcc.c-torture/execute/991221-1.c execution, -O1
FAIL: gcc.c-torture/execute/991221-1.c execution, -O2
FAIL: gcc.c-torture/execute/991221-1.c execution, -O3 -fomit-frame-pointer
FAIL: gcc.c-torture/execute/991221-1.c execution, -O3 -g
FAIL: gcc.c-torture/execute/991221-1.c execution, -Os
FAIL: gcc.c-torture/execute/va-arg-13.c compilation, -O0
FAIL: gcc.c-torture/execute/va-arg-13.c compilation, -O1
FAIL: gcc.c-torture/execute/va-arg-13.c compilation, -O2
FAIL: gcc.c-torture/execute/va-arg-13.c compilation, -O3 -fomit-frame-pointer
FAIL: gcc.c-torture/execute/va-arg-13.c compilation, -O3 -g
FAIL: gcc.c-torture/execute/va-arg-13.c compilation, -Os
FAIL: gcc.c-torture/noncompile/920616-2.c
FAIL: gcc.c-torture/noncompile/920616-2.c
FAIL: gcc.c-torture/noncompile/920616-2.c
FAIL: gcc.c-torture/noncompile/920616-2.c
FAIL: gcc.c-torture/noncompile/920616-2.c
FAIL: gcc.c-torture/noncompile/920616-2.c
FAIL: gcc.c-torture/noncompile/920616-2.c
FAIL: gcc.c-torture/noncompile/920616-2.c
FAIL: gcc.c-torture/noncompile/921116-1.c
FAIL: gcc.c-torture/noncompile/921116-1.c
FAIL: gcc.c-torture/noncompile/921116-1.c
FAIL: gcc.c-torture/noncompile/921116-1.c
FAIL: gcc.c-torture/noncompile/921116-1.c
FAIL: gcc.c-torture/noncompile/921116-1.c
FAIL: gcc.c-torture/noncompile/921116-1.c
FAIL: gcc.c-torture/noncompile/921116-1.c
FAIL: gcc.dg/cpp-redef-2.c anon varargs (test for warnings, line 15)
=== gcc Summary for unix/-O2 ===
# of expected passes 9245
# of unexpected failures 55
# of expected failures 31
# of unresolved testcases 6
# of unsupported tests 28
Running target unix/-fpic
FAIL: gcc.c-torture/compile/20000105-1.c, -O0
FAIL: gcc.c-torture/compile/20000105-1.c, -O1
FAIL: gcc.c-torture/execute/20000225-1.c execution, -O2
FAIL: gcc.c-torture/execute/20000225-1.c execution, -O3 -fomit-frame-pointer
FAIL: gcc.c-torture/execute/20000225-1.c execution, -O3 -fomit-frame-pointer -funroll-loops
FAIL: gcc.c-torture/execute/20000225-1.c execution, -O3 -fomit-frame-pointer -funroll-all-loops -finline-functions
FAIL: gcc.c-torture/execute/20000225-1.c execution, -O3 -g
FAIL: gcc.c-torture/execute/20000225-1.c execution, -Os
FAIL: gcc.c-torture/execute/920428-2.c execution, -O0
FAIL: gcc.c-torture/execute/920428-2.c execution, -O1
FAIL: gcc.c-torture/execute/920428-2.c execution, -O2
FAIL: gcc.c-torture/execute/920428-2.c execution, -O3 -fomit-frame-pointer
FAIL: gcc.c-torture/execute/920428-2.c execution, -O3 -g
FAIL: gcc.c-torture/execute/920428-2.c execution, -Os
FAIL: gcc.c-torture/execute/920501-7.c execution, -O0
FAIL: gcc.c-torture/execute/920501-7.c execution, -O1
FAIL: gcc.c-torture/execute/920501-7.c execution, -O2
FAIL: gcc.c-torture/execute/920501-7.c execution, -O3 -fomit-frame-pointer
FAIL: gcc.c-torture/execute/920501-7.c execution, -O3 -g
FAIL: gcc.c-torture/execute/920501-7.c execution, -Os
FAIL: gcc.c-torture/execute/991202-3.c execution, -O0
FAIL: gcc.c-torture/execute/991202-3.c execution, -O1
FAIL: gcc.c-torture/execute/991202-3.c execution, -O2
FAIL: gcc.c-torture/execute/991202-3.c execution, -O3 -fomit-frame-pointer
FAIL: gcc.c-torture/execute/991202-3.c execution, -O3 -g
FAIL: gcc.c-torture/execute/991202-3.c execution, -Os
FAIL: gcc.c-torture/execute/991221-1.c execution, -O1
FAIL: gcc.c-torture/execute/991221-1.c execution, -O2
FAIL: gcc.c-torture/execute/991221-1.c execution, -O3 -fomit-frame-pointer
FAIL: gcc.c-torture/execute/991221-1.c execution, -O3 -g
FAIL: gcc.c-torture/execute/991221-1.c execution, -Os
FAIL: gcc.c-torture/execute/va-arg-13.c compilation, -O0
FAIL: gcc.c-torture/execute/va-arg-13.c compilation, -O1
FAIL: gcc.c-torture/execute/va-arg-13.c compilation, -O2
FAIL: gcc.c-torture/execute/va-arg-13.c compilation, -O3 -fomit-frame-pointer
FAIL: gcc.c-torture/execute/va-arg-13.c compilation, -O3 -g
FAIL: gcc.c-torture/execute/va-arg-13.c compilation, -Os
FAIL: gcc.c-torture/noncompile/920616-2.c
FAIL: gcc.c-torture/noncompile/920616-2.c
FAIL: gcc.c-torture/noncompile/920616-2.c
FAIL: gcc.c-torture/noncompile/920616-2.c
FAIL: gcc.c-torture/noncompile/920616-2.c
FAIL: gcc.c-torture/noncompile/920616-2.c
FAIL: gcc.c-torture/noncompile/920616-2.c
FAIL: gcc.c-torture/noncompile/920616-2.c
FAIL: gcc.c-torture/noncompile/921116-1.c
FAIL: gcc.c-torture/noncompile/921116-1.c
FAIL: gcc.c-torture/noncompile/921116-1.c
FAIL: gcc.c-torture/noncompile/921116-1.c
FAIL: gcc.c-torture/noncompile/921116-1.c
FAIL: gcc.c-torture/noncompile/921116-1.c
FAIL: gcc.c-torture/noncompile/921116-1.c
FAIL: gcc.c-torture/noncompile/921116-1.c
FAIL: gcc.dg/cpp-redef-2.c anon varargs (test for warnings, line 15)
=== gcc Summary for unix/-fpic ===
# of expected passes 9246
# of unexpected failures 54
# of expected failures 31
# of unresolved testcases 6
# of unsupported tests 28
Running target unix/-fPIC
FAIL: gcc.c-torture/compile/20000105-1.c, -O0
FAIL: gcc.c-torture/compile/20000105-1.c, -O1
FAIL: gcc.c-torture/execute/20000225-1.c execution, -O2
FAIL: gcc.c-torture/execute/20000225-1.c execution, -O3 -fomit-frame-pointer
FAIL: gcc.c-torture/execute/20000225-1.c execution, -O3 -fomit-frame-pointer -funroll-loops
FAIL: gcc.c-torture/execute/20000225-1.c execution, -O3 -fomit-frame-pointer -funroll-all-loops -finline-functions
FAIL: gcc.c-torture/execute/20000225-1.c execution, -O3 -g
FAIL: gcc.c-torture/execute/20000225-1.c execution, -Os
FAIL: gcc.c-torture/execute/920428-2.c execution, -O0
FAIL: gcc.c-torture/execute/920428-2.c execution, -O1
FAIL: gcc.c-torture/execute/920428-2.c execution, -O2
FAIL: gcc.c-torture/execute/920428-2.c execution, -O3 -fomit-frame-pointer
FAIL: gcc.c-torture/execute/920428-2.c execution, -O3 -g
FAIL: gcc.c-torture/execute/920428-2.c execution, -Os
FAIL: gcc.c-torture/execute/920501-7.c execution, -O0
FAIL: gcc.c-torture/execute/920501-7.c execution, -O1
FAIL: gcc.c-torture/execute/920501-7.c execution, -O2
FAIL: gcc.c-torture/execute/920501-7.c execution, -O3 -fomit-frame-pointer
FAIL: gcc.c-torture/execute/920501-7.c execution, -O3 -g
FAIL: gcc.c-torture/execute/920501-7.c execution, -Os
FAIL: gcc.c-torture/execute/991202-3.c execution, -O0
FAIL: gcc.c-torture/execute/991202-3.c execution, -O1
FAIL: gcc.c-torture/execute/991202-3.c execution, -O2
FAIL: gcc.c-torture/execute/991202-3.c execution, -O3 -fomit-frame-pointer
FAIL: gcc.c-torture/execute/991202-3.c execution, -O3 -g
FAIL: gcc.c-torture/execute/991202-3.c execution, -Os
FAIL: gcc.c-torture/execute/991221-1.c execution, -O1
FAIL: gcc.c-torture/execute/991221-1.c execution, -O2
FAIL: gcc.c-torture/execute/991221-1.c execution, -O3 -fomit-frame-pointer
FAIL: gcc.c-torture/execute/991221-1.c execution, -O3 -g
FAIL: gcc.c-torture/execute/991221-1.c execution, -Os
FAIL: gcc.c-torture/execute/va-arg-13.c compilation, -O0
FAIL: gcc.c-torture/execute/va-arg-13.c compilation, -O1
FAIL: gcc.c-torture/execute/va-arg-13.c compilation, -O2
FAIL: gcc.c-torture/execute/va-arg-13.c compilation, -O3 -fomit-frame-pointer
FAIL: gcc.c-torture/execute/va-arg-13.c compilation, -O3 -g
FAIL: gcc.c-torture/execute/va-arg-13.c compilation, -Os
FAIL: gcc.c-torture/noncompile/920616-2.c
FAIL: gcc.c-torture/noncompile/920616-2.c
FAIL: gcc.c-torture/noncompile/920616-2.c
FAIL: gcc.c-torture/noncompile/920616-2.c
FAIL: gcc.c-torture/noncompile/920616-2.c
FAIL: gcc.c-torture/noncompile/920616-2.c
FAIL: gcc.c-torture/noncompile/920616-2.c
FAIL: gcc.c-torture/noncompile/920616-2.c
FAIL: gcc.c-torture/noncompile/921116-1.c
FAIL: gcc.c-torture/noncompile/921116-1.c
FAIL: gcc.c-torture/noncompile/921116-1.c
FAIL: gcc.c-torture/noncompile/921116-1.c
FAIL: gcc.c-torture/noncompile/921116-1.c
FAIL: gcc.c-torture/noncompile/921116-1.c
FAIL: gcc.c-torture/noncompile/921116-1.c
FAIL: gcc.c-torture/noncompile/921116-1.c
FAIL: gcc.dg/cpp-redef-2.c anon varargs (test for warnings, line 15)
=== gcc Summary for unix/-fPIC ===
# of expected passes 9246
# of unexpected failures 54
# of expected failures 31
# of unresolved testcases 6
# of unsupported tests 28
Running target unix
FAIL: gcc.c-torture/compile/20000105-1.c, -O0
FAIL: gcc.c-torture/compile/20000105-1.c, -O1
FAIL: gcc.c-torture/execute/20000225-1.c execution, -O2
FAIL: gcc.c-torture/execute/20000225-1.c execution, -O3 -fomit-frame-pointer
FAIL: gcc.c-torture/execute/20000225-1.c execution, -O3 -fomit-frame-pointer -funroll-loops
FAIL: gcc.c-torture/execute/20000225-1.c execution, -O3 -fomit-frame-pointer -funroll-all-loops -finline-functions
FAIL: gcc.c-torture/execute/20000225-1.c execution, -O3 -g
FAIL: gcc.c-torture/execute/20000225-1.c execution, -Os
FAIL: gcc.c-torture/execute/920428-2.c execution, -O0
FAIL: gcc.c-torture/execute/920428-2.c execution, -O1
FAIL: gcc.c-torture/execute/920428-2.c execution, -O2
FAIL: gcc.c-torture/execute/920428-2.c execution, -O3 -fomit-frame-pointer
FAIL: gcc.c-torture/execute/920428-2.c execution, -O3 -g
FAIL: gcc.c-torture/execute/920428-2.c execution, -Os
FAIL: gcc.c-torture/execute/920501-7.c execution, -O0
FAIL: gcc.c-torture/execute/920501-7.c execution, -O1
FAIL: gcc.c-torture/execute/920501-7.c execution, -O2
FAIL: gcc.c-torture/execute/920501-7.c execution, -O3 -fomit-frame-pointer
FAIL: gcc.c-torture/execute/920501-7.c execution, -O3 -g
FAIL: gcc.c-torture/execute/920501-7.c execution, -Os
FAIL: gcc.c-torture/execute/991202-3.c execution, -O0
FAIL: gcc.c-torture/execute/991202-3.c execution, -O1
FAIL: gcc.c-torture/execute/991202-3.c execution, -O2
FAIL: gcc.c-torture/execute/991202-3.c execution, -O3 -fomit-frame-pointer
FAIL: gcc.c-torture/execute/991202-3.c execution, -O3 -g
FAIL: gcc.c-torture/execute/991202-3.c execution, -Os
FAIL: gcc.c-torture/execute/991221-1.c execution, -O1
FAIL: gcc.c-torture/execute/991221-1.c execution, -O2
FAIL: gcc.c-torture/execute/991221-1.c execution, -O3 -fomit-frame-pointer
FAIL: gcc.c-torture/execute/991221-1.c execution, -O3 -g
FAIL: gcc.c-torture/execute/991221-1.c execution, -Os
FAIL: gcc.c-torture/execute/va-arg-13.c compilation, -O0
FAIL: gcc.c-torture/execute/va-arg-13.c compilation, -O1
FAIL: gcc.c-torture/execute/va-arg-13.c compilation, -O2
FAIL: gcc.c-torture/execute/va-arg-13.c compilation, -O3 -fomit-frame-pointer
FAIL: gcc.c-torture/execute/va-arg-13.c compilation, -O3 -g
FAIL: gcc.c-torture/execute/va-arg-13.c compilation, -Os
FAIL: gcc.c-torture/noncompile/920616-2.c
FAIL: gcc.c-torture/noncompile/920616-2.c
FAIL: gcc.c-torture/noncompile/920616-2.c
FAIL: gcc.c-torture/noncompile/920616-2.c
FAIL: gcc.c-torture/noncompile/920616-2.c
FAIL: gcc.c-torture/noncompile/920616-2.c
FAIL: gcc.c-torture/noncompile/920616-2.c
FAIL: gcc.c-torture/noncompile/920616-2.c
FAIL: gcc.c-torture/noncompile/921116-1.c
FAIL: gcc.c-torture/noncompile/921116-1.c
FAIL: gcc.c-torture/noncompile/921116-1.c
FAIL: gcc.c-torture/noncompile/921116-1.c
FAIL: gcc.c-torture/noncompile/921116-1.c
FAIL: gcc.c-torture/noncompile/921116-1.c
FAIL: gcc.c-torture/noncompile/921116-1.c
FAIL: gcc.c-torture/noncompile/921116-1.c
FAIL: gcc.dg/cpp-redef-2.c anon varargs (test for warnings, line 15)
=== gcc Summary for unix ===
# of expected passes 9246
# of unexpected failures 54
# of expected failures 31
# of unresolved testcases 6
# of unsupported tests 28
=== gcc Summary ===
# of expected passes 36983
# of unexpected failures 217
# of expected failures 124
# of unresolved testcases 24
# of unsupported tests 112
/home/fsirl/obj/gccm/gcc/xgcc version 2.96 20000313 (experimental)
=== g++ tests ===
Running target unix/-O2
FAIL: g++.bugs/900205_03.C (test for errors, line 28)
FAIL: g++.bugs/900205_03.C (test for errors, line 31)
XPASS: g++.jason/template18.C (test for excess errors)
XPASS: g++.jason/template18.C Execution test
FAIL: g++.law/operators17.C (test for errors, line 11)
FAIL: g++.oliva/template7.C caused compiler crash
FAIL: g++.pt/friend32.C caused compiler crash
FAIL: g++.pt/memtemp64.C caused compiler crash
FAIL: g++.pt/memtemp89.C caused compiler crash
FAIL: g++.robertl/ice990323-3.C caused compiler crash
FAIL: g++.robertl/ice990323-4.C caused compiler crash
FAIL: g++.robertl/ice990323-5.C caused compiler crash
=== g++ Summary for unix/-O2 ===
# of expected passes 5774
# of unexpected failures 10
# of unexpected successes 2
# of expected failures 88
# of untested testcases 18
Running target unix/-fpic
FAIL: g++.oliva/template7.C caused compiler crash
FAIL: g++.pt/friend32.C caused compiler crash
FAIL: g++.pt/memtemp64.C caused compiler crash
FAIL: g++.pt/memtemp89.C caused compiler crash
FAIL: g++.robertl/ice990323-3.C caused compiler crash
FAIL: g++.robertl/ice990323-4.C caused compiler crash
FAIL: g++.robertl/ice990323-5.C caused compiler crash
=== g++ Summary for unix/-fpic ===
# of expected passes 5777
# of unexpected failures 7
# of expected failures 90
# of untested testcases 18
Running target unix/-fPIC
FAIL: g++.oliva/template7.C caused compiler crash
FAIL: g++.pt/friend32.C caused compiler crash
FAIL: g++.pt/memtemp64.C caused compiler crash
FAIL: g++.pt/memtemp89.C caused compiler crash
FAIL: g++.robertl/ice990323-3.C caused compiler crash
FAIL: g++.robertl/ice990323-4.C caused compiler crash
FAIL: g++.robertl/ice990323-5.C caused compiler crash
=== g++ Summary for unix/-fPIC ===
# of expected passes 5777
# of unexpected failures 7
# of expected failures 90
# of untested testcases 18
Running target unix
FAIL: g++.oliva/template7.C caused compiler crash
FAIL: g++.pt/friend32.C caused compiler crash
FAIL: g++.pt/memtemp64.C caused compiler crash
FAIL: g++.pt/memtemp89.C caused compiler crash
FAIL: g++.robertl/ice990323-3.C caused compiler crash
FAIL: g++.robertl/ice990323-4.C caused compiler crash
FAIL: g++.robertl/ice990323-5.C caused compiler crash
=== g++ Summary for unix ===
# of expected passes 5777
# of unexpected failures 7
# of expected failures 90
# of untested testcases 18
=== g++ Summary ===
# of expected passes 23105
# of unexpected failures 31
# of unexpected successes 2
# of expected failures 358
# of untested testcases 72
/home/fsirl/obj/gccm/gcc/testsuite/../g++ version 2.96 20000313 (experimental)
=== g77 tests ===
Running target unix/-O2
FAIL: g77.f-torture/execute/19990325-0.f compilation, -O0
FAIL: g77.f-torture/execute/19990325-0.f compilation, -O1
FAIL: g77.f-torture/execute/19990325-0.f compilation, -O2
FAIL: g77.f-torture/execute/19990325-0.f compilation, -O2 -fomit-frame-pointer -finline-functions
FAIL: g77.f-torture/execute/19990325-0.f compilation, -Os
FAIL: g77.f-torture/execute/19990325-1.f compilation, -O0
FAIL: g77.f-torture/execute/19990325-1.f compilation, -O1
FAIL: g77.f-torture/execute/19990325-1.f compilation, -O2
FAIL: g77.f-torture/execute/19990325-1.f compilation, -O2 -fomit-frame-pointer -finline-functions
FAIL: g77.f-torture/execute/19990325-1.f compilation, -Os
=== g77 Summary for unix/-O2 ===
# of expected passes 644
# of unexpected failures 10
# of untested testcases 10
Running target unix/-fpic
FAIL: g77.f-torture/execute/19990325-0.f compilation, -O0
FAIL: g77.f-torture/execute/19990325-0.f compilation, -O1
FAIL: g77.f-torture/execute/19990325-0.f compilation, -O2
FAIL: g77.f-torture/execute/19990325-0.f compilation, -O2 -fomit-frame-pointer -finline-functions
FAIL: g77.f-torture/execute/19990325-0.f compilation, -Os
FAIL: g77.f-torture/execute/19990325-1.f compilation, -O0
FAIL: g77.f-torture/execute/19990325-1.f compilation, -O1
FAIL: g77.f-torture/execute/19990325-1.f compilation, -O2
FAIL: g77.f-torture/execute/19990325-1.f compilation, -O2 -fomit-frame-pointer -finline-functions
FAIL: g77.f-torture/execute/19990325-1.f compilation, -Os
=== g77 Summary for unix/-fpic ===
# of expected passes 644
# of unexpected failures 10
# of untested testcases 10
Running target unix/-fPIC
FAIL: g77.f-torture/execute/19990325-0.f compilation, -O0
FAIL: g77.f-torture/execute/19990325-0.f compilation, -O1
FAIL: g77.f-torture/execute/19990325-0.f compilation, -O2
FAIL: g77.f-torture/execute/19990325-0.f compilation, -O2 -fomit-frame-pointer -finline-functions
FAIL: g77.f-torture/execute/19990325-0.f compilation, -Os
FAIL: g77.f-torture/execute/19990325-1.f compilation, -O0
FAIL: g77.f-torture/execute/19990325-1.f compilation, -O1
FAIL: g77.f-torture/execute/19990325-1.f compilation, -O2
FAIL: g77.f-torture/execute/19990325-1.f compilation, -O2 -fomit-frame-pointer -finline-functions
FAIL: g77.f-torture/execute/19990325-1.f compilation, -Os
=== g77 Summary for unix/-fPIC ===
# of expected passes 644
# of unexpected failures 10
# of untested testcases 10
Running target unix
FAIL: g77.f-torture/execute/19990325-0.f compilation, -O0
FAIL: g77.f-torture/execute/19990325-0.f compilation, -O1
FAIL: g77.f-torture/execute/19990325-0.f compilation, -O2
FAIL: g77.f-torture/execute/19990325-0.f compilation, -O2 -fomit-frame-pointer -finline-functions
FAIL: g77.f-torture/execute/19990325-0.f compilation, -Os
FAIL: g77.f-torture/execute/19990325-1.f compilation, -O0
FAIL: g77.f-torture/execute/19990325-1.f compilation, -O1
FAIL: g77.f-torture/execute/19990325-1.f compilation, -O2
FAIL: g77.f-torture/execute/19990325-1.f compilation, -O2 -fomit-frame-pointer -finline-functions
FAIL: g77.f-torture/execute/19990325-1.f compilation, -Os
=== g77 Summary for unix ===
# of expected passes 644
# of unexpected failures 10
# of untested testcases 10
=== g77 Summary ===
# of expected passes 2576
# of unexpected failures 40
# of untested testcases 40
=== objc tests ===
Running target unix/-O2
=== objc Summary for unix/-O2 ===
# of expected passes 38
Running target unix/-fpic
=== objc Summary for unix/-fpic ===
# of expected passes 38
Running target unix/-fPIC
=== objc Summary for unix/-fPIC ===
# of expected passes 38
Running target unix
=== objc Summary for unix ===
# of expected passes 38
=== objc Summary ===
# of expected passes 152
/home/fsirl/obj/gccm/gcc/xgcc version 2.96 20000313 (experimental)
Compiler version: 2.96 20000313 (experimental)
Platform: powerpc-redhat-linux-gnu
configure flags: --with-gcc-version-trigger=/home/fsirl/cvsx/gccm/gcc/version.c --host=ppc-redhat-linux --prefix=/home/fsirl/gnubin --enable-shared --enable-threads --disable-subdir-texinfo --enable-checking=gc,misc,tree --norecursion