This is the mail archive of the
gcc-testresults@gcc.gnu.org
mailing list for the GCC project.
Results for 2.96 20000306 (experimental) testsuite oni586-pc-cygwin32
- To: gcc-testresults at gcc dot gnu dot org
- Subject: Results for 2.96 20000306 (experimental) testsuite oni586-pc-cygwin32
- From: N8TM at aol dot com
- Date: Wed, 8 Mar 2000 00:53:24 EST
Native configuration is i586-pc-cygwin32
=== g77 tests ===
Running target unix
FAIL: g77.f-torture/execute/19990325-0.f compilation, -O0
FAIL: g77.f-torture/execute/19990325-0.f compilation, -O1
FAIL: g77.f-torture/execute/19990325-0.f compilation, -O2
FAIL: g77.f-torture/execute/19990325-0.f compilation, -O2 -fomit-frame-pointer -finline-functions
FAIL: g77.f-torture/execute/19990325-0.f compilation, -Os
FAIL: g77.f-torture/execute/19990325-1.f compilation, -O0
FAIL: g77.f-torture/execute/19990325-1.f compilation, -O1
FAIL: g77.f-torture/execute/19990325-1.f compilation, -O2
FAIL: g77.f-torture/execute/19990325-1.f compilation, -O2 -fomit-frame-pointer -finline-functions
FAIL: g77.f-torture/execute/19990325-1.f compilation, -Os
=== g77 Summary ===
# of expected passes 644
# of unexpected failures 10
# of untested testcases 10
=== gcc tests ===
Running target unix
FAIL: gcc.c-torture/compile/20000105-1.c, -O0
FAIL: gcc.c-torture/compile/20000105-1.c, -O1
FAIL: gcc.c-torture/compile/labels-2.c, -O2
FAIL: gcc.c-torture/compile/labels-2.c, -O3 -fomit-frame-pointer
FAIL: gcc.c-torture/compile/labels-2.c, -O3 -g
FAIL: gcc.c-torture/execute/ieee/fp-cmp-4.c compilation, -O0
FAIL: gcc.c-torture/execute/ieee/fp-cmp-4.c compilation, -O1
FAIL: gcc.c-torture/execute/ieee/fp-cmp-4.c compilation, -O2
FAIL: gcc.c-torture/execute/ieee/fp-cmp-4.c compilation, -O3 -fomit-frame-pointer
FAIL: gcc.c-torture/execute/ieee/fp-cmp-4.c compilation, -O3 -fomit-frame-pointer -funroll-loops
FAIL: gcc.c-torture/execute/ieee/fp-cmp-4.c compilation, -O3 -fomit-frame-pointer -funroll-all-loops -finline-functions
FAIL: gcc.c-torture/execute/ieee/fp-cmp-4.c compilation, -O3 -g
FAIL: gcc.c-torture/execute/ieee/fp-cmp-4.c compilation, -Os
XPASS: gcc.c-torture/execute/memcheck/blkarg.c execution, -O0
XPASS: gcc.c-torture/execute/memcheck/blkarg.c execution, -O1
XPASS: gcc.c-torture/execute/memcheck/blkarg.c execution, -O2
XPASS: gcc.c-torture/execute/memcheck/blkarg.c execution, -O3 -fomit-frame-pointer
XPASS: gcc.c-torture/execute/memcheck/blkarg.c execution, -O3 -g
XPASS: gcc.c-torture/execute/memcheck/blkarg.c execution, -Os
FAIL: gcc.c-torture/noncompile/940510-1.c
FAIL: gcc.c-torture/noncompile/940510-1.c
FAIL: gcc.c-torture/noncompile/940510-1.c
FAIL: gcc.c-torture/noncompile/940510-1.c
FAIL: gcc.c-torture/noncompile/940510-1.c
FAIL: gcc.c-torture/noncompile/940510-1.c
FAIL: gcc.c-torture/noncompile/940510-1.c
FAIL: gcc.c-torture/noncompile/940510-1.c
FAIL: gcc.c-torture/special/981006-1.c (test for excess errors)
FAIL: gcc.dg/990213-2.c (test for excess errors)
FAIL: gcc.dg/990214-1.c (test for excess errors)
FAIL: gcc.dg/991214-1.c (test for excess errors)
FAIL: gcc.dg/cpp-if2.c wide charconst recognition (test for bogus messages, line 9)
FAIL: gcov failed: spawn failed
=== gcc Summary ===
# of expected passes 9288
# of unexpected failures 27
# of unexpected successes 6
# of expected failures 25
# of unresolved testcases 8
# of unsupported tests 16
e:/src/gnu/egcs-20000228/w2k/gcc/xgcc version 2.96 20000306 (experimental)
=== objc tests ===
Running target unix
=== objc Summary ===
# of expected passes 15
e:/src/gnu/egcs-20000228/w2k/gcc/xgcc version 2.96 20000306 (experimental)
Compiler version: 2.96 20000306 (experimental)
Platform: i586-pc-cygwin32
configure flags: --with-gcc-version-trigger=/src/gnu/egcs-20000228/gcc/version.c --prefix=//e/cygnus/cygwin-b20/H-i586-cygwin32 --host=i586-pc-cygwin32 --target=i586-pc-cygwin32 --norecursion
EOF
Mail -s "Results for 2.96 20000306 (experimental) testsuite on i586-pc-cygwin32" gcc-testresults@gcc.gnu.org &&