This is the mail archive of the gcc-testresults@gcc.gnu.org mailing list for the GCC project.


Index Nav: [Date Index] [Subject Index] [Author Index] [Thread Index]
Message Nav: [Date Prev] [Date Next] [Thread Prev] [Thread Next]

Results for 2.96 20000221 (experimental) testsuite on sparc-sun-solaris2.5


Native configuration is sparc-sun-solaris2.5

		=== g++ tests ===


Running target unix
FAIL: g++.dg/special/conpr-1.C execution test
FAIL: g++.dg/special/conpr-2.C execution test
FAIL: g++.dg/special/conpr-3.C execution test
FAIL: g++.dg/special/conpr-3.C execution test
FAIL: g++.ext/initp1.C  Execution test
FAIL: g++.oliva/template7.C caused compiler crash
FAIL: g++.other/vaarg3.C promote (test for errors, line 26)
FAIL: g++.pt/memtemp89.C (test for excess errors)

		=== g++ Summary ===

# of expected passes		5702
# of unexpected failures	8
# of expected failures		93
# of untested testcases		16
/tmp/egcs/gcc/testsuite/../g++ version 2.96 20000221 (experimental)

		=== g77 tests ===


Running target unix

		=== g77 Summary ===

# of expected passes		664
		=== gcc tests ===


Running target unix
FAIL: gcc.c-torture/compile/991229-3.c,  -O3 -fomit-frame-pointer -funroll-loops  
FAIL: gcc.c-torture/compile/991229-3.c,  -O3 -fomit-frame-pointer -funroll-all-loops -finline-functions  
FAIL: gcc.c-torture/compile/20000105-1.c,  -O0  
FAIL: gcc.c-torture/compile/20000105-1.c,  -O1  
FAIL: gcc.c-torture/execute/980205.c execution,  -O0 
FAIL: gcc.c-torture/execute/991202-3.c execution,  -O0 
FAIL: gcc.c-torture/execute/991202-3.c execution,  -O1 
FAIL: gcc.c-torture/execute/991202-3.c execution,  -O2 
FAIL: gcc.c-torture/execute/991202-3.c execution,  -O3 -fomit-frame-pointer 
FAIL: gcc.c-torture/execute/991202-3.c execution,  -O3 -g 
FAIL: gcc.c-torture/execute/991202-3.c execution,  -Os 
FAIL: gcc.c-torture/execute/991221-1.c execution,  -O1 
FAIL: gcc.c-torture/execute/991221-1.c execution,  -O2 
FAIL: gcc.c-torture/execute/991221-1.c execution,  -O3 -fomit-frame-pointer 
FAIL: gcc.c-torture/execute/991221-1.c execution,  -O3 -g 
FAIL: gcc.c-torture/execute/991221-1.c execution,  -Os 
FAIL: gcc.c-torture/execute/ieee/fp-cmp-1.c execution,  -O1 
FAIL: gcc.c-torture/execute/ieee/fp-cmp-1.c execution,  -O2 
FAIL: gcc.c-torture/execute/ieee/fp-cmp-1.c execution,  -O3 -fomit-frame-pointer 
FAIL: gcc.c-torture/execute/ieee/fp-cmp-1.c execution,  -O3 -fomit-frame-pointer -funroll-loops 
FAIL: gcc.c-torture/execute/ieee/fp-cmp-1.c execution,  -O3 -fomit-frame-pointer -funroll-all-loops -finline-functions 
FAIL: gcc.c-torture/execute/ieee/fp-cmp-1.c execution,  -O3 -g 
FAIL: gcc.c-torture/execute/ieee/fp-cmp-1.c execution,  -Os 
FAIL: gcc.c-torture/execute/ieee/fp-cmp-2.c execution,  -O1 
FAIL: gcc.c-torture/execute/ieee/fp-cmp-2.c execution,  -O2 
FAIL: gcc.c-torture/execute/ieee/fp-cmp-2.c execution,  -O3 -fomit-frame-pointer 
FAIL: gcc.c-torture/execute/ieee/fp-cmp-2.c execution,  -O3 -fomit-frame-pointer -funroll-loops 
FAIL: gcc.c-torture/execute/ieee/fp-cmp-2.c execution,  -O3 -fomit-frame-pointer -funroll-all-loops -finline-functions 
FAIL: gcc.c-torture/execute/ieee/fp-cmp-2.c execution,  -O3 -g 
FAIL: gcc.c-torture/execute/ieee/fp-cmp-2.c execution,  -Os 
FAIL: gcc.dg/cpp-if2.c wide charconst recognition (test for bogus messages, line 9)
FAIL: gcc.dg/ultrasp1.c (test for excess errors)

		=== gcc Summary ===

# of expected passes		9136
# of unexpected failures	32
# of expected failures		31
# of unsupported tests		32
/tmp/egcs/gcc/xgcc version 2.96 20000221 (experimental)

		=== libg++ tests ===


Running target unix

		=== libg++ Summary ===

# of expected passes		72
		=== libio tests ===


Running target unix
FAIL: tFile.cc execution 
FAIL: tFile.cc execution -b0
FAIL: tFile.cc execution -b3
FAIL: tfformat.c execution 

		=== libio Summary ===

# of expected passes		33
# of unexpected failures	4
# of expected failures		4
		=== libstdc++ tests ===


Running target unix

		=== libstdc++ Summary ===

# of expected passes		30
		=== objc tests ===


Running target unix
FAIL: objc/execute/bf-1.m compilation,  -O 
FAIL: objc/execute/bf-10.m compilation,  -O 
FAIL: objc/execute/bf-11.m compilation,  -O 
FAIL: objc/execute/bf-12.m compilation,  -O 
FAIL: objc/execute/bf-13.m compilation,  -O 
FAIL: objc/execute/bf-14.m compilation,  -O 
FAIL: objc/execute/bf-15.m compilation,  -O 
FAIL: objc/execute/bf-16.m compilation,  -O 
FAIL: objc/execute/bf-17.m compilation,  -O 
FAIL: objc/execute/bf-18.m compilation,  -O 
FAIL: objc/execute/bf-19.m compilation,  -O 
FAIL: objc/execute/bf-2.m compilation,  -O 
FAIL: objc/execute/bf-3.m compilation,  -O 
FAIL: objc/execute/bf-4.m compilation,  -O 
FAIL: objc/execute/bf-5.m compilation,  -O 
FAIL: objc/execute/bf-6.m compilation,  -O 
FAIL: objc/execute/bf-7.m compilation,  -O 
FAIL: objc/execute/bf-8.m compilation,  -O 
FAIL: objc/execute/bf-9.m compilation,  -O 

		=== objc Summary ===

# of unexpected failures	19
# of untested testcases		19
/tmp/egcs/gcc/xgcc version 2.96 20000221 (experimental)


Compiler version: 2.96 20000221 (experimental) 
Platform: sparc-sun-solaris2.5

BOOT_CFLAGS: -g -O9 -W -Wall

Counting all warnings,
there are 111 warnings in stage3 of this bootstrap.

Number of warnings per file:
     14	/home/phd/oliva/src/egcs/gcc/f/global.c
     10	/home/phd/oliva/src/egcs/gcc/f/storag.c
      8	/home/phd/oliva/src/egcs/libiberty/floatformat.c
      8	/home/phd/oliva/src/egcs/gcc/f/lex.c
      8	/home/phd/oliva/src/egcs/gcc/f/equiv.c
      6	/home/phd/oliva/src/egcs/gcc/f/expr.c
      5	/home/phd/oliva/src/egcs/gcc/java/jcf-write.c
      4	/home/phd/oliva/src/egcs/librx/rx.c
      4	/home/phd/oliva/src/egcs/libiberty/setenv.c
      4	/home/phd/oliva/src/egcs/libiberty/pexecute.c
      4	/home/phd/oliva/src/egcs/libiberty/getopt.c
      4	/home/phd/oliva/src/egcs/libg++/src/AllocRing.cc
      4	/home/phd/oliva/src/egcs/gcc/f/ste.c
      2	str-ot.j
      2	str-1t.j
      2	/home/phd/oliva/src/egcs/libiberty/getruntime.c
      2	/home/phd/oliva/src/egcs/gcc/stor-layout.c
      2	/home/phd/oliva/src/egcs/gcc/reload1.c
      2	/home/phd/oliva/src/egcs/gcc/f/symbol.c
      2	/home/phd/oliva/src/egcs/gcc/f/std.c
      2	/home/phd/oliva/src/egcs/gcc/f/com.c
      2	/home/phd/oliva/src/egcs/gcc/f/bad.c
      1	str-op.j
      1	str-nq.j
      1	str-io.j
      1	str-fo.j
      1	str-2t.j
      1	/home/phd/oliva/src/egcs/gcc/java/gjavah.c
      1	/home/phd/oliva/src/egcs/gcc/ggc-page.c
      1	/home/phd/oliva/src/egcs/gcc/fold-const.c
      1	/home/phd/oliva/src/egcs/gcc/cp/class.c
      1	/home/phd/oliva/src/egcs/gcc/c-decl.c

Number of warning types:
     52	Use of ANSI string concatenation
     14	`long' switch expression not converted to `int' in ANSI C
     11	comparison between signed and unsigned
      9	`???' might be used uninitialized in this function
      8	unused parameter `???'
      4	signed and unsigned type in conditional expression
      4	comparison of distinct pointer types lacks a cast
      4	`???' is not a pointer-to-object type
      3	implicit declaration of function `???'
      2	suggest explicit braces to avoid ambiguous `else'

Index Nav: [Date Index] [Subject Index] [Author Index] [Thread Index]
Message Nav: [Date Prev] [Date Next] [Thread Prev] [Thread Next]